INSERT INTO `erp_audit_log` (`id`, `functionality`, `performed_by`, `performed_datetime`, `changes`, `header_id`, `action`) VALUES
(26770, 7, 27, '2025-12-24 17:24:54', ' CTD  with id: - 40952   ', 0, ''),
(26771, 93, 29, '2025-12-24 17:32:31', ' UTD  Log Out ', 0, ''),
(26772, 92, 29, '2025-12-25 09:22:28', ' UTD  with Login using - ANISH  with IP 2.48.221.17 ', 0, ''),
(26773, 92, 27, '2025-12-25 10:06:12', ' UTD  with Login using - Accounts  with IP 5.38.42.115 ', 0, ''),
(26774, 4, 27, '2025-12-25 10:10:17', ' UTD  with QTN No - 11400   ', 0, ''),
(26775, 5, 27, '2025-12-25 10:10:32', ' CTD  with No: - 901   ', 0, ''),
(26776, 7, 27, '2025-12-25 10:10:41', ' CTD  with id: - 40953   ', 0, ''),
(26777, 92, 5, '2025-12-25 12:02:55', ' UTD  with Login using - HR  with IP 5.38.42.115 ', 0, ''),
(26778, 4, 27, '2025-12-25 15:04:42', ' UTD  with QTN No - 11382   ', 0, ''),
(26779, 5, 27, '2025-12-25 15:05:01', ' CTD  with No: - 902   ', 0, ''),
(26780, 7, 27, '2025-12-25 15:05:12', ' CTD  with id: - 40954   ', 0, ''),
(26781, 4, 27, '2025-12-25 15:06:01', ' UTD  with QTN No - 11390   ', 0, ''),
(26782, 5, 27, '2025-12-25 15:06:17', ' CTD  with No: - 903   ', 0, ''),
(26783, 7, 27, '2025-12-25 15:06:27', ' CTD  with id: - 40955   ', 0, ''),
(26784, 92, 6, '2025-12-26 09:51:37', ' UTD  with Login using - Mamitha  with IP 5.38.41.222 ', 0, ''),
(26785, 92, 27, '2025-12-26 11:49:19', ' UTD  with Login using - Accounts  with IP 5.38.41.222 ', 0, ''),
(26786, 12, 27, '2025-12-26 13:51:05', ' CTD  PO ID - 60719  ', 0, ''),
(26787, 12, 27, '2025-12-26 13:51:10', ' UTD  with APPRVL LVL 3 for No: - 60719  ', 0, ''),
(26788, 13, 27, '2025-12-26 13:51:35', ' CTD  MTRL ID - 631  ', 0, ''),
(26789, 14, 27, '2025-12-26 13:51:49', ' UTD  MTRL ID - 631 for Quality Check  ', 0, ''),
(26790, 15, 27, '2025-12-26 13:52:25', ' CTD  INV No: - 1309  ', 0, ''),
(26791, 9, 27, '2025-12-26 14:10:06', ' CTD  with No: - 281   ', 0, ''),
(26792, 12, 27, '2025-12-26 14:14:41', ' CTD  PO ID - 60720  ', 0, ''),
(26793, 12, 27, '2025-12-26 14:14:45', ' UTD  with APPRVL LVL 3 for No: - 60720  ', 0, ''),
(26794, 13, 27, '2025-12-26 14:15:05', ' CTD  MTRL ID - 632  ', 0, ''),
(26795, 14, 27, '2025-12-26 14:15:19', ' UTD  MTRL ID - 632 for Quality Check  ', 0, ''),
(26796, 15, 27, '2025-12-26 14:15:54', ' CTD  INV No: - 1310  ', 0, ''),
(26797, 18, 27, '2025-12-26 14:22:19', ' UTD  with FP No: - 1358 & Part No: - 1358   ', 0, ''),
(26798, 18, 27, '2025-12-26 14:26:19', ' CTD  with FP No: - 3489 & Part No: - 4600   ', 0, ''),
(26799, 18, 27, '2025-12-26 14:27:16', ' CTD  with FP No: - 3490 & Part No: - 4601   ', 0, ''),
(26800, 18, 27, '2025-12-26 14:29:14', ' CTD  with FP No: - 3491 & Part No: - 4602   ', 0, ''),
(26801, 12, 27, '2025-12-26 14:29:34', ' CTD  PO ID - 60721  ', 0, ''),
(26802, 12, 27, '2025-12-26 14:29:43', ' UTD  with APPRVL LVL 3 for No: - 60721  ', 0, ''),
(26803, 13, 27, '2025-12-26 14:29:59', ' CTD  MTRL ID - 633  ', 0, ''),
(26804, 14, 27, '2025-12-26 14:30:12', ' UTD  MTRL ID - 633 for Quality Check  ', 0, ''),
(26805, 15, 27, '2025-12-26 14:30:45', ' CTD  INV No: - 1311  ', 0, ''),
(26806, 18, 27, '2025-12-26 14:54:02', ' CTD  with FP No: - 3492 & Part No: - 4603   ', 0, ''),
(26807, 12, 27, '2025-12-26 14:59:22', ' CTD  PO ID - 60722  ', 0, ''),
(26808, 12, 27, '2025-12-26 14:59:32', ' UTD  with APPRVL LVL 3 for No: - 60722  ', 0, ''),
(26809, 13, 27, '2025-12-26 15:00:13', ' CTD  MTRL ID - 634  ', 0, ''),
(26810, 14, 27, '2025-12-26 15:00:27', ' UTD  MTRL ID - 634 for Quality Check  ', 0, ''),
(26811, 15, 27, '2025-12-26 15:00:53', ' CTD  INV No: - 1312  ', 0, ''),
(26812, 18, 27, '2025-12-26 15:16:37', ' CTD  with FP No: - 3493 & Part No: - 4604   ', 0, ''),
(26813, 18, 27, '2025-12-26 15:17:03', ' CTD  with FP No: - 3494 & Part No: - 4605   ', 0, ''),
(26814, 12, 27, '2025-12-26 15:20:26', ' CTD  PO ID - 60723  ', 0, ''),
(26815, 12, 27, '2025-12-26 15:20:31', ' UTD  with APPRVL LVL 3 for No: - 60723  ', 0, ''),
(26816, 13, 27, '2025-12-26 15:20:47', ' CTD  MTRL ID - 635  ', 0, ''),
(26817, 14, 27, '2025-12-26 15:20:59', ' UTD  MTRL ID - 635 for Quality Check  ', 0, ''),
(26818, 15, 27, '2025-12-26 15:22:06', ' CTD  INV No: - 1313  ', 0, ''),
(26819, 18, 27, '2025-12-26 15:31:04', ' CTD  with FP No: - 3495 & Part No: - 4606   ', 0, ''),
(26820, 12, 27, '2025-12-26 15:31:17', ' CTD  PO ID - 60724  ', 0, ''),
(26821, 12, 27, '2025-12-26 15:31:23', ' UTD  with APPRVL LVL 3 for No: - 60724  ', 0, ''),
(26822, 13, 27, '2025-12-26 15:31:40', ' CTD  MTRL ID - 636  ', 0, ''),
(26823, 14, 27, '2025-12-26 15:31:57', ' UTD  MTRL ID - 636 for Quality Check  ', 0, ''),
(26824, 15, 27, '2025-12-26 15:32:22', ' CTD  INV No: - 1314  ', 0, ''),
(26825, 12, 27, '2025-12-26 15:37:27', ' CTD  PO ID - 60725  ', 0, ''),
(26826, 12, 27, '2025-12-26 15:37:36', ' UTD  with APPRVL LVL 3 for No: - 60725  ', 0, ''),
(26827, 13, 27, '2025-12-26 15:37:55', ' CTD  MTRL ID - 637  ', 0, ''),
(26828, 14, 27, '2025-12-26 15:38:11', ' UTD  MTRL ID - 637 for Quality Check  ', 0, ''),
(26829, 15, 27, '2025-12-26 15:38:43', ' CTD  INV No: - 1315  ', 0, ''),
(26830, 18, 27, '2025-12-26 15:48:21', ' UTD  with FP No: - 2254 & Part No: - 3421   ', 0, ''),
(26831, 18, 27, '2025-12-26 15:50:00', ' CTD  with FP No: - 3496 & Part No: - 4607   ', 0, ''),
(26832, 18, 27, '2025-12-26 15:50:53', ' CTD  with FP No: - 3497 & Part No: - 4608   ', 0, ''),
(26833, 18, 27, '2025-12-26 15:53:19', ' UTD  with FP No: - 2602 & Part No: - 3757   ', 0, ''),
(26834, 18, 27, '2025-12-26 16:01:15', ' CTD  with FP No: - 3498 & Part No: - 4609   ', 0, ''),
(26835, 12, 27, '2025-12-26 16:02:42', ' CTD  PO ID - 60726  ', 0, ''),
(26836, 12, 27, '2025-12-26 16:02:51', ' UTD  with APPRVL LVL 3 for No: - 60726  ', 0, ''),
(26837, 13, 27, '2025-12-26 16:03:08', ' CTD  MTRL ID - 638  ', 0, ''),
(26838, 14, 27, '2025-12-26 16:03:21', ' UTD  MTRL ID - 638 for Quality Check  ', 0, ''),
(26839, 15, 27, '2025-12-26 16:03:46', ' CTD  INV No: - 1316  ', 0, ''),
(26840, 12, 27, '2025-12-26 16:07:12', ' CTD  PO ID - 60727  ', 0, ''),
(26841, 12, 27, '2025-12-26 16:07:46', ' UTD  with APPRVL LVL 3 for No: - 60727  ', 0, ''),
(26842, 13, 27, '2025-12-26 16:08:03', ' CTD  MTRL ID - 639  ', 0, ''),
(26843, 14, 27, '2025-12-26 16:08:31', ' UTD  MTRL ID - 639 for Quality Check  ', 0, ''),
(26844, 15, 27, '2025-12-26 16:09:25', ' CTD  INV No: - 1317  ', 0, ''),
(26845, 92, 6, '2025-12-27 09:56:09', ' UTD  with Login using - Mamitha  with IP 5.38.42.40 ', 0, ''),
(26846, 92, 27, '2025-12-27 10:18:50', ' UTD  with Login using - Accounts  with IP 5.38.42.40 ', 0, ''),
(26847, 92, 5, '2025-12-27 10:27:19', ' UTD  with Login using - HR  with IP 5.38.42.40 ', 0, ''),
(26848, 22, 6, '2025-12-27 11:39:26', ' UTD  with PKG No: - 20536   ', 0, ''),
(26849, 22, 6, '2025-12-27 12:16:08', ' UTD  with PKG No: - 20536   ', 0, ''),
(26850, 22, 6, '2025-12-27 12:28:02', ' UTD  with PKG No: - 20537   ', 0, ''),
(26851, 22, 6, '2025-12-27 12:59:37', ' UTD  with PKG No: - 20537   ', 0, ''),
(26852, 22, 6, '2025-12-27 14:45:11', ' CTD  with PKG No: - 20538   ', 0, ''),
(26853, 22, 6, '2025-12-27 15:32:07', ' CTD  with PKG No: - 20539   ', 0, ''),
(26854, 92, 6, '2025-12-29 08:50:07', ' UTD  with Login using - Mamitha  with IP 5.38.41.185 ', 0, ''),
(26855, 92, 27, '2025-12-29 09:23:52', ' UTD  with Login using - Accounts  with IP 5.38.41.185 ', 0, ''),
(26856, 92, 29, '2025-12-29 10:42:58', ' UTD  with Login using - ANISH  with IP 2.48.221.17 ', 0, ''),
(26857, 4, 29, '2025-12-29 10:44:35', ' CTD  with QTN No - 11409   ', 0, ''),
(26858, 4, 29, '2025-12-29 10:45:12', ' UTD  with QTN No - 11409   ', 0, ''),
(26859, 4, 29, '2025-12-29 11:07:19', ' CTD  with QTN No - 11410   ', 0, ''),
(26860, 92, 5, '2025-12-29 11:59:43', ' UTD  with Login using - HR  with IP 5.38.41.185 ', 0, ''),
(26861, 4, 27, '2025-12-29 12:52:19', ' UTD  with QTN No - 11365   ', 0, ''),
(26862, 5, 27, '2025-12-29 12:52:36', ' CTD  with No: - 904   ', 0, ''),
(26863, 7, 27, '2025-12-29 12:52:49', ' CTD  with id: - 40956   ', 0, ''),
(26864, 92, 6, '2025-12-29 14:32:29', ' UTD  with Login using - Mamitha  with IP 5.38.41.185 ', 0, ''),
(26865, 22, 6, '2025-12-29 15:02:08', ' CTD  with PKG No: - 20540   ', 0, ''),
(26866, 22, 6, '2025-12-29 15:17:00', ' UTD  with PKG No: - 20540   ', 0, ''),
(26867, 22, 6, '2025-12-29 15:25:40', ' UTD  with PKG No: - 20540   ', 0, ''),
(26868, 22, 6, '2025-12-29 15:45:54', ' CTD  with PKG No: - 20541   ', 0, ''),
(26869, 22, 6, '2025-12-29 16:56:55', ' UTD  with PKG No: - 20541   ', 0, ''),
(26870, 92, 29, '2025-12-29 17:28:42', ' UTD  with Login using - ANISH  with IP 2.48.221.17 ', 0, ''),
(26871, 22, 6, '2025-12-29 17:38:39', ' CTD  with PKG No: - 20542   ', 0, ''),
(26872, 92, 6, '2025-12-30 08:54:36', ' UTD  with Login using - Mamitha  with IP 5.38.41.201 ', 0, ''),
(26873, 92, 27, '2025-12-30 09:11:18', ' UTD  with Login using - Accounts  with IP 5.38.41.201 ', 0, ''),
(26874, 22, 6, '2025-12-30 10:54:11', ' CTD  with PKG No: - 20543   ', 0, ''),
(26875, 22, 6, '2025-12-30 11:07:28', ' UTD  with PKG No: - 20543   ', 0, ''),
(26876, 22, 6, '2025-12-30 11:29:43', ' CTD  with PKG No: - 20544   ', 0, ''),
(26877, 22, 6, '2025-12-30 11:40:35', ' UTD  with PKG No: - 20544   ', 0, ''),
(26878, 22, 6, '2025-12-30 11:59:47', ' UTD  with PKG No: - 20544   ', 0, ''),
(26879, 4, 27, '2025-12-30 12:03:10', ' CTD  with QTN No - 11411   ', 0, ''),
(26880, 4, 27, '2025-12-30 12:03:19', ' UTD  with QTN No - 11411   ', 0, ''),
(26881, 5, 27, '2025-12-30 12:03:36', ' CTD  with No: - 905   ', 0, ''),
(26882, 7, 27, '2025-12-30 12:04:42', ' CTD  with id: - 40957   ', 0, ''),
(26883, 92, 29, '2025-12-30 12:10:52', ' UTD  with Login using - ANISH  with IP 2.48.221.17 ', 0, ''),
(26884, 22, 6, '2025-12-30 12:27:34', ' CTD  with PKG No: - 20545   ', 0, ''),
(26885, 92, 5, '2025-12-30 14:01:08', ' UTD  with Login using - HR  with IP 5.38.41.201 ', 0, ''),
(26886, 92, 6, '2025-12-30 14:35:33', ' UTD  with Login using - Mamitha  with IP 5.38.41.201 ', 0, ''),
(26887, 4, 27, '2025-12-30 15:37:07', ' CTD  with QTN No - 11412   ', 0, ''),
(26888, 4, 27, '2025-12-30 15:38:00', ' CTD  with QTN No - 11413   ', 0, ''),
(26889, 4, 27, '2025-12-30 15:38:45', ' UTD  with QTN No - 11412   ', 0, ''),
(26890, 4, 27, '2025-12-30 15:39:05', ' UTD  with QTN No - 11412   ', 0, ''),
(26891, 22, 6, '2025-12-30 15:59:51', ' UTD  with PKG No: - 20545   ', 0, ''),
(26892, 22, 6, '2025-12-30 17:01:43', ' CTD  with PKG No: - 20546   ', 0, ''),
(26893, 22, 6, '2025-12-30 17:07:31', ' UTD  with PKG No: - 20546   ', 0, ''),
(26894, 22, 6, '2025-12-30 17:16:13', ' UTD  with PKG No: - 20546   ', 0, ''),
(26895, 22, 6, '2025-12-30 17:17:55', ' UTD  with PKG No: - 20543   ', 0, ''),
(26896, 22, 6, '2025-12-30 17:26:17', ' CTD  with PKG No: - 20547   ', 0, ''),
(26897, 92, 6, '2025-12-31 10:04:30', ' UTD  with Login using - Mamitha  with IP 5.192.17.241 ', 0, ''),
(26898, 92, 29, '2025-12-31 10:10:55', ' UTD  with Login using - ANISH  with IP 2.48.221.17 ', 0, ''),
(26899, 1, 29, '2025-12-31 10:12:06', ' CTD  with ID - 363  ', 0, ''),
(26900, 92, 27, '2025-12-31 10:12:34', ' UTD  with Login using - Accounts  with IP 5.192.17.241 ', 0, ''),
(26901, 0, 29, '2025-12-31 10:13:19', ' UTD  with name: - 814   ', 0, ''),
(26902, 4, 29, '2025-12-31 10:14:28', ' CTD  with QTN No - 11414   ', 0, ''),
(26903, 22, 6, '2025-12-31 11:05:55', ' CTD  with PKG No: - 20548   ', 0, ''),
(26904, 22, 6, '2025-12-31 11:35:22', ' CTD  with PKG No: - 20549   ', 0, ''),
(26905, 22, 6, '2025-12-31 11:47:07', ' CTD  with PKG No: - 20550   ', 0, ''),
(26906, 92, 1, '2026-01-01 11:59:34', ' UTD  with Login using - s@dmin26  with IP 59.93.63.97 ', 0, ''),
(26907, 92, 6, '2026-01-02 09:29:24', ' UTD  with Login using - Mamitha  with IP 5.38.41.210 ', 0, ''),
(26908, 92, 27, '2026-01-02 09:31:33', ' UTD  with Login using - Accounts  with IP 5.38.41.210 ', 0, ''),
(26909, 92, 5, '2026-01-02 10:09:52', ' UTD  with Login using - HR  with IP 5.38.41.210 ', 0, ''),
(26910, 92, 29, '2026-01-02 11:21:50', ' UTD  with Login using - ANISH  with IP 2.48.221.17 ', 0, ''),
(26911, 4, 29, '2026-01-02 11:27:20', ' CTD  with QTN No - 11415   ', 0, ''),
(26912, 4, 29, '2026-01-02 11:30:31', ' UTD  with QTN No - 11414   ', 0, ''),
(26913, 92, 29, '2026-01-02 12:40:53', ' UTD  with Login using - ANISH  with IP 2.48.221.17 ', 0, ''),
(26914, 1, 29, '2026-01-02 12:41:57', ' CTD  with ID - 364  ', 0, ''),
(26915, 0, 29, '2026-01-02 12:42:41', ' UTD  with name: - 716   ', 0, ''),
(26916, 4, 29, '2026-01-02 12:44:59', ' CTD  with QTN No - 11416   ', 0, ''),
(26917, 18, 27, '2026-01-02 15:34:18', ' CTD  with FP No: - 3499 & Part No: - 4610   ', 0, ''),
(26918, 12, 27, '2026-01-02 15:35:59', ' CTD  PO ID - 60728  ', 0, ''),
(26919, 12, 27, '2026-01-02 15:36:10', ' UTD  with APPRVL LVL 3 for No: - 60728  ', 0, ''),
(26920, 4, 27, '2026-01-02 15:51:50', ' UTD  with QTN No - 11412   ', 0, ''),
(26921, 4, 27, '2026-01-02 15:52:15', ' UTD  with QTN No - 11412   ', 0, ''),
(26922, 5, 27, '2026-01-02 15:52:45', ' CTD  with No: - 906   ', 0, ''),
(26923, 7, 27, '2026-01-02 15:53:08', ' CTD  with id: - 40958   ', 0, ''),
(26924, 7, 27, '2026-01-02 15:53:31', ' CTD  with id: - 40958   ', 0, ''),
(26925, 4, 27, '2026-01-02 15:57:24', ' UTD  with QTN No - 11413   ', 0, ''),
(26926, 5, 27, '2026-01-02 15:57:56', ' CTD  with No: - 907   ', 0, ''),
(26927, 7, 27, '2026-01-02 15:58:12', ' CTD  with id: - 40959   ', 0, ''),
(26928, 4, 27, '2026-01-02 16:04:42', ' CTD  with QTN No - 11417   ', 0, ''),
(26929, 4, 27, '2026-01-02 16:04:53', ' UTD  with QTN No - 11417   ', 0, ''),
(26930, 5, 27, '2026-01-02 16:05:09', ' CTD  with No: - 908   ', 0, ''),
(26931, 7, 27, '2026-01-02 16:05:28', ' CTD  with id: - 40960   ', 0, ''),
(26932, 4, 27, '2026-01-02 16:08:41', ' CTD  with QTN No - 11418   ', 0, ''),
(26933, 4, 27, '2026-01-02 16:09:03', ' UTD  with QTN No - 11418   ', 0, ''),
(26934, 5, 27, '2026-01-02 16:09:24', ' CTD  with No: - 909   ', 0, ''),
(26935, 7, 27, '2026-01-02 16:09:46', ' CTD  with id: - 40961   ', 0, ''),
(26936, 4, 27, '2026-01-02 16:14:10', ' CTD  with QTN No - 11419   ', 0, ''),
(26937, 5, 27, '2026-01-02 16:14:29', ' CTD  with No: - 910   ', 0, ''),
(26938, 7, 27, '2026-01-02 16:14:48', ' CTD  with id: - 40962   ', 0, ''),
(26939, 4, 27, '2026-01-02 16:16:56', ' CTD  with QTN No - 11420   ', 0, ''),
(26940, 5, 27, '2026-01-02 16:17:11', ' CTD  with No: - 911   ', 0, ''),
(26941, 7, 27, '2026-01-02 16:17:28', ' CTD  with id: - 40963   ', 0, ''),
(26942, 92, 6, '2026-01-03 10:14:12', ' UTD  with Login using - Mamitha  with IP 5.38.43.126 ', 0, ''),
(26943, 92, 5, '2026-01-03 10:19:01', ' UTD  with Login using - HR  with IP 5.38.43.126 ', 0, ''),
(26944, 93, 5, '2026-01-03 11:41:02', ' UTD  Log Out ', 0, ''),
(26945, 92, 11, '2026-01-03 11:41:19', ' UTD  with Login using - ID002  with IP 5.38.43.126 ', 0, ''),
(26946, 92, 27, '2026-01-03 11:43:26', ' UTD  with Login using - Accounts  with IP 5.38.43.126 ', 0, ''),
(26947, 22, 6, '2026-01-03 11:45:35', ' UTD  with PKG No: - 20541   ', 0, ''),
(26948, 93, 11, '2026-01-03 11:46:53', ' UTD  Log Out ', 0, ''),
(26949, 92, 5, '2026-01-03 11:47:00', ' UTD  with Login using - HR  with IP 5.38.43.126 ', 0, ''),
(26950, 93, 5, '2026-01-03 11:49:57', ' UTD  Log Out ', 0, ''),
(26951, 92, 11, '2026-01-03 11:50:20', ' UTD  with Login using - ID002  with IP 5.38.43.126 ', 0, ''),
(26952, 93, 27, '2026-01-03 11:51:13', ' UTD  Log Out ', 0, ''),
(26953, 92, 5, '2026-01-03 11:51:29', ' UTD  with Login using - HR  with IP 5.38.43.126 ', 0, ''),
(26954, 93, 11, '2026-01-03 11:53:53', ' UTD  Log Out ', 0, ''),
(26955, 92, 27, '2026-01-03 11:55:59', ' UTD  with Login using - Accounts  with IP 5.38.43.126 ', 0, ''),
(26956, 22, 6, '2026-01-03 12:04:14', ' UTD  with PKG No: - 20541   ', 0, ''),
(26957, 93, 5, '2026-01-03 12:05:24', ' UTD  Log Out ', 0, ''),
(26958, 92, 26, '2026-01-03 12:05:31', ' UTD  with Login using - ID009  with IP 5.38.43.126 ', 0, ''),
(26959, 22, 6, '2026-01-03 12:05:32', ' UTD  with PKG No: - 20540   ', 0, ''),
(26960, 22, 6, '2026-01-03 12:06:14', ' UTD  with PKG No: - 20511   ', 0, ''),
(26961, 93, 26, '2026-01-03 12:06:37', ' UTD  Log Out ', 0, ''),
(26962, 92, 2, '2026-01-03 12:07:20', ' UTD  with Login using - Admin  with IP 5.38.43.126 ', 0, ''),
(26963, 93, 2, '2026-01-03 12:08:19', ' UTD  Log Out ', 0, ''),
(26964, 92, 5, '2026-01-03 12:08:25', ' UTD  with Login using - HR  with IP 5.38.43.126 ', 0, ''),
(26965, 22, 6, '2026-01-03 12:12:38', ' UTD  with PKG No: - 20511   ', 0, ''),
(26966, 22, 6, '2026-01-03 12:22:27', ' CTD  with Issue No: - 20511   ', 0, ''),
(26967, 22, 6, '2026-01-03 12:30:14', ' UTD  with PKG No: - 20540   ', 0, ''),
(26968, 22, 6, '2026-01-03 12:30:30', ' CTD  with Issue No: - 20540   ', 0, ''),
(26969, 22, 6, '2026-01-03 12:32:39', ' UTD  with PKG No: - 20541   ', 0, ''),
(26970, 22, 6, '2026-01-03 12:33:54', ' CTD  with Issue No: - 20541   ', 0, ''),
(26971, 22, 6, '2026-01-03 12:37:55', ' UTD  with PKG No: - 20486   ', 0, ''),
(26972, 22, 6, '2026-01-03 12:38:41', ' CTD  with Issue No: - 20486   ', 0, ''),
(26973, 22, 6, '2026-01-03 12:43:00', ' UTD  with PKG No: - 20487   ', 0, ''),
(26974, 22, 6, '2026-01-03 12:43:34', ' CTD  with Issue No: - 20487   ', 0, ''),
(26975, 22, 6, '2026-01-03 13:09:56', ' UTD  with PKG No: - 20537   ', 0, ''),
(26976, 93, 5, '2026-01-03 13:23:08', ' UTD  Log Out ', 0, ''),
(26977, 93, 27, '2026-01-03 13:39:57', ' UTD  Log Out ', 0, ''),
(26978, 22, 6, '2026-01-03 14:21:40', ' CTD  with Issue No: - 20537   ', 0, ''),
(26979, 92, 27, '2026-01-03 14:34:33', ' UTD  with Login using - Accounts  with IP 5.38.41.29 ', 0, ''),
(26980, 16, 27, '2026-01-03 14:48:09', ' CTD  PKG No: - 90035  ', 0, ''),
(26981, 18, 27, '2026-01-03 14:50:26', ' CTD  with FP No: - 3500 & Part No: - 4611   ', 0, ''),
(26982, 18, 27, '2026-01-03 14:51:57', ' CTD  with FP No: - 3501 & Part No: - 4612   ', 0, ''),
(26983, 18, 27, '2026-01-03 14:53:36', ' CTD  with FP No: - 3502 & Part No: - 4613   ', 0, ''),
(26984, 18, 27, '2026-01-03 14:54:54', ' CTD  with FP No: - 3503 & Part No: - 4614   ', 0, ''),
(26985, 18, 27, '2026-01-03 14:56:29', ' UTD  with FP No: - 3503 & Part No: - 4614   ', 0, ''),
(26986, 12, 27, '2026-01-03 15:02:40', ' CTD  PO ID - 60729  ', 0, ''),
(26987, 93, 27, '2026-01-03 15:07:18', ' UTD  Log Out ', 0, ''),
(26988, 22, 6, '2026-01-03 15:16:21', ' UTD  with PKG No: - 20539   ', 0, ''),
(26989, 22, 6, '2026-01-03 15:16:41', ' CTD  with Issue No: - 20539   ', 0, ''),
(26990, 22, 6, '2026-01-03 15:29:25', ' UTD  with PKG No: - 20542   ', 0, ''),
(26991, 22, 6, '2026-01-03 15:30:00', ' CTD  with Issue No: - 20542   ', 0, ''),
(26992, 92, 24, '2026-01-03 15:50:10', ' UTD  with Login using - Bryan  with IP 2.48.221.17 ', 0, ''),
(26993, 4, 24, '2026-01-03 16:07:39', ' CTD  with QTN No - 11421   ', 0, ''),
(26994, 92, 6, '2026-01-05 08:59:13', ' UTD  with Login using - Mamitha  with IP 5.38.40.251 ', 0, ''),
(26995, 92, 27, '2026-01-05 10:40:02', ' UTD  with Login using - Accounts  with IP 5.38.40.251 ', 0, ''),
(26996, 92, 29, '2026-01-05 10:57:16', ' UTD  with Login using - ANISH  with IP 2.48.221.17 ', 0, ''),
(26997, 4, 29, '2026-01-05 10:58:33', ' CTD  with QTN No - 11422   ', 0, ''),
(26998, 18, 27, '2026-01-05 11:09:41', ' CTD  with FP No: - 3504 & Part No: - 4615   ', 0, ''),
(26999, 18, 27, '2026-01-05 11:12:44', ' CTD  with FP No: - 3505 & Part No: - 4616   ', 0, ''),
(27000, 18, 27, '2026-01-05 11:14:10', ' CTD  with FP No: - 3506 & Part No: - 4617   ', 0, ''),
(27001, 18, 27, '2026-01-05 11:16:26', ' CTD  with FP No: - 3507 & Part No: - 4618   ', 0, ''),
(27002, 18, 27, '2026-01-05 11:18:11', ' CTD  with FP No: - 3508 & Part No: - 4619   ', 0, ''),
(27003, 18, 27, '2026-01-05 11:19:34', ' CTD  with FP No: - 3509 & Part No: - 4620   ', 0, ''),
(27004, 18, 27, '2026-01-05 11:21:13', ' CTD  with FP No: - 3510 & Part No: - 4621   ', 0, ''),
(27005, 18, 27, '2026-01-05 11:23:32', ' CTD  with FP No: - 3511 & Part No: - 4622   ', 0, ''),
(27006, 12, 27, '2026-01-05 11:27:07', ' UTD  PO ID - 60729  ', 0, ''),
(27007, 12, 27, '2026-01-05 11:27:31', ' UTD  with APPRVL LVL 3 for No: - 60729  ', 0, ''),
(27008, 13, 27, '2026-01-05 11:27:53', ' CTD  MTRL ID - 640  ', 0, ''),
(27009, 14, 27, '2026-01-05 11:28:08', ' UTD  MTRL ID - 640 for Quality Check  ', 0, ''),
(27010, 15, 27, '2026-01-05 11:29:25', ' CTD  INV No: - 1318  ', 0, ''),
(27011, 4, 6, '2026-01-05 11:31:30', ' UTD  with QTN No - 11343   ', 0, ''),
(27012, 4, 6, '2026-01-05 11:32:55', ' UTD  with QTN No - 11343   ', 0, ''),
(27013, 16, 27, '2026-01-05 11:33:38', ' CTD  PKG No: - 90036  ', 0, ''),
(27014, 4, 6, '2026-01-05 11:33:56', ' UTD  with QTN No - 11343   ', 0, ''),
(27015, 18, 27, '2026-01-05 11:36:28', ' CTD  with FP No: - 3512 & Part No: - 4623   ', 0, ''),
(27016, 12, 27, '2026-01-05 11:36:48', ' CTD  PO ID - 60730  ', 0, ''),
(27017, 12, 27, '2026-01-05 11:36:55', ' UTD  with APPRVL LVL 3 for No: - 60730  ', 0, ''),
(27018, 13, 27, '2026-01-05 11:37:09', ' CTD  MTRL ID - 641  ', 0, ''),
(27019, 14, 27, '2026-01-05 11:37:25', ' UTD  MTRL ID - 641 for Quality Check  ', 0, ''),
(27020, 15, 27, '2026-01-05 11:38:18', ' CTD  INV No: - 1319  ', 0, ''),
(27021, 4, 6, '2026-01-05 11:43:17', ' UTD  with QTN No - 11344   ', 0, ''),
(27022, 92, 1, '2026-01-05 11:47:31', ' UTD  with Login using - s@dmin26  with IP 59.94.231.64 ', 0, ''),
(27023, 18, 27, '2026-01-05 13:46:37', ' CTD  with FP No: - 3513 & Part No: - 4624   ', 0, ''),
(27024, 18, 27, '2026-01-05 13:48:20', ' CTD  with FP No: - 3514 & Part No: - 4625   ', 0, ''),
(27025, 18, 27, '2026-01-05 13:50:07', ' CTD  with FP No: - 3515 & Part No: - 4626   ', 0, ''),
(27026, 18, 27, '2026-01-05 13:51:22', ' CTD  with FP No: - 3516 & Part No: - 4627   ', 0, ''),
(27027, 12, 27, '2026-01-05 13:51:33', ' CTD  PO ID - 60731  ', 0, ''),
(27028, 12, 27, '2026-01-05 13:51:38', ' UTD  with APPRVL LVL 3 for No: - 60731  ', 0, ''),
(27029, 13, 27, '2026-01-05 13:51:57', ' CTD  MTRL ID - 642  ', 0, ''),
(27030, 14, 27, '2026-01-05 13:52:11', ' UTD  MTRL ID - 642 for Quality Check  ', 0, ''),
(27031, 15, 27, '2026-01-05 13:52:50', ' CTD  INV No: - 1320  ', 0, ''),
(27032, 18, 27, '2026-01-05 14:02:36', ' CTD  with FP No: - 3517 & Part No: - 4628   ', 0, ''),
(27033, 18, 27, '2026-01-05 14:03:11', ' CTD  with FP No: - 3518 & Part No: - 4629   ', 0, ''),
(27034, 12, 27, '2026-01-05 14:03:23', ' CTD  PO ID - 60732  ', 0, ''),
(27035, 12, 27, '2026-01-05 14:03:51', ' UTD  with APPRVL LVL 3 for No: - 60732  ', 0, ''),
(27036, 13, 27, '2026-01-05 14:04:11', ' CTD  MTRL ID - 643  ', 0, ''),
(27037, 14, 27, '2026-01-05 14:04:29', ' UTD  MTRL ID - 643 for Quality Check  ', 0, ''),
(27038, 15, 27, '2026-01-05 14:05:03', ' CTD  INV No: - 1321  ', 0, ''),
(27039, 18, 27, '2026-01-05 15:26:33', ' CTD  with FP No: - 3519 & Part No: - 4630   ', 0, ''),
(27040, 18, 27, '2026-01-05 15:27:27', ' CTD  with FP No: - 3520 & Part No: - 4631   ', 0, ''),
(27041, 18, 27, '2026-01-05 15:28:11', ' CTD  with FP No: - 3521 & Part No: - 4632   ', 0, ''),
(27042, 18, 27, '2026-01-05 15:29:24', ' CTD  with FP No: - 3522 & Part No: - 4633   ', 0, ''),
(27043, 18, 27, '2026-01-05 15:31:01', ' CTD  with FP No: - 3523 & Part No: - 4644   ', 0, ''),
(27044, 12, 27, '2026-01-05 15:31:14', ' CTD  PO ID - 60733  ', 0, ''),
(27045, 12, 27, '2026-01-05 15:31:24', ' UTD  with APPRVL LVL 3 for No: - 60733  ', 0, ''),
(27046, 13, 27, '2026-01-05 15:31:51', ' CTD  MTRL ID - 644  ', 0, ''),
(27047, 14, 27, '2026-01-05 15:34:28', ' UTD  MTRL ID - 644 for Quality Check  ', 0, ''),
(27048, 15, 27, '2026-01-05 15:36:29', ' CTD  INV No: - 1322  ', 0, ''),
(27049, 18, 27, '2026-01-05 15:40:11', ' CTD  with FP No: - 3524 & Part No: - 4634   ', 0, ''),
(27050, 12, 27, '2026-01-05 15:40:25', ' CTD  PO ID - 60734  ', 0, ''),
(27051, 12, 27, '2026-01-05 15:40:35', ' UTD  with APPRVL LVL 3 for No: - 60734  ', 0, ''),
(27052, 13, 27, '2026-01-05 15:40:51', ' CTD  MTRL ID - 645  ', 0, ''),
(27053, 14, 27, '2026-01-05 15:41:05', ' UTD  MTRL ID - 645 for Quality Check  ', 0, ''),
(27054, 15, 27, '2026-01-05 15:41:33', ' CTD  INV No: - 1323  ', 0, ''),
(27055, 18, 27, '2026-01-05 16:15:45', ' CTD  with FP No: - 3525 & Part No: - 4635   ', 0, ''),
(27056, 12, 27, '2026-01-05 16:15:58', ' CTD  PO ID - 60735  ', 0, ''),
(27057, 12, 27, '2026-01-05 16:16:07', ' UTD  with APPRVL LVL 3 for No: - 60735  ', 0, ''),
(27058, 13, 27, '2026-01-05 16:16:26', ' CTD  MTRL ID - 646  ', 0, ''),
(27059, 14, 27, '2026-01-05 16:16:37', ' UTD  MTRL ID - 646 for Quality Check  ', 0, ''),
(27060, 15, 27, '2026-01-05 16:17:08', ' CTD  INV No: - 1324  ', 0, ''),
(27061, 18, 27, '2026-01-05 16:22:07', ' CTD  with FP No: - 3526 & Part No: - 4636   ', 0, ''),
(27062, 18, 27, '2026-01-05 16:24:04', ' CTD  with FP No: - 3527 & Part No: - 4637   ', 0, ''),
(27063, 12, 27, '2026-01-05 16:25:30', ' CTD  PO ID - 60736  ', 0, ''),
(27064, 12, 27, '2026-01-05 16:25:37', ' UTD  with APPRVL LVL 3 for No: - 60736  ', 0, ''),
(27065, 13, 27, '2026-01-05 16:26:02', ' CTD  MTRL ID - 647  ', 0, ''),
(27066, 14, 27, '2026-01-05 16:26:14', ' UTD  MTRL ID - 647 for Quality Check  ', 0, ''),
(27067, 15, 27, '2026-01-05 16:27:04', ' CTD  INV No: - 1325  ', 0, ''),
(27068, 92, 5, '2026-01-05 16:29:00', ' UTD  with Login using - HR  with IP 5.38.40.251 ', 0, ''),
(27069, 9, 27, '2026-01-05 16:36:12', ' CTD  with No: - 282   ', 0, ''),
(27070, 18, 27, '2026-01-05 16:40:02', ' CTD  with FP No: - 3528 & Part No: - 4638   ', 0, ''),
(27071, 18, 27, '2026-01-05 16:40:35', ' CTD  with FP No: - 3529 & Part No: - 4639   ', 0, ''),
(27072, 12, 27, '2026-01-05 16:41:03', ' CTD  PO ID - 60737  ', 0, ''),
(27073, 12, 27, '2026-01-05 16:41:13', ' UTD  with APPRVL LVL 3 for No: - 60737  ', 0, ''),
(27074, 13, 27, '2026-01-05 16:41:29', ' CTD  MTRL ID - 648  ', 0, ''),
(27075, 14, 27, '2026-01-05 16:41:43', ' UTD  MTRL ID - 648 for Quality Check  ', 0, ''),
(27076, 15, 27, '2026-01-05 16:42:04', ' CTD  INV No: - 1326  ', 0, ''),
(27077, 18, 27, '2026-01-05 16:46:29', ' CTD  with FP No: - 3530 & Part No: - 4640   ', 0, ''),
(27078, 18, 27, '2026-01-05 16:47:50', ' CTD  with FP No: - 3531 & Part No: - 4641   ', 0, ''),
(27079, 18, 27, '2026-01-05 16:48:51', ' CTD  with FP No: - 3532 & Part No: - 4642   ', 0, ''),
(27080, 18, 27, '2026-01-05 16:50:12', ' CTD  with FP No: - 3533 & Part No: - 4643   ', 0, ''),
(27081, 18, 27, '2026-01-05 16:52:11', ' CTD  with FP No: - 3534 & Part No: - 4645   ', 0, ''),
(27082, 18, 27, '2026-01-05 16:53:17', ' CTD  with FP No: - 3535 & Part No: - 4646   ', 0, ''),
(27083, 18, 27, '2026-01-05 17:00:37', ' CTD  with FP No: - 3536 & Part No: - 4647   ', 0, ''),
(27084, 18, 27, '2026-01-05 17:02:08', ' CTD  with FP No: - 3537 & Part No: - 4648   ', 0, ''),
(27085, 12, 27, '2026-01-05 17:03:05', ' CTD  PO ID - 60738  ', 0, ''),
(27086, 12, 27, '2026-01-05 17:03:39', ' UTD  with APPRVL LVL 3 for No: - 60738  ', 0, ''),
(27087, 13, 27, '2026-01-05 17:04:02', ' CTD  MTRL ID - 649  ', 0, ''),
(27088, 14, 27, '2026-01-05 17:04:14', ' UTD  MTRL ID - 649 for Quality Check  ', 0, ''),
(27089, 15, 27, '2026-01-05 17:04:59', ' CTD  INV No: - 1327  ', 0, ''),
(27090, 18, 27, '2026-01-05 17:09:54', ' CTD  with FP No: - 3538 & Part No: - 4649   ', 0, ''),
(27091, 92, 29, '2026-01-05 17:11:05', ' UTD  with Login using - ANISH  with IP 2.48.221.17 ', 0, ''),
(27092, 18, 27, '2026-01-05 17:12:51', ' CTD  with FP No: - 3539 & Part No: - 4650    ', 0, ''),
(27093, 18, 27, '2026-01-05 17:15:03', ' CTD  with FP No: - 3540 & Part No: - 4651   ', 0, ''),
(27094, 4, 29, '2026-01-05 17:15:23', ' CTD  with QTN No - 11423   ', 0, ''),
(27095, 18, 27, '2026-01-05 17:16:17', ' CTD  with FP No: - 3541 & Part No: - 4652   ', 0, ''),
(27096, 18, 27, '2026-01-05 17:17:37', ' CTD  with FP No: - 3542 & Part No: - 4653   ', 0, ''),
(27097, 18, 27, '2026-01-05 17:19:13', ' CTD  with FP No: - 3543 & Part No: - 4654   ', 0, ''),
(27098, 12, 27, '2026-01-05 17:19:36', ' CTD  PO ID - 60739  ', 0, ''),
(27099, 12, 27, '2026-01-05 17:19:44', ' UTD  with APPRVL LVL 3 for No: - 60739  ', 0, ''),
(27100, 13, 27, '2026-01-05 17:20:02', ' CTD  MTRL ID - 650  ', 0, ''),
(27101, 14, 27, '2026-01-05 17:20:17', ' UTD  MTRL ID - 650 for Quality Check  ', 0, ''),
(27102, 15, 27, '2026-01-05 17:20:56', ' CTD  INV No: - 1328  ', 0, ''),
(27103, 18, 27, '2026-01-05 17:24:35', ' CTD  with FP No: - 3544 & Part No: - 4655   ', 0, ''),
(27104, 12, 27, '2026-01-05 17:24:50', ' CTD  PO ID - 60740  ', 0, ''),
(27105, 12, 27, '2026-01-05 17:25:00', ' UTD  with APPRVL LVL 3 for No: - 60740  ', 0, ''),
(27106, 13, 27, '2026-01-05 17:25:16', ' CTD  MTRL ID - 651  ', 0, ''),
(27107, 14, 27, '2026-01-05 17:25:28', ' UTD  MTRL ID - 651 for Quality Check  ', 0, ''),
(27108, 15, 27, '2026-01-05 17:26:05', ' CTD  INV No: - 1329  ', 0, ''),
(27109, 92, 6, '2026-01-05 17:41:39', ' UTD  with Login using - Mamitha  with IP 5.38.40.251 ', 0, ''),
(27110, 93, 27, '2026-01-05 17:55:21', ' UTD  Log Out ', 0, ''),
(27111, 92, 27, '2026-01-06 09:18:42', ' UTD  with Login using - Accounts  with IP 5.38.41.3 ', 0, ''),
(27112, 18, 27, '2026-01-06 09:21:07', ' CTD  with FP No: - 3545 & Part No: - 4656   ', 0, ''),
(27113, 18, 27, '2026-01-06 09:21:46', ' CTD  with FP No: - 3546 & Part No: - 4657   ', 0, ''),
(27114, 18, 27, '2026-01-06 09:23:02', ' CTD  with FP No: - 3547 & Part No: - 4658   ', 0, ''),
(27115, 18, 27, '2026-01-06 09:23:38', ' CTD  with FP No: - 3548 & Part No: - 4659   ', 0, ''),
(27116, 18, 27, '2026-01-06 09:24:32', ' CTD  with FP No: - 3549 & Part No: - 4660   ', 0, ''),
(27117, 18, 27, '2026-01-06 09:36:18', ' CTD  with FP No: - 3550 & Part No: - 4661   ', 0, ''),
(27118, 18, 27, '2026-01-06 09:37:01', ' UTD  with FP No: - 1614 & Part No: - 1616   ', 0, ''),
(27119, 18, 27, '2026-01-06 09:39:45', ' CTD  with FP No: - 3551 & Part No: - 4662   ', 0, ''),
(27120, 18, 27, '2026-01-06 09:40:37', ' CTD  with FP No: - 3552 & Part No: - 4663   ', 0, ''),
(27121, 12, 27, '2026-01-06 09:52:15', ' CTD  PO ID - 60741  ', 0, ''),
(27122, 12, 27, '2026-01-06 09:52:27', ' UTD  with APPRVL LVL 3 for No: - 60741  ', 0, ''),
(27123, 13, 27, '2026-01-06 09:52:50', ' CTD  MTRL ID - 652  ', 0, ''),
(27124, 14, 27, '2026-01-06 09:53:03', ' UTD  MTRL ID - 652 for Quality Check  ', 0, ''),
(27125, 15, 27, '2026-01-06 09:53:33', ' CTD  INV No: - 1330  ', 0, ''),
(27126, 92, 6, '2026-01-06 09:54:56', ' UTD  with Login using - Mamitha  with IP 5.38.41.3 ', 0, ''),
(27127, 12, 27, '2026-01-06 11:04:48', ' CTD  PO ID - 60742  ', 0, ''),
(27128, 12, 27, '2026-01-06 11:04:55', ' UTD  with APPRVL LVL 3 for No: - 60742  ', 0, ''),
(27129, 4, 27, '2026-01-06 12:47:57', ' UTD  with QTN No - 11410   ', 0, ''),
(27130, 5, 27, '2026-01-06 12:48:15', ' CTD  with No: - 912   ', 0, ''),
(27131, 7, 27, '2026-01-06 12:48:35', ' CTD  with id: - 40964   ', 0, ''),
(27132, 4, 27, '2026-01-06 12:49:35', ' UTD  with QTN No - 11414   ', 0, ''),
(27133, 5, 27, '2026-01-06 12:49:51', ' CTD  with No: - 913   ', 0, ''),
(27134, 7, 27, '2026-01-06 12:50:05', ' CTD  with id: - 40965   ', 0, ''),
(27135, 4, 27, '2026-01-06 12:50:46', ' UTD  with QTN No - 11415   ', 0, ''),
(27136, 5, 27, '2026-01-06 12:51:04', ' CTD  with No: - 914   ', 0, ''),
(27137, 7, 27, '2026-01-06 12:51:19', ' CTD  with id: - 40966   ', 0, ''),
(27138, 5, 27, '2026-01-06 13:09:08', ' CTD  with No: - 915   ', 0, ''),
(27139, 7, 27, '2026-01-06 13:09:36', ' CTD  with id: - 40967   ', 0, ''),
(27140, 92, 29, '2026-01-06 14:11:13', ' UTD  with Login using - ANISH  with IP 2.48.221.17 ', 0, ''),
(27141, 22, 29, '2026-01-06 14:23:39', ' CTD  with PKG No: - 20551   ', 0, ''),
(27142, 22, 29, '2026-01-06 14:23:45', ' CTD  with Issue No: - 20551   ', 0, ''),
(27143, 22, 29, '2026-01-06 14:33:44', ' CTD  with PKG No: - 20552   ', 0, ''),
(27144, 22, 29, '2026-01-06 14:33:49', ' CTD  with Issue No: - 20552   ', 0, ''),
(27145, 22, 29, '2026-01-06 14:51:17', ' CTD  with PKG No: - 20553   ', 0, ''),
(27146, 22, 29, '2026-01-06 14:51:49', ' CTD  with Issue No: - 20553   ', 0, ''),
(27147, 22, 6, '2026-01-06 14:53:00', ' UTD  with PKG No: - 20546   ', 0, ''),
(27148, 22, 29, '2026-01-06 14:58:06', ' CTD  with PKG No: - 20554   ', 0, ''),
(27149, 22, 29, '2026-01-06 14:58:12', ' CTD  with Issue No: - 20554   ', 0, ''),
(27150, 22, 6, '2026-01-06 14:59:56', ' UTD  with PKG No: - 20547   ', 0, ''),
(27151, 22, 6, '2026-01-06 15:06:23', ' UTD  with PKG No: - 20546   ', 0, ''),
(27152, 22, 6, '2026-01-06 15:11:05', ' UTD  with PKG No: - 20546   ', 0, ''),
(27153, 22, 29, '2026-01-06 15:11:55', ' CTD  with PKG No: - 20555   ', 0, ''),
(27154, 22, 29, '2026-01-06 15:12:01', ' CTD  with Issue No: - 20555   ', 0, ''),
(27155, 22, 6, '2026-01-06 15:12:47', ' UTD  with PKG No: - 20547   ', 0, ''),
(27156, 22, 6, '2026-01-06 15:14:00', ' UTD  with PKG No: - 20543   ', 0, ''),
(27157, 22, 29, '2026-01-06 15:19:47', ' CTD  with PKG No: - 20556   ', 0, ''),
(27158, 22, 29, '2026-01-06 15:19:52', ' CTD  with Issue No: - 20556   ', 0, ''),
(27159, 22, 6, '2026-01-06 15:21:08', ' UTD  with PKG No: - 20549   ', 0, ''),
(27160, 22, 6, '2026-01-06 15:22:06', ' UTD  with PKG No: - 20546   ', 0, ''),
(27161, 22, 6, '2026-01-06 15:23:03', ' UTD  with PKG No: - 20547   ', 0, ''),
(27162, 22, 6, '2026-01-06 15:23:39', ' UTD  with PKG No: - 20543   ', 0, ''),
(27163, 22, 29, '2026-01-06 15:24:06', ' CTD  with PKG No: - 20557   ', 0, ''),
(27164, 22, 29, '2026-01-06 15:24:11', ' CTD  with Issue No: - 20557   ', 0, ''),
(27165, 22, 6, '2026-01-06 15:24:30', ' UTD  with PKG No: - 20549   ', 0, ''),
(27166, 22, 6, '2026-01-06 15:26:20', ' UTD  with PKG No: - 20550   ', 0, ''),
(27167, 22, 6, '2026-01-06 15:35:27', ' CTD  with Issue No: - 20543   ', 0, ''),
(27168, 22, 6, '2026-01-06 15:36:32', ' CTD  with Issue No: - 20546   ', 0, ''),
(27169, 22, 6, '2026-01-06 15:37:10', ' CTD  with Issue No: - 20547   ', 0, ''),
(27170, 22, 29, '2026-01-06 15:40:48', ' CTD  with PKG No: - 20558   ', 0, ''),
(27171, 22, 29, '2026-01-06 15:41:57', ' CTD  with Issue No: - 20558   ', 0, ''),
(27172, 22, 29, '2026-01-06 15:47:12', ' CTD  with PKG No: - 20559   ', 0, ''),
(27173, 22, 29, '2026-01-06 15:47:18', ' CTD  with Issue No: - 20559   ', 0, ''),
(27174, 22, 29, '2026-01-06 15:49:42', ' CTD  with PKG No: - 20560   ', 0, ''),
(27175, 22, 29, '2026-01-06 15:50:13', ' CTD  with Issue No: - 20560   ', 0, ''),
(27176, 22, 29, '2026-01-06 15:53:10', ' CTD  with PKG No: - 20561   ', 0, ''),
(27177, 22, 29, '2026-01-06 15:53:17', ' CTD  with Issue No: - 20561   ', 0, ''),
(27178, 22, 29, '2026-01-06 15:58:39', ' CTD  with PKG No: - 20562   ', 0, ''),
(27179, 22, 29, '2026-01-06 15:58:43', ' CTD  with Issue No: - 20562   ', 0, ''),
(27180, 22, 29, '2026-01-06 16:00:41', ' CTD  with PKG No: - 20563   ', 0, ''),
(27181, 22, 29, '2026-01-06 16:01:48', ' CTD  with Issue No: - 20563   ', 0, ''),
(27182, 4, 29, '2026-01-06 16:16:40', ' UTD  with QTN No - 11377   ', 0, ''),
(27183, 15, 27, '2026-01-06 16:51:16', ' CTD  INV No: - 1331  ', 0, ''),
(27184, 12, 27, '2026-01-06 16:53:48', ' UTD  PO ID - 60714  ', 0, ''),
(27185, 22, 29, '2026-01-06 16:55:10', ' CTD  with PKG No: - 20564   ', 0, ''),
(27186, 22, 29, '2026-01-06 16:55:22', ' CTD  with Issue No: - 20564   ', 0, ''),
(27187, 12, 27, '2026-01-06 16:57:21', ' UTD  PO ID - 60714  ', 0, ''),
(27188, 12, 27, '2026-01-06 16:57:29', ' UTD  with APPRVL LVL 3 for No: - 60714  ', 0, ''),
(27189, 22, 29, '2026-01-06 16:59:26', ' CTD  with PKG No: - 20565   ', 0, ''),
(27190, 22, 29, '2026-01-06 17:00:49', ' UTD  with PKG No: - 20565   ', 0, ''),
(27191, 22, 29, '2026-01-06 17:01:05', ' CTD  with Issue No: - 20565   ', 0, ''),
(27192, 15, 27, '2026-01-06 17:02:19', ' CTD  INV No: - 1332  ', 0, ''),
(27193, 22, 29, '2026-01-06 17:03:09', ' CTD  with PKG No: - 20566   ', 0, ''),
(27194, 22, 29, '2026-01-06 17:03:18', ' CTD  with Issue No: - 20566   ', 0, ''),
(27195, 4, 6, '2026-01-06 17:03:43', ' CTD  with QTN No - 11424   ', 0, ''),
(27196, 93, 27, '2026-01-06 17:56:59', ' UTD  Log Out ', 0, ''),
(27197, 92, 6, '2026-01-07 09:14:07', ' UTD  with Login using - Mamitha  with IP 5.38.58.66 ', 0, ''),
(27198, 22, 6, '2026-01-07 10:19:48', ' UTD  with PKG No: - 20545   ', 0, ''),
(27199, 22, 6, '2026-01-07 10:39:37', ' UTD  with PKG No: - 20544   ', 0, ''),
(27200, 92, 5, '2026-01-07 10:40:45', ' UTD  with Login using - HR  with IP 5.38.58.66 ', 0, ''),
(27201, 22, 6, '2026-01-07 10:41:48', ' UTD  with PKG No: - 20545   ', 0, ''),
(27202, 22, 6, '2026-01-07 10:43:52', ' CTD  with Issue No: - 20544   ', 0, ''),
(27203, 22, 6, '2026-01-07 10:46:28', ' UTD  with PKG No: - 20545   ', 0, ''),
(27204, 22, 6, '2026-01-07 10:46:46', ' CTD  with Issue No: - 20545   ', 0, ''),
(27205, 92, 27, '2026-01-07 10:50:32', ' UTD  with Login using - Accounts  with IP 5.38.58.66 ', 0, ''),
(27206, 4, 6, '2026-01-07 10:56:07', ' CTD  with QTN No - 11425   ', 0, ''),
(27207, 4, 27, '2026-01-07 11:03:40', ' UTD  with QTN No - 11424   ', 0, ''),
(27208, 5, 27, '2026-01-07 11:04:01', ' CTD  with No: - 916   ', 0, ''),
(27209, 7, 27, '2026-01-07 11:04:47', ' CTD  with id: - 40968   ', 0, ''),
(27210, 4, 27, '2026-01-07 11:06:28', ' UTD  with QTN No - 11425   ', 0, ''),
(27211, 5, 27, '2026-01-07 11:06:44', ' CTD  with No: - 917   ', 0, ''),
(27212, 7, 27, '2026-01-07 11:07:08', ' CTD  with id: - 40969   ', 0, ''),
(27213, 22, 6, '2026-01-07 14:29:09', ' UTD  with PKG No: - 20548   ', 0, ''),
(27214, 93, 27, '2026-01-07 17:47:07', ' UTD  Log Out ', 0, ''),
(27215, 92, 29, '2026-01-08 09:00:13', ' UTD  with Login using - ANISH  with IP 2.48.221.17 ', 0, ''),
(27216, 4, 29, '2026-01-08 09:02:32', ' CTD  with QTN No - 11426   ', 0, ''),
(27217, 92, 6, '2026-01-08 09:24:38', ' UTD  with Login using - Mamitha  with IP 5.38.42.194 ', 0, ''),
(27218, 92, 27, '2026-01-08 10:06:15', ' UTD  with Login using - Accounts  with IP 5.38.42.194 ', 0, ''),
(27219, 92, 41, '2026-01-08 10:28:10', ' UTD  with Login using - Accounts2  with IP 5.38.42.194 ', 0, ''),
(27220, 92, 41, '2026-01-08 11:11:13', ' UTD  with Login using - Accounts2  with IP 5.38.42.194 ', 0, ''),
(27221, 4, 27, '2026-01-08 11:22:10', ' UTD  with QTN No - 11402   ', 0, ''),
(27222, 5, 27, '2026-01-08 11:23:27', ' CTD  with No: - 918   ', 0, ''),
(27223, 7, 27, '2026-01-08 11:23:38', ' CTD  with id: - 40970   ', 0, ''),
(27224, 92, 5, '2026-01-08 12:04:08', ' UTD  with Login using - HR  with IP 5.38.42.194 ', 0, ''),
(27225, 92, 6, '2026-01-08 15:29:29', ' UTD  with Login using - Mamitha  with IP 5.38.42.194 ', 0, ''),
(27226, 93, 27, '2026-01-08 17:43:59', ' UTD  Log Out ', 0, ''),
(27227, 92, 27, '2026-01-08 17:45:45', ' UTD  with Login using - Accounts  with IP 5.38.42.194 ', 0, ''),
(27228, 4, 27, '2026-01-08 17:46:31', ' UTD  with QTN No - 11426   ', 0, ''),
(27229, 5, 27, '2026-01-08 17:46:44', ' CTD  with No: - 919   ', 0, ''),
(27230, 7, 27, '2026-01-08 17:46:51', ' CTD  with id: - 40971   ', 0, ''),
(27231, 93, 27, '2026-01-08 17:49:56', ' UTD  Log Out ', 0, ''),
(27232, 92, 6, '2026-01-09 09:31:40', ' UTD  with Login using - Mamitha  with IP 5.38.41.216 ', 0, ''),
(27233, 92, 41, '2026-01-09 10:00:13', ' UTD  with Login using - Accounts2  with IP 5.38.41.216 ', 0, ''),
(27234, 22, 6, '2026-01-09 10:12:53', ' UTD  with PKG No: - 20548   ', 0, ''),
(27235, 22, 6, '2026-01-09 10:13:24', ' CTD  with Issue No: - 20548   ', 0, ''),
(27236, 92, 27, '2026-01-09 11:03:29', ' UTD  with Login using - Accounts  with IP 5.38.41.12 ', 0, ''),
(27237, 15, 27, '2026-01-09 11:52:11', ' CTD  INV No: - 1333  ', 0, ''),
(27238, 15, 27, '2026-01-09 12:01:27', ' CTD  INV No: - 1334  ', 0, ''),
(27239, 92, 29, '2026-01-09 12:44:23', ' UTD  with Login using - ANISH  with IP 2.48.221.17 ', 0, ''),
(27240, 4, 29, '2026-01-09 12:47:45', ' CTD  with QTN No - 11427   ', 0, ''),
(27241, 4, 6, '2026-01-09 13:37:51', ' UTD  with QTN No - 11399   ', 0, ''),
(27242, 92, 6, '2026-01-09 15:18:39', ' UTD  with Login using - Mamitha  with IP 5.38.41.12 ', 0, ''),
(27243, 18, 27, '2026-01-09 15:57:38', ' CTD  with FP No: - 3553 & Part No: - 4664   ', 0, ''),
(27244, 12, 27, '2026-01-09 15:58:58', ' CTD  PO ID - 60743  ', 0, ''),
(27245, 12, 27, '2026-01-09 15:59:09', ' UTD  with APPRVL LVL 3 for No: - 60743  ', 0, ''),
(27246, 12, 27, '2026-01-09 16:15:33', ' CTD  PO ID - 60744  ', 0, ''),
(27247, 12, 27, '2026-01-09 16:15:44', ' UTD  with APPRVL LVL 3 for No: - 60744  ', 0, ''),
(27248, 12, 27, '2026-01-09 16:27:55', ' CTD  PO ID - 60745  ', 0, ''),
(27249, 12, 27, '2026-01-09 16:28:03', ' UTD  with APPRVL LVL 3 for No: - 60745  ', 0, ''),
(27250, 12, 27, '2026-01-09 16:48:49', ' CTD  PO ID - 60746  ', 0, ''),
(27251, 12, 27, '2026-01-09 16:48:58', ' UTD  with APPRVL LVL 3 for No: - 60746  ', 0, ''),
(27252, 93, 27, '2026-01-09 17:41:05', ' UTD  Log Out ', 0, ''),
(27253, 92, 29, '2026-01-10 10:04:26', ' UTD  with Login using - ANISH  with IP 2.48.221.17 ', 0, ''),
(27254, 4, 29, '2026-01-10 10:07:59', ' CTD  with QTN No - 11428   ', 0, ''),
(27255, 92, 6, '2026-01-10 10:08:57', ' UTD  with Login using - Mamitha  with IP 5.38.59.82 ', 0, ''),
(27256, 92, 27, '2026-01-10 10:31:23', ' UTD  with Login using - Accounts  with IP 5.38.59.82 ', 0, ''),
(27257, 18, 27, '2026-01-10 10:38:55', ' CTD  with FP No: - 3554 & Part No: - 4665   ', 0, ''),
(27258, 12, 27, '2026-01-10 10:39:11', ' UTD  PO ID - 60746  ', 0, ''),
(27259, 12, 27, '2026-01-10 10:39:28', ' UTD  with APPRVL LVL 3 for No: - 60746  ', 0, ''),
(27260, 13, 27, '2026-01-10 12:14:14', ' CTD  MTRL ID - 653  ', 0, ''),
(27261, 14, 27, '2026-01-10 12:14:55', ' UTD  MTRL ID - 653 for Quality Check  ', 0, ''),
(27262, 15, 27, '2026-01-10 12:15:56', ' CTD  INV No: - 1335  ', 0, ''),
(27263, 15, 27, '2026-01-10 12:16:18', ' UTD  with ID: - 1334 date changed from 26-01-2026 to 26-12-2025 ', 0, ''),
(27264, 15, 27, '2026-01-10 12:18:38', ' CTD  INV No: - 1336  ', 0, ''),
(27265, 92, 29, '2026-01-10 13:30:47', ' UTD  with Login using - ANISH  with IP 2.48.221.17 ', 0, ''),
(27266, 4, 29, '2026-01-10 13:32:21', ' UTD  with QTN No - 11428   ', 0, ''),
(27267, 18, 27, '2026-01-10 13:44:27', ' CTD  with FP No: - 3555 & Part No: - 4666   ', 0, ''),
(27268, 12, 27, '2026-01-10 13:44:40', ' CTD  PO ID - 60747  ', 0, ''),
(27269, 12, 27, '2026-01-10 13:44:45', ' UTD  with APPRVL LVL 3 for No: - 60747  ', 0, ''),
(27270, 92, 6, '2026-01-10 14:19:06', ' UTD  with Login using - Mamitha  with IP 5.38.59.82 ', 0, ''),
(27271, 4, 29, '2026-01-10 14:53:35', ' UTD  with QTN No - 11428   ', 0, ''),
(27272, 4, 29, '2026-01-10 14:56:10', ' UTD  with QTN No - 11428   ', 0, ''),
(27273, 93, 27, '2026-01-10 15:56:40', ' UTD  Log Out ', 0, ''),
(27274, 92, 27, '2026-01-12 09:04:08', ' UTD  with Login using - Accounts  with IP 5.38.59.175 ', 0, ''),
(27275, 18, 27, '2026-01-12 09:35:02', ' CTD  with FP No: - 3556 & Part No: - 4667   ', 0, ''),
(27276, 12, 27, '2026-01-12 09:35:44', ' CTD  PO ID - 60748  ', 0, ''),
(27277, 12, 27, '2026-01-12 09:35:49', ' UTD  with APPRVL LVL 3 for No: - 60748  ', 0, ''),
(27278, 92, 6, '2026-01-12 09:39:16', ' UTD  with Login using - Mamitha  with IP 5.38.59.175 ', 0, ''),
(27279, 12, 27, '2026-01-12 10:48:55', ' UTD  PO ID - 60714  ', 0, ''),
(27280, 12, 27, '2026-01-12 10:49:00', ' UTD  with APPRVL LVL 3 for No: - 60714  ', 0, ''),
(27281, 13, 27, '2026-01-12 10:49:27', ' CTD  MTRL ID - 654  ', 0, ''),
(27282, 14, 27, '2026-01-12 10:49:44', ' UTD  MTRL ID - 654 for Quality Check  ', 0, ''),
(27283, 15, 27, '2026-01-12 10:50:30', ' CTD  INV No: - 1337  ', 0, ''),
(27284, 18, 27, '2026-01-12 11:00:41', ' CTD  with FP No: - 3557 & Part No: - 4668   ', 0, ''),
(27285, 12, 27, '2026-01-12 11:01:45', ' UTD  PO ID - 60715  ', 0, ''),
(27286, 12, 27, '2026-01-12 11:01:51', ' UTD  with APPRVL LVL 3 for No: - 60715  ', 0, ''),
(27287, 13, 27, '2026-01-12 11:02:15', ' CTD  MTRL ID - 655  ', 0, ''),
(27288, 14, 27, '2026-01-12 11:02:28', ' UTD  MTRL ID - 655 for Quality Check  ', 0, ''),
(27289, 15, 27, '2026-01-12 11:03:01', ' CTD  INV No: - 1338  ', 0, ''),
(27290, 92, 29, '2026-01-12 11:25:34', ' UTD  with Login using - ANISH  with IP 2.48.221.17 ', 0, ''),
(27291, 22, 29, '2026-01-12 11:54:49', ' CTD  with PKG No: - 20567   ', 0, ''),
(27292, 22, 29, '2026-01-12 11:54:58', ' CTD  with Issue No: - 20567   ', 0, ''),
(27293, 92, 41, '2026-01-12 12:05:27', ' UTD  with Login using - Accounts2  with IP 5.38.59.175 ', 0, ''),
(27294, 22, 29, '2026-01-12 12:13:50', ' CTD  with PKG No: - 20568   ', 0, ''),
(27295, 22, 29, '2026-01-12 12:14:02', ' CTD  with Issue No: - 20568   ', 0, ''),
(27296, 22, 29, '2026-01-12 12:33:33', ' CTD  with PKG No: - 20569   ', 0, ''),
(27297, 22, 29, '2026-01-12 12:33:40', ' CTD  with Issue No: - 20569   ', 0, ''),
(27298, 22, 29, '2026-01-12 12:39:10', ' CTD  with PKG No: - 20570   ', 0, ''),
(27299, 22, 29, '2026-01-12 12:39:15', ' CTD  with Issue No: - 20570   ', 0, ''),
(27300, 92, 6, '2026-01-12 15:23:46', ' UTD  with Login using - Mamitha  with IP 5.38.59.175 ', 0, ''),
(27301, 22, 6, '2026-01-12 15:32:03', ' CTD  with Issue No: - 20550   ', 0, ''),
(27302, 22, 6, '2026-01-12 15:32:47', ' UTD  with PKG No: - 20549   ', 0, ''),
(27303, 22, 6, '2026-01-12 15:33:03', ' CTD  with Issue No: - 20549   ', 0, ''),
(27304, 22, 6, '2026-01-12 15:58:52', ' UTD  with PKG No: - 20538   ', 0, ''),
(27305, 92, 27, '2026-01-13 09:12:01', ' UTD  with Login using - Accounts  with IP 5.38.42.84 ', 0, ''),
(27306, 92, 6, '2026-01-13 09:38:34', ' UTD  with Login using - Mamitha  with IP 5.38.42.84 ', 0, ''),
(27307, 92, 6, '2026-01-13 14:33:14', ' UTD  with Login using - Mamitha  with IP 5.38.42.84 ', 0, ''),
(27308, 4, 6, '2026-01-13 15:57:31', ' CTD  with QTN No - 11429   ', 0, ''),
(27309, 4, 6, '2026-01-13 15:58:41', ' UTD  with QTN No - 11429   ', 0, ''),
(27310, 4, 6, '2026-01-13 16:00:53', ' UTD  with QTN No - 11429   ', 0, ''),
(27311, 4, 6, '2026-01-13 16:01:44', ' UTD  with QTN No - 11429   ', 0, ''),
(27312, 92, 29, '2026-01-13 16:30:47', ' UTD  with Login using - ANISH  with IP 2.48.221.17 ', 0, ''),
(27313, 89, 29, '2026-01-13 16:45:04', ' CTD  with Checkin No: - 15   ', 0, ''),
(27314, 93, 29, '2026-01-13 17:35:23', ' UTD  Log Out ', 0, '');

-- --------------------------------------------------------

--
-- Table structure for table `erp_audit_log_functionality_lookup`
--

CREATE TABLE `erp_audit_log_functionality_lookup` (
  `id` int(11) NOT NULL,
  `symbolic_name` varchar(50) NOT NULL,
  `enum_name` varchar(50) NOT NULL,
  `isActive` enum('Y','N') NOT NULL
) ENGINE=MyISAM DEFAULT CHARSET=latin1 COLLATE=latin1_swedish_ci;

--
-- Dumping data for table `erp_audit_log_functionality_lookup`
--

INSERT INTO `erp_audit_log_functionality_lookup` (`id`, `symbolic_name`, `enum_name`, `isActive`) VALUES
(1, 'Customers', 'CUSTOMERS', 'Y'),
(2, 'Prospects', 'PROSPECTS', 'Y'),
(3, 'Leads', 'LEADS', 'Y'),
(4, 'Quotations', 'QUOTATIONS', 'Y'),
(5, 'Orders', 'ORDERS', 'Y'),
(6, 'Delivery Note', 'DELIVERY_NOTE', 'Y'),
(7, 'Invoice', 'INVOICE', 'Y'),
(8, 'Sales Return', 'SALES_RETURN', 'Y'),
(9, 'Vendor', 'VENDOR', 'Y'),
(10, 'Requisition', 'REQUISITION', 'Y'),
(11, 'Purchase Enquiry', 'PURCHASE_ENQUIRY', 'Y'),
(12, 'Purchase Order', 'PURCHASE_ORDER', 'Y'),
(13, 'Material Receipt (Stores)', 'MATERIAL_RECEIPT', 'Y'),
(14, 'Material Receipt (QC)', 'QUALITY_CHECK', 'Y'),
(15, 'Purchase Invoice', 'PURCHASE_INVOICE', 'Y'),
(16, 'Purchase Return', 'PURCHASE_RETURN', 'Y'),
(17, 'Landing Cost Calculation', 'LANDING_COST', 'Y'),
(18, 'Finished Products', 'FINISHED_PRODUCTS', 'Y'),
(19, 'Service', 'SERVICE', 'Y'),
(20, 'Raw Material', 'RAW_MATERIAL', 'Y'),
(21, 'Batch Split', 'BATCH_SPLIT', 'Y'),
(22, 'Issues', 'ISSUES', 'Y'),
(23, 'Direct Transfer', 'DIRECT_TRANSFER', 'Y'),
(24, 'External Transfer', 'INDIRECT_TRANSFER', 'Y'),
(25, 'Receive Items', 'RECEIVE_ITEMS', 'Y'),
(26, 'Material To Material Transfer', 'MATERIAL_TO_MATERIAL_TRANSFER', 'Y'),
(27, 'Bill of Material', 'BILL_OF_MATERIAL', 'Y'),
(28, 'Production Order', 'PRODUCTION_ORDER', 'Y'),
(29, 'Goods Issue', 'GOODS_ISSUE', 'Y'),
(30, 'Goods Receipt', 'GOODS_RECEIPT', 'Y'),
(31, 'Bank', 'BANK', 'Y'),
(32, 'Currencies', 'CURRENCIES', 'Y'),
(33, 'Payment Terms', 'PAYMENT_TERMS', 'Y'),
(34, 'Footer Items', 'FOOTER_ITEMS', 'Y'),
(35, 'Branch', 'BRANCH', 'Y'),
(36, 'Company WPS Details', 'COMPANY_WPS_DETAILS', 'Y'),
(37, 'Leave Type', 'LEAVE_TYPE', 'Y'),
(38, 'Document', 'DOCUMENT', 'Y'),
(39, 'Appraisal', 'APPRAISAL', 'Y'),
(40, 'Salary', 'SALARY', 'Y'),
(41, 'General', 'GENERAL', 'Y'),
(42, 'Shift Timings', 'SHIFT_TIMINGS', 'Y'),
(43, 'EOS', 'EOS', 'Y'),
(44, 'Notice Period', 'NOTICE_PERIOD', 'Y'),
(45, 'Warehouse Master', 'WAREHOUSE_MASTER', 'Y'),
(46, 'Brand Master', 'BRAND_MASTER', 'Y'),
(47, 'Rack Master', 'RACK_MASTER', 'Y'),
(48, 'Bin Master', 'BIN_MASTER', 'Y'),
(49, 'Unit Master', 'UNIT_MASTER', 'Y'),
(50, 'Generic Master', 'GENERIC_MASTER', 'Y'),
(51, 'Tax Master', 'TAX_MASTER', 'Y'),
(52, 'Price Group Master', 'PRICE_GROUP_MASTER', 'Y'),
(53, 'Price List', 'PRICE_LIST', 'Y'),
(54, 'Sales Groups', 'SALES_GROUPS', 'Y'),
(55, 'Projects', 'PROJECTS', 'Y'),
(56, 'Probabilities', 'PROBABILITIES', 'Y'),
(57, 'Industry', 'INDUSTRY', 'Y'),
(58, 'Quotation Close Reasons', 'QUOTATION_CLOSE_REASONS', 'Y'),
(59, 'Terms and Conditions', 'TERMS_AND_CONDITIONS', 'Y'),
(60, 'Approval Matrix', 'APPROVAL_MATRIX', 'Y'),
(61, 'Prefix', 'PREFIX', 'Y'),
(62, 'Sales Target', 'SALES_TARGET', 'Y'),
(63, 'Country', 'COUNTRY', 'Y'),
(64, 'Shipping Methods', 'SHIPPING_METHODS', 'Y'),
(65, 'Tracking', 'TRACKING', 'Y'),
(66, 'Messaging', 'MESSAGING', 'Y'),
(69, 'Fixed Asset Master', 'FIXED_ASSET_MASTER', 'Y'),
(70, 'Depreciaton', 'DEPRECIATION', 'Y'),
(71, 'Fixed Asset Register', 'FIXED_ASSET_REGISTER', 'Y'),
(72, 'Aggregate', 'AGGREGATE', 'Y'),
(73, 'Landed Cost Item', 'LANDED_COST_ITEM', 'Y'),
(74, 'Employee Type', 'EMPLOYEE_TYPE', 'Y'),
(75, 'Document Type', 'DOCUMENT_TYPE', 'Y'),
(76, 'Supplier Type', 'SUPPLIER_TYPE', 'Y'),
(77, 'Bill Type', 'BILL_TYPE', 'Y'),
(78, 'User', 'USER', 'Y'),
(79, 'User Groups', 'USER_GROUPS', 'Y'),
(80, 'Change Rack and Bin', 'CHANGE_RACK_BIN', 'Y'),
(81, 'Delivery Note Cancellation', 'DELIVERY_NOTE_CANCELLED', 'Y'),
(83, 'Advance Invoice', 'ADVANCE_INVOICE', 'Y'),
(84, 'Delivery Rent Date Changed', 'DELIVERY_RENT_DATE_CHANGED', 'Y'),
(85, 'Delivery Date Changed', 'DELIVERY_DELIVERY_DATE_CHANGED', 'Y'),
(88, 'Hire External Transfer', 'HIRE_INDIRECT_TRANSFER', 'Y'),
(89, 'Receipts', 'RECEIPTS', 'Y'),
(90, 'Flyer', 'FLYER_MASTER', 'Y'),
(91, 'Machine Document', 'MACHINE_DOCUMENT', 'Y'),
(92, 'User Login', 'LOGIN', 'Y'),
(93, 'User Log Out', 'LOGOUT', 'Y'),
(94, 'EOS Payment Master', 'EOSPAYMENT', 'Y'),
(95, 'Purchase Order Shipment', 'PO_TRACK_SHIPMENT', 'Y');

-- --------------------------------------------------------

--
-- Table structure for table `erp_brand_sales_target`
--

CREATE TABLE `erp_brand_sales_target` (
  `id` int(11) NOT NULL,
  `brand_id` int(11) NOT NULL,
  `yearly` decimal(15,3) NOT NULL,
  `m1` decimal(15,3) NOT NULL,
  `m2` decimal(15,3) NOT NULL,
  `m3` decimal(15,3) NOT NULL,
  `m4` decimal(15,3) NOT NULL,
  `m5` decimal(15,3) NOT NULL,
  `m6` decimal(15,3) NOT NULL,
  `m7` decimal(15,3) NOT NULL,
  `m8` decimal(15,3) NOT NULL,
  `m9` decimal(15,3) NOT NULL,
  `m10` decimal(15,3) NOT NULL,
  `m11` decimal(15,3) NOT NULL,
  `m12` decimal(15,3) NOT NULL,
  `user_id` int(11) NOT NULL
) ENGINE=MyISAM DEFAULT CHARSET=latin1 COLLATE=latin1_swedish_ci;

--
-- Dumping data for table `erp_brand_sales_target`
--

INSERT INTO `erp_brand_sales_target` (`id`, `brand_id`, `yearly`, `m1`, `m2`, `m3`, `m4`, `m5`, `m6`, `m7`, `m8`, `m9`, `m10`, `m11`, `m12`, `user_id`) VALUES
(1, 8, 1.000, 1.000, 0.000, 0.000, 0.000, 0.000, 0.000, 0.000, 0.000, 0.000, 0.000, 0.000, 0.000, 117),
(2, 7, 0.000, 0.000, 0.000, 0.000, 0.000, 0.000, 0.000, 0.000, 0.000, 0.000, 0.000, 0.000, 0.000, 117),
(3, 57, 0.000, 0.000, 0.000, 0.000, 0.000, 0.000, 0.000, 0.000, 0.000, 0.000, 0.000, 0.000, 0.000, 117),
(4, 29, 0.000, 0.000, 0.000, 0.000, 0.000, 0.000, 0.000, 0.000, 0.000, 0.000, 0.000, 0.000, 0.000, 117),
(5, 71, 0.000, 0.000, 0.000, 0.000, 0.000, 0.000, 0.000, 0.000, 0.000, 0.000, 0.000, 0.000, 0.000, 117),
(6, 24, 0.000, 0.000, 0.000, 0.000, 0.000, 0.000, 0.000, 0.000, 0.000, 0.000, 0.000, 0.000, 0.000, 117),
(7, 1, 0.000, 0.000, 0.000, 0.000, 0.000, 0.000, 0.000, 0.000, 0.000, 0.000, 0.000, 0.000, 0.000, 117),
(8, 2, 0.000, 0.000, 0.000, 0.000, 0.000, 0.000, 0.000, 0.000, 0.000, 0.000, 0.000, 0.000, 0.000, 117),
(9, 37, 0.000, 0.000, 0.000, 0.000, 0.000, 0.000, 0.000, 0.000, 0.000, 0.000, 0.000, 0.000, 0.000, 117),
(10, 31, 0.000, 0.000, 0.000, 0.000, 0.000, 0.000, 0.000, 0.000, 0.000, 0.000, 0.000, 0.000, 0.000, 117),
(11, 76, 0.000, 0.000, 0.000, 0.000, 0.000, 0.000, 0.000, 0.000, 0.000, 0.000, 0.000, 0.000, 0.000, 117),
(12, 41, 0.000, 0.000, 0.000, 0.000, 0.000, 0.000, 0.000, 0.000, 0.000, 0.000, 0.000, 0.000, 0.000, 117),
(13, 82, 0.000, 0.000, 0.000, 0.000, 0.000, 0.000, 0.000, 0.000, 0.000, 0.000, 0.000, 0.000, 0.000, 117),
(14, 3, 0.000, 0.000, 0.000, 0.000, 0.000, 0.000, 0.000, 0.000, 0.000, 0.000, 0.000, 0.000, 0.000, 117),
(15, 36, 0.000, 0.000, 0.000, 0.000, 0.000, 0.000, 0.000, 0.000, 0.000, 0.000, 0.000, 0.000, 0.000, 117),
(16, 4, 0.000, 0.000, 0.000, 0.000, 0.000, 0.000, 0.000, 0.000, 0.000, 0.000, 0.000, 0.000, 0.000, 117),
(17, 5, 0.000, 0.000, 0.000, 0.000, 0.000, 0.000, 0.000, 0.000, 0.000, 0.000, 0.000, 0.000, 0.000, 117),
(18, 69, 0.000, 0.000, 0.000, 0.000, 0.000, 0.000, 0.000, 0.000, 0.000, 0.000, 0.000, 0.000, 0.000, 117),
(19, 35, 0.000, 0.000, 0.000, 0.000, 0.000, 0.000, 0.000, 0.000, 0.000, 0.000, 0.000, 0.000, 0.000, 117),
(20, 6, 0.000, 0.000, 0.000, 0.000, 0.000, 0.000, 0.000, 0.000, 0.000, 0.000, 0.000, 0.000, 0.000, 117),
(21, 9, 0.000, 0.000, 0.000, 0.000, 0.000, 0.000, 0.000, 0.000, 0.000, 0.000, 0.000, 0.000, 0.000, 117),
(22, 10, 0.000, 0.000, 0.000, 0.000, 0.000, 0.000, 0.000, 0.000, 0.000, 0.000, 0.000, 0.000, 0.000, 117),
(23, 74, 0.000, 0.000, 0.000, 0.000, 0.000, 0.000, 0.000, 0.000, 0.000, 0.000, 0.000, 0.000, 0.000, 117),
(24, 51, 0.000, 0.000, 0.000, 0.000, 0.000, 0.000, 0.000, 0.000, 0.000, 0.000, 0.000, 0.000, 0.000, 117),
(25, 28, 0.000, 0.000, 0.000, 0.000, 0.000, 0.000, 0.000, 0.000, 0.000, 0.000, 0.000, 0.000, 0.000, 117),
(26, 80, 0.000, 0.000, 0.000, 0.000, 0.000, 0.000, 0.000, 0.000, 0.000, 0.000, 0.000, 0.000, 0.000, 117),
(27, 38, 0.000, 0.000, 0.000, 0.000, 0.000, 0.000, 0.000, 0.000, 0.000, 0.000, 0.000, 0.000, 0.000, 117),
(28, 54, 0.000, 0.000, 0.000, 0.000, 0.000, 0.000, 0.000, 0.000, 0.000, 0.000, 0.000, 0.000, 0.000, 117),
(29, 39, 0.000, 0.000, 0.000, 0.000, 0.000, 0.000, 0.000, 0.000, 0.000, 0.000, 0.000, 0.000, 0.000, 117),
(30, 63, 0.000, 0.000, 0.000, 0.000, 0.000, 0.000, 0.000, 0.000, 0.000, 0.000, 0.000, 0.000, 0.000, 117),
(31, 70, 0.000, 0.000, 0.000, 0.000, 0.000, 0.000, 0.000, 0.000, 0.000, 0.000, 0.000, 0.000, 0.000, 117),
(32, 73, 0.000, 0.000, 0.000, 0.000, 0.000, 0.000, 0.000, 0.000, 0.000, 0.000, 0.000, 0.000, 0.000, 117),
(33, 77, 0.000, 0.000, 0.000, 0.000, 0.000, 0.000, 0.000, 0.000, 0.000, 0.000, 0.000, 0.000, 0.000, 117),
(34, 53, 0.000, 0.000, 0.000, 0.000, 0.000, 0.000, 0.000, 0.000, 0.000, 0.000, 0.000, 0.000, 0.000, 117),
(35, 34, 0.000, 0.000, 0.000, 0.000, 0.000, 0.000, 0.000, 0.000, 0.000, 0.000, 0.000, 0.000, 0.000, 117),
(36, 56, 0.000, 0.000, 0.000, 0.000, 0.000, 0.000, 0.000, 0.000, 0.000, 0.000, 0.000, 0.000, 0.000, 117),
(37, 58, 0.000, 0.000, 0.000, 0.000, 0.000, 0.000, 0.000, 0.000, 0.000, 0.000, 0.000, 0.000, 0.000, 117),
(38, 55, 0.000, 0.000, 0.000, 0.000, 0.000, 0.000, 0.000, 0.000, 0.000, 0.000, 0.000, 0.000, 0.000, 117),
(39, 11, 0.000, 0.000, 0.000, 0.000, 0.000, 0.000, 0.000, 0.000, 0.000, 0.000, 0.000, 0.000, 0.000, 117),
(40, 78, 0.000, 0.000, 0.000, 0.000, 0.000, 0.000, 0.000, 0.000, 0.000, 0.000, 0.000, 0.000, 0.000, 117),
(41, 44, 0.000, 0.000, 0.000, 0.000, 0.000, 0.000, 0.000, 0.000, 0.000, 0.000, 0.000, 0.000, 0.000, 117),
(42, 68, 0.000, 0.000, 0.000, 0.000, 0.000, 0.000, 0.000, 0.000, 0.000, 0.000, 0.000, 0.000, 0.000, 117),
(43, 42, 0.000, 0.000, 0.000, 0.000, 0.000, 0.000, 0.000, 0.000, 0.000, 0.000, 0.000, 0.000, 0.000, 117),
(44, 61, 0.000, 0.000, 0.000, 0.000, 0.000, 0.000, 0.000, 0.000, 0.000, 0.000, 0.000, 0.000, 0.000, 117),
(45, 86, 0.000, 0.000, 0.000, 0.000, 0.000, 0.000, 0.000, 0.000, 0.000, 0.000, 0.000, 0.000, 0.000, 117),
(46, 62, 0.000, 0.000, 0.000, 0.000, 0.000, 0.000, 0.000, 0.000, 0.000, 0.000, 0.000, 0.000, 0.000, 117),
(47, 12, 0.000, 0.000, 0.000, 0.000, 0.000, 0.000, 0.000, 0.000, 0.000, 0.000, 0.000, 0.000, 0.000, 117),
(48, 65, 0.000, 0.000, 0.000, 0.000, 0.000, 0.000, 0.000, 0.000, 0.000, 0.000, 0.000, 0.000, 0.000, 117),
(49, 66, 0.000, 0.000, 0.000, 0.000, 0.000, 0.000, 0.000, 0.000, 0.000, 0.000, 0.000, 0.000, 0.000, 117),
(50, 64, 0.000, 0.000, 0.000, 0.000, 0.000, 0.000, 0.000, 0.000, 0.000, 0.000, 0.000, 0.000, 0.000, 117),
(51, 30, 0.000, 0.000, 0.000, 0.000, 0.000, 0.000, 0.000, 0.000, 0.000, 0.000, 0.000, 0.000, 0.000, 117),
(52, 25, 0.000, 0.000, 0.000, 0.000, 0.000, 0.000, 0.000, 0.000, 0.000, 0.000, 0.000, 0.000, 0.000, 117),
(53, 26, 0.000, 0.000, 0.000, 0.000, 0.000, 0.000, 0.000, 0.000, 0.000, 0.000, 0.000, 0.000, 0.000, 117),
(54, 75, 0.000, 0.000, 0.000, 0.000, 0.000, 0.000, 0.000, 0.000, 0.000, 0.000, 0.000, 0.000, 0.000, 117),
(55, 48, 0.000, 0.000, 0.000, 0.000, 0.000, 0.000, 0.000, 0.000, 0.000, 0.000, 0.000, 0.000, 0.000, 117),
(56, 49, 0.000, 0.000, 0.000, 0.000, 0.000, 0.000, 0.000, 0.000, 0.000, 0.000, 0.000, 0.000, 0.000, 117),
(57, 47, 0.000, 0.000, 0.000, 0.000, 0.000, 0.000, 0.000, 0.000, 0.000, 0.000, 0.000, 0.000, 0.000, 117),
(58, 46, 0.000, 0.000, 0.000, 0.000, 0.000, 0.000, 0.000, 0.000, 0.000, 0.000, 0.000, 0.000, 0.000, 117),
(59, 27, 0.000, 0.000, 0.000, 0.000, 0.000, 0.000, 0.000, 0.000, 0.000, 0.000, 0.000, 0.000, 0.000, 117),
(60, 59, 0.000, 0.000, 0.000, 0.000, 0.000, 0.000, 0.000, 0.000, 0.000, 0.000, 0.000, 0.000, 0.000, 117),
(61, 50, 0.000, 0.000, 0.000, 0.000, 0.000, 0.000, 0.000, 0.000, 0.000, 0.000, 0.000, 0.000, 0.000, 117),
(62, 52, 0.000, 0.000, 0.000, 0.000, 0.000, 0.000, 0.000, 0.000, 0.000, 0.000, 0.000, 0.000, 0.000, 117),
(63, 67, 0.000, 0.000, 0.000, 0.000, 0.000, 0.000, 0.000, 0.000, 0.000, 0.000, 0.000, 0.000, 0.000, 117),
(64, 13, 0.000, 0.000, 0.000, 0.000, 0.000, 0.000, 0.000, 0.000, 0.000, 0.000, 0.000, 0.000, 0.000, 117),
(65, 85, 0.000, 0.000, 0.000, 0.000, 0.000, 0.000, 0.000, 0.000, 0.000, 0.000, 0.000, 0.000, 0.000, 117),
(66, 79, 0.000, 0.000, 0.000, 0.000, 0.000, 0.000, 0.000, 0.000, 0.000, 0.000, 0.000, 0.000, 0.000, 117),
(67, 14, 0.000, 0.000, 0.000, 0.000, 0.000, 0.000, 0.000, 0.000, 0.000, 0.000, 0.000, 0.000, 0.000, 117),
(68, 22, 0.000, 0.000, 0.000, 0.000, 0.000, 0.000, 0.000, 0.000, 0.000, 0.000, 0.000, 0.000, 0.000, 117),
(69, 23, 0.000, 0.000, 0.000, 0.000, 0.000, 0.000, 0.000, 0.000, 0.000, 0.000, 0.000, 0.000, 0.000, 117),
(70, 72, 0.000, 0.000, 0.000, 0.000, 0.000, 0.000, 0.000, 0.000, 0.000, 0.000, 0.000, 0.000, 0.000, 117),
(71, 15, 0.000, 0.000, 0.000, 0.000, 0.000, 0.000, 0.000, 0.000, 0.000, 0.000, 0.000, 0.000, 0.000, 117),
(72, 32, 0.000, 0.000, 0.000, 0.000, 0.000, 0.000, 0.000, 0.000, 0.000, 0.000, 0.000, 0.000, 0.000, 117),
(73, 45, 0.000, 0.000, 0.000, 0.000, 0.000, 0.000, 0.000, 0.000, 0.000, 0.000, 0.000, 0.000, 0.000, 117),
(74, 40, 0.000, 0.000, 0.000, 0.000, 0.000, 0.000, 0.000, 0.000, 0.000, 0.000, 0.000, 0.000, 0.000, 117),
(75, 81, 0.000, 0.000, 0.000, 0.000, 0.000, 0.000, 0.000, 0.000, 0.000, 0.000, 0.000, 0.000, 0.000, 117),
(76, 33, 0.000, 0.000, 0.000, 0.000, 0.000, 0.000, 0.000, 0.000, 0.000, 0.000, 0.000, 0.000, 0.000, 117),
(77, 43, 0.000, 0.000, 0.000, 0.000, 0.000, 0.000, 0.000, 0.000, 0.000, 0.000, 0.000, 0.000, 0.000, 117),
(78, 16, 0.000, 0.000, 0.000, 0.000, 0.000, 0.000, 0.000, 0.000, 0.000, 0.000, 0.000, 0.000, 0.000, 117),
(79, 17, 0.000, 0.000, 0.000, 0.000, 0.000, 0.000, 0.000, 0.000, 0.000, 0.000, 0.000, 0.000, 0.000, 117),
(80, 83, 0.000, 0.000, 0.000, 0.000, 0.000, 0.000, 0.000, 0.000, 0.000, 0.000, 0.000, 0.000, 0.000, 117),
(81, 84, 0.000, 0.000, 0.000, 0.000, 0.000, 0.000, 0.000, 0.000, 0.000, 0.000, 0.000, 0.000, 0.000, 117),
(82, 89, 0.000, 0.000, 0.000, 0.000, 0.000, 0.000, 0.000, 0.000, 0.000, 0.000, 0.000, 0.000, 0.000, 117),
(83, 88, 0.000, 0.000, 0.000, 0.000, 0.000, 0.000, 0.000, 0.000, 0.000, 0.000, 0.000, 0.000, 0.000, 117),
(84, 18, 0.000, 0.000, 0.000, 0.000, 0.000, 0.000, 0.000, 0.000, 0.000, 0.000, 0.000, 0.000, 0.000, 117),
(85, 19, 0.000, 0.000, 0.000, 0.000, 0.000, 0.000, 0.000, 0.000, 0.000, 0.000, 0.000, 0.000, 0.000, 117),
(86, 20, 0.000, 0.000, 0.000, 0.000, 0.000, 0.000, 0.000, 0.000, 0.000, 0.000, 0.000, 0.000, 0.000, 117),
(87, 60, 0.000, 0.000, 0.000, 0.000, 0.000, 0.000, 0.000, 0.000, 0.000, 0.000, 0.000, 0.000, 0.000, 117),
(88, 21, 0.000, 0.000, 0.000, 0.000, 0.000, 0.000, 0.000, 0.000, 0.000, 0.000, 0.000, 0.000, 0.000, 117);

-- --------------------------------------------------------

--
-- Table structure for table `erp_change_rack_bin`
--

CREATE TABLE `erp_change_rack_bin` (
  `id` int(11) NOT NULL,
  `warehouse_id` int(11) NOT NULL,
  `partno` int(11) NOT NULL,
  `rack` int(11) NOT NULL,
  `bin` int(11) NOT NULL,
  `created_by` int(11) NOT NULL,
  `created_datetime` datetime NOT NULL
) ENGINE=MyISAM DEFAULT CHARSET=latin1 COLLATE=latin1_swedish_ci;

-- --------------------------------------------------------

--
-- Table structure for table `erp_cheque_collection`
--

CREATE TABLE `erp_cheque_collection` (
  `id` int(11) NOT NULL,
  `customer_id` int(11) NOT NULL,
  `location_id` int(11) NOT NULL,
  `date_of_collection` date NOT NULL,
  `cheque_amount` decimal(15,2) NOT NULL,
  `status` varchar(255) NOT NULL DEFAULT 'Not Collected',
  `no_of_cheque` int(11) NOT NULL,
  `notes` varchar(255) NOT NULL,
  `cheque_image` varchar(50) DEFAULT NULL,
  `created_by` int(11) NOT NULL,
  `updated_by` int(11) NOT NULL,
  `created_datetime` datetime NOT NULL,
  `updated_datetime` datetime NOT NULL
) ENGINE=MyISAM DEFAULT CHARSET=latin1 COLLATE=latin1_swedish_ci;

--
-- Dumping data for table `erp_cheque_collection`
--

INSERT INTO `erp_cheque_collection` (`id`, `customer_id`, `location_id`, `date_of_collection`, `cheque_amount`, `status`, `no_of_cheque`, `notes`, `cheque_image`, `created_by`, `updated_by`, `created_datetime`, `updated_datetime`) VALUES
(1, 1028, 1, '2022-11-03', 1000.00, 'Collected', 3, '', 'chequeImage_20221104133532.jpg', 1, 0, '2022-11-03 04:13:31', '0000-00-00 00:00:00'),
(2, 1005, 1, '2022-11-03', 300.00, 'Collected', 1, 'tst', '         ', 1, 0, '2022-11-03 04:34:34', '0000-00-00 00:00:00'),
(3, 1001, 2, '2022-11-03', 2000.00, 'Collected', 4, '', 'chequeImage_20221104091547.jpg', 1, 0, '2022-11-03 05:06:54', '0000-00-00 00:00:00'),
(4, 1001, 2, '2022-11-04', 100.00, 'Collected', 2, '', '         ', 2, 0, '2022-11-04 09:31:24', '0000-00-00 00:00:00'),
(5, 1001, 2, '2022-11-04', 6000.00, 'Collected', 5, '', 'chequeImage_20221104132129.png', 1, 0, '2022-11-04 12:16:29', '0000-00-00 00:00:00'),
(6, 1092, 2, '2022-11-04', 4000.00, 'Collected', 4, 'tst', 'chequeImage_20221104133437.png', 1, 0, '2022-11-04 01:30:17', '0000-00-00 00:00:00'),
(7, 1092, 2, '2022-11-04', 7000.00, 'Collected', 4, 'tst234', '2022-11-08_948667315_chequedetails.jpg', 1, 0, '2022-11-04 01:37:10', '0000-00-00 00:00:00'),
(8, 1001, 2, '2022-11-04', 2147483647.00, 'Collected', 4, '', 'chequeImage_20221104133532.jpg', 1, 0, '2022-11-04 02:08:15', '0000-00-00 00:00:00'),
(9, 1092, 2, '2022-11-17', 2033.00, 'Not Collected', 3, 'tst case', NULL, 2, 0, '2022-11-08 12:04:18', '0000-00-00 00:00:00'),
(10, 1001, 2, '2022-11-08', 4444.00, 'Collected', 3, 'tst', '2022-11-08_5083034_chequedetails.jpg', 2, 0, '2022-11-08 12:05:19', '0000-00-00 00:00:00');

-- --------------------------------------------------------

--
-- Table structure for table `erp_ch_template`
--

CREATE TABLE `erp_ch_template` (
  `id` int(11) NOT NULL,
  `html` text NOT NULL,
  `has_acc_payee` enum('N','Y') NOT NULL,
  `name` varchar(200) NOT NULL,
  `bank_id` int(11) NOT NULL,
  `created_by` int(11) NOT NULL,
  `created_date_time` datetime NOT NULL,
  `updated_by` int(11) NOT NULL,
  `updated_date_time` datetime NOT NULL
) ENGINE=MyISAM DEFAULT CHARSET=latin1 COLLATE=latin1_swedish_ci;

-- --------------------------------------------------------

--
-- Table structure for table `erp_company_settings`
--

CREATE TABLE `erp_company_settings` (
  `id` bigint(20) NOT NULL,
  `crm_company_id` bigint(20) NOT NULL,
  `crm_user_id` bigint(20) NOT NULL,
  `qualitycontrol` enum('Y','N') NOT NULL,
  `direct_invoive` enum('Y','N') NOT NULL,
  `stock_updates_on` enum('PI','MR') NOT NULL DEFAULT 'PI',
  `include_vat` enum('Y','N') NOT NULL DEFAULT 'N',
  `permissions` text NOT NULL,
  `sales_lead` int(11) NOT NULL,
  `sales_quotation` int(11) NOT NULL,
  `sales_order` int(11) NOT NULL,
  `sales_contract` int(11) NOT NULL,
  `sales_invoice` int(11) NOT NULL,
  `sales_creditnote` int(11) NOT NULL,
  `execution_assignment_master` int(11) NOT NULL,
  `execution_assignment` int(11) NOT NULL,
  `inventory_service` int(11) NOT NULL,
  `direct_order` enum('Y','N') NOT NULL,
  `direct_quotation` enum('Y','N') NOT NULL,
  `direct_purchase_enquiry` enum('Y','N') NOT NULL,
  `direct_purchase_order` enum('Y','N') NOT NULL,
  `allow_change_description` enum('Y','N') NOT NULL,
  `purchase_invoice` enum('MR','QC') NOT NULL COMMENT 'MR->Material Receipt,QC->Quality check',
  `sales_return` enum('ST','DA') NOT NULL COMMENT 'ST->update in stock,DA-> update in Damage',
  `bonus_quantity` enum('Y','N') NOT NULL,
  `lead_to_quotation_days` int(11) NOT NULL,
  `quotation_to_order_days` int(11) NOT NULL,
  `print_type` int(11) NOT NULL DEFAULT 1,
  `create_by` int(11) NOT NULL,
  `create_date_time` datetime NOT NULL
) ENGINE=MyISAM DEFAULT CHARSET=latin1 COLLATE=latin1_swedish_ci;

--
-- Dumping data for table `erp_company_settings`
--

INSERT INTO `erp_company_settings` (`id`, `crm_company_id`, `crm_user_id`, `qualitycontrol`, `direct_invoive`, `stock_updates_on`, `include_vat`, `permissions`, `sales_lead`, `sales_quotation`, `sales_order`, `sales_contract`, `sales_invoice`, `sales_creditnote`, `execution_assignment_master`, `execution_assignment`, `inventory_service`, `direct_order`, `direct_quotation`, `direct_purchase_enquiry`, `direct_purchase_order`, `allow_change_description`, `purchase_invoice`, `sales_return`, `bonus_quantity`, `lead_to_quotation_days`, `quotation_to_order_days`, `print_type`, `create_by`, `create_date_time`) VALUES
(1, 1, 1, 'Y', 'N', 'PI', 'N', '{\"sales_customer\":1,\"sales_lead\":1,\"sales_quotation\":1,\"sales_order\":1,\"sales_delivery\":1,\"sales_invoice\":1,\"sales_creditnote\":1,\"sales_deliverytrack\":1,\"purchase_vendor\":1,\"purchase_requisition\":1,\"purchase_enquiry\":1,\"purchase_order\":1,\"purchase_material_request\":1,\"purchase_qc\":1,\"purchase_invoice\":1,\"purchase_debitnote\":1,\"purchase_deliverytrack\":1,\"mail_to_customer\":1,\"mail_single_feedback\":1,\"master_industry\":1,\"master_probabilities\":1,\"master_sales_group\":1,\"master_projects\":1,\"master_validity\":1,\"master_quotation_close_reasion\":1,\"master_banks\":1,\"master_currencies\":1,\"master_payment_terms\":1,\"master_footer\":1,\"master_sales_pricing\":1,\"master_country\":1,\"master_unit\":1,\"master_brand_class\":1,\"master_inventory_generic\":1,\"master_warehouse\":1,\"master_brand\":1,\"master_rack\":1,\"master_bin\":1,\"master_category\":1,\"master_invstatus\":1,\"master_table\":1,\"master_dimension_one\":1,\"master_dimension_two\":1,\"master_dimension_three\":1,\"master_numbering\":1,\"master_settings\":1,\"master_shippingmethods\":1,\"master_pricingterms\":1,\"master_availabilities\":1,\"master_customduties\":1,\"inventory_stocks\":1,\"inventory_raw_material\":1,\"inventory_service\":1,\"inventory_sales\":1,\"mis_dashboard\":1,\"mis_cockpit\":1,\"mis_calendar\":1,\"mis_workspace\":1,\"mis_meeting\":1,\"others_sampletracking\":1,\"others_rma_receipts\":1,\"others_rma_sendvendor\":1,\"finance_journal\":1,\"finance_receipt\":1,\"finance_payment\":1,\"finance_debitnote\":1,\"finance_creditnote\":1,\"finance_posted\":1,\"production_bill\":1,\"production_po\":1,\"production_gi\":1,\"production_gr\":1,\"report_sales\":1,\"report_inventory\":1,\"report_customer\":1,\"report_purchase\":1,\"report_finance\":1,\"admin_user\":1,\"admin_usergroup\":1,\"settings_com\":1,\"settings_set\":1,\"settings_mod\":1,\"settings_dim\":1, \"inventory_image_show_quotation\":1, \"inventory_upload_image\":1}', 1, 1, 1, 1, 1, 1, 1, 1, 1, 'Y', 'Y', 'Y', 'Y', 'Y', 'QC', 'ST', 'N', 1, 1, 1, 1, '0000-00-00 00:00:00');

-- --------------------------------------------------------

--
-- Table structure for table `erp_cost_price_group`
--

CREATE TABLE `erp_cost_price_group` (
  `id` int(11) NOT NULL,
  `product_id` int(11) NOT NULL,
  `cost_price1` decimal(15,5) NOT NULL,
  `cost_price_group_file_name` varchar(255) NOT NULL,
  `uploaded_by` int(11) NOT NULL,
  `uploaded_date` datetime NOT NULL,
  `last_updated_by` int(11) NOT NULL,
  `last_updated_date` datetime NOT NULL
) ENGINE=InnoDB DEFAULT CHARSET=latin1 COLLATE=latin1_swedish_ci;

-- --------------------------------------------------------

--
-- Table structure for table `erp_cost_price_group_name`
--

CREATE TABLE `erp_cost_price_group_name` (
  `id` int(11) NOT NULL,
  `pricing_group_label` varchar(255) NOT NULL,
  `pricing_group_name` varchar(255) NOT NULL,
  `pricing_group_description` varchar(255) NOT NULL,
  `default_pricing_group` enum('Y','N') NOT NULL,
  `lowest_pricing_group` enum('Y','N') NOT NULL DEFAULT 'N'
) ENGINE=InnoDB DEFAULT CHARSET=latin1 COLLATE=latin1_swedish_ci;

-- --------------------------------------------------------

--
-- Table structure for table `erp_creditnote`
--

CREATE TABLE `erp_creditnote` (
  `id` bigint(20) NOT NULL,
  `file_id` bigint(20) NOT NULL,
  `order_id` bigint(20) NOT NULL,
  `crm_user_id` bigint(20) NOT NULL,
  `invoice_id` bigint(20) NOT NULL,
  `ticket_id` int(11) NOT NULL COMMENT 'job order refernce',
  `project_id` int(11) NOT NULL,
  `customer_id` bigint(20) NOT NULL,
  `contact_id` bigint(20) NOT NULL,
  `exchange_rate` decimal(15,2) NOT NULL,
  `reference` varchar(255) NOT NULL,
  `currency` varchar(255) NOT NULL,
  `credited_amount` decimal(15,2) NOT NULL,
  `credited_date` date NOT NULL,
  `reason` text NOT NULL,
  `tax_type` int(11) NOT NULL,
  `total_tax_amount` decimal(15,2) NOT NULL,
  `notes` text NOT NULL,
  `terms_and_conditions` text NOT NULL,
  `remarks` text NOT NULL,
  `isActive` enum('Y','N') NOT NULL DEFAULT 'Y',
  `invoice_type` int(11) NOT NULL COMMENT 'Primary key of crmmas_invoice_type id',
  `sales_return` enum('ST','DA') NOT NULL COMMENT 'ST->update in stock,DA-> update in Damage',
  `creditnote_notification` varchar(500) NOT NULL,
  `created_by` int(11) NOT NULL,
  `updated_by` int(11) NOT NULL,
  `created_datetime` datetime NOT NULL,
  `updated_datetime` datetime NOT NULL,
  `is_updated_store` enum('Y','N') NOT NULL DEFAULT 'N',
  `posted` enum('Y','N') NOT NULL DEFAULT 'N',
  `responsible_user` int(11) NOT NULL,
  `creditnote_no` int(11) NOT NULL,
  `warehouse_id` int(11) NOT NULL,
  `payment_type` enum('CA','CH','CC','N','BT') NOT NULL DEFAULT 'N' COMMENT 'N-none,CA-card,CH-cash, CC- Card + Cash',
  `paid_card_amount` decimal(15,6) NOT NULL,
  `paid_cash_amount` decimal(15,6) NOT NULL,
  `paid_amount` decimal(15,6) NOT NULL,
  `authorization_code` varchar(255) NOT NULL,
  `commision_percentage` decimal(10,2) NOT NULL,
  `commision_amount` decimal(10,6) NOT NULL,
  `service_invoice` enum('Y','N') NOT NULL DEFAULT 'N'
) ENGINE=MyISAM DEFAULT CHARSET=latin1 COLLATE=latin1_swedish_ci;

--
-- Dumping data for table `erp_creditnote`
--

INSERT INTO `erp_creditnote` (`id`, `file_id`, `order_id`, `crm_user_id`, `invoice_id`, `ticket_id`, `project_id`, `customer_id`, `contact_id`, `exchange_rate`, `reference`, `currency`, `credited_amount`, `credited_date`, `reason`, `tax_type`, `total_tax_amount`, `notes`, `terms_and_conditions`, `remarks`, `isActive`, `invoice_type`, `sales_return`, `creditnote_notification`, `created_by`, `updated_by`, `created_datetime`, `updated_datetime`, `is_updated_store`, `posted`, `responsible_user`, `creditnote_no`, `warehouse_id`, `payment_type`, `paid_card_amount`, `paid_cash_amount`, `paid_amount`, `authorization_code`, `commision_percentage`, `commision_amount`, `service_invoice`) VALUES
(200001, 2215, 0, 27, 40377, 0, 0, 46, 0, 1.00, '', '1', 105.00, '2023-12-30', 'Wrong Invoicing ', 0, 5.00, '', '', '', 'Y', 1, 'ST', '', 27, 0, '2024-12-24 07:52:28', '0000-00-00 00:00:00', 'Y', 'Y', 0, 200001, 1, '', 0.000000, 0.000000, 0.000000, '', 0.00, 0.000000, 'N'),
(200002, 2241, 0, 27, 40391, 0, 0, 46, 0, 1.00, '', '1', 808.50, '2023-12-30', 'Tax Credit Note against Tax Inv No. FMTS-019 due to LPO received after Tax Invoice date', 0, 38.50, '', '', '', 'Y', 1, 'ST', '', 27, 0, '2024-12-24 07:55:36', '0000-00-00 00:00:00', 'Y', 'Y', 0, 200002, 1, '', 0.000000, 0.000000, 0.000000, '', 0.00, 0.000000, 'N'),
(200003, 2243, 0, 27, 40393, 0, 0, 46, 0, 1.00, '', '1', 1837.50, '2024-12-30', 'Tax Credit Note against Tax Inv No. FMTS-024 due to LPO received after Tax Invoice date', 0, 87.50, '', '', '', 'Y', 1, 'ST', '', 27, 0, '2024-12-24 07:56:39', '0000-00-00 00:00:00', 'Y', 'Y', 0, 200003, 1, '', 0.000000, 0.000000, 0.000000, '', 0.00, 0.000000, 'N'),
(200004, 2259, 0, 27, 40430, 0, 0, 46, 0, 1.00, '', '1', 859.95, '2024-01-25', 'Tax Credit note against Tax Invoice No. FMTS-080 due to LPO date is JAN 2024', 0, 40.95, '', '', '', 'Y', 1, 'ST', '', 27, 0, '2024-12-24 07:59:58', '0000-00-00 00:00:00', 'Y', 'Y', 0, 200004, 1, '', 0.000000, 0.000000, 0.000000, '', 0.00, 0.000000, 'N'),
(200005, 1450, 0, 27, 40435, 206, 0, 78, 0, 1.00, '', '1', 393.75, '2024-10-31', 'Tax Credit Note against Tax Invoice No. FMTS-092 due to double Invoicing', 0, 18.75, '', '', '', 'Y', 1, 'ST', '', 27, 0, '2024-12-24 08:01:04', '0000-00-00 00:00:00', 'Y', 'Y', 0, 200005, 1, '', 0.000000, 0.000000, 0.000000, '', 0.00, 0.000000, 'N'),
(200006, 2587, 0, 27, 40614, 709, 0, 110, 0, 1.00, '', '1', 1837.50, '2025-01-31', 'LPO sent after this Invoice Date. ', 0, 87.50, '', '', '', 'Y', 1, 'ST', '', 27, 0, '2025-02-25 10:41:45', '0000-00-00 00:00:00', 'Y', 'Y', 0, 200006, 1, '', 0.000000, 0.000000, 0.000000, '', 0.00, 0.000000, 'Y');

-- --------------------------------------------------------

--
-- Table structure for table `erp_creditnote07_11_2024`
--

CREATE TABLE `erp_creditnote07_11_2024` (
  `id` bigint(20) NOT NULL,
  `file_id` bigint(20) NOT NULL,
  `order_id` bigint(20) NOT NULL,
  `crm_user_id` bigint(20) NOT NULL,
  `invoice_id` bigint(20) NOT NULL,
  `project_id` int(11) NOT NULL,
  `customer_id` bigint(20) NOT NULL,
  `contact_id` bigint(20) NOT NULL,
  `exchange_rate` decimal(15,2) NOT NULL,
  `reference` varchar(255) NOT NULL,
  `currency` varchar(255) NOT NULL,
  `credited_amount` decimal(15,2) NOT NULL,
  `credited_date` date NOT NULL,
  `reason` text NOT NULL,
  `tax_type` int(11) NOT NULL,
  `total_tax_amount` decimal(15,2) NOT NULL,
  `notes` text NOT NULL,
  `terms_and_conditions` text NOT NULL,
  `remarks` text NOT NULL,
  `isActive` enum('Y','N') NOT NULL DEFAULT 'Y',
  `invoice_type` int(11) NOT NULL COMMENT 'Primary key of crmmas_invoice_type id',
  `sales_return` enum('ST','DA') NOT NULL COMMENT 'ST->update in stock,DA-> update in Damage',
  `creditnote_notification` varchar(500) NOT NULL,
  `created_by` int(11) NOT NULL,
  `updated_by` int(11) NOT NULL,
  `created_datetime` datetime NOT NULL,
  `updated_datetime` datetime NOT NULL,
  `is_updated_store` enum('Y','N') NOT NULL DEFAULT 'N',
  `posted` enum('Y','N') NOT NULL DEFAULT 'N',
  `responsible_user` int(11) NOT NULL,
  `creditnote_no` int(11) NOT NULL,
  `warehouse_id` int(11) NOT NULL,
  `payment_type` enum('CA','CH','CC','N','BT') NOT NULL DEFAULT 'N' COMMENT 'N-none,CA-card,CH-cash, CC- Card + Cash',
  `paid_card_amount` decimal(15,6) NOT NULL,
  `paid_cash_amount` decimal(15,6) NOT NULL,
  `paid_amount` decimal(15,6) NOT NULL,
  `authorization_code` varchar(255) NOT NULL,
  `commision_percentage` decimal(10,2) NOT NULL,
  `commision_amount` decimal(10,6) NOT NULL
) ENGINE=MyISAM DEFAULT CHARSET=latin1 COLLATE=latin1_swedish_ci;

--
-- Dumping data for table `erp_creditnote07_11_2024`
--

INSERT INTO `erp_creditnote07_11_2024` (`id`, `file_id`, `order_id`, `crm_user_id`, `invoice_id`, `project_id`, `customer_id`, `contact_id`, `exchange_rate`, `reference`, `currency`, `credited_amount`, `credited_date`, `reason`, `tax_type`, `total_tax_amount`, `notes`, `terms_and_conditions`, `remarks`, `isActive`, `invoice_type`, `sales_return`, `creditnote_notification`, `created_by`, `updated_by`, `created_datetime`, `updated_datetime`, `is_updated_store`, `posted`, `responsible_user`, `creditnote_no`, `warehouse_id`, `payment_type`, `paid_card_amount`, `paid_cash_amount`, `paid_amount`, `authorization_code`, `commision_percentage`, `commision_amount`) VALUES
(1, 2326, 0, 27, 40521, 0, 147, 0, 1.00, '', '1', 189.00, '2024-09-10', 'Client as for more Discount. (ops team forgot to tell accounts about this)', 0, 9.00, '', '', '', 'Y', 1, 'ST', '', 27, 0, '2024-09-10 10:59:12', '0000-00-00 00:00:00', 'Y', 'N', 0, 0, 1, '', 0.000000, 0.000000, 0.000000, '', 0.00, 0.000000);

-- --------------------------------------------------------

--
-- Table structure for table `erp_creditnote_addition`
--

CREATE TABLE `erp_creditnote_addition` (
  `id` int(11) NOT NULL,
  `creditnote_id` int(11) NOT NULL,
  `particular` varchar(255) NOT NULL,
  `particular_value` varchar(50) NOT NULL,
  `calculated_value` decimal(15,2) NOT NULL,
  `created_by` int(11) NOT NULL,
  `updated_by` int(11) NOT NULL,
  `created_datetime` datetime NOT NULL,
  `updated_datetime` datetime NOT NULL
) ENGINE=MyISAM DEFAULT CHARSET=latin1 COLLATE=latin1_swedish_ci;

-- --------------------------------------------------------

--
-- Table structure for table `erp_creditnote_deduction`
--

CREATE TABLE `erp_creditnote_deduction` (
  `id` int(11) NOT NULL,
  `creditnote_id` int(11) NOT NULL,
  `particular` varchar(255) NOT NULL,
  `particular_value` varchar(50) NOT NULL,
  `calculated_value` decimal(15,2) NOT NULL,
  `created_by` int(11) NOT NULL,
  `updated_by` int(11) NOT NULL,
  `created_datetime` datetime NOT NULL,
  `updated_datetime` datetime NOT NULL
) ENGINE=MyISAM DEFAULT CHARSET=latin1 COLLATE=latin1_swedish_ci;

-- --------------------------------------------------------

--
-- Table structure for table `erp_creditnote_item`
--

CREATE TABLE `erp_creditnote_item` (
  `id` int(11) NOT NULL,
  `creditnote_id` int(11) NOT NULL,
  `product_id` int(11) NOT NULL,
  `quantity` decimal(15,3) NOT NULL,
  `bonus_qty` decimal(15,3) NOT NULL,
  `description` text NOT NULL,
  `rate` decimal(15,3) NOT NULL,
  `returned_unit_id` int(11) NOT NULL,
  `returned_quantity` decimal(15,3) NOT NULL,
  `returned_bonus_qty` decimal(15,2) NOT NULL,
  `damage_quantity` decimal(15,3) NOT NULL,
  `net_amount` decimal(15,3) NOT NULL,
  `deliverynote_id` int(11) NOT NULL,
  `invoice_item_id` int(11) NOT NULL,
  `product_loc_hiring_id` int(11) NOT NULL,
  `tax_vat_amount` decimal(15,2) NOT NULL,
  `tax_vat_percentage` decimal(15,2) NOT NULL,
  `unit` int(11) NOT NULL,
  `created_by` int(11) NOT NULL,
  `updated_by` int(11) NOT NULL,
  `created_datetime` datetime NOT NULL,
  `updated_datetime` datetime NOT NULL,
  `remarks` text NOT NULL
) ENGINE=MyISAM DEFAULT CHARSET=latin1 COLLATE=latin1_swedish_ci;

--
-- Dumping data for table `erp_creditnote_item`
--

INSERT INTO `erp_creditnote_item` (`id`, `creditnote_id`, `product_id`, `quantity`, `bonus_qty`, `description`, `rate`, `returned_unit_id`, `returned_quantity`, `returned_bonus_qty`, `damage_quantity`, `net_amount`, `deliverynote_id`, `invoice_item_id`, `product_loc_hiring_id`, `tax_vat_amount`, `tax_vat_percentage`, `unit`, `created_by`, `updated_by`, `created_datetime`, `updated_datetime`, `remarks`) VALUES
(1, 200001, 2507, 1.000, 0.000, 'Removal of Dust', 100.000, 0, 1.000, 0.00, 0.000, 100.000, 0, 2586, 0, 5.00, 5.00, 1507, 0, 0, '0000-00-00 00:00:00', '0000-00-00 00:00:00', ''),
(2, 200002, 2507, 2.000, 0.000, 'Supply and installation of Hydraulic Gas Spring new made Germany with repair & services. Hopper door and denting and welding floor 3 / 4', 385.000, 0, 2.000, 0.00, 0.000, 770.000, 0, 2604, 0, 38.50, 5.00, 1507, 0, 0, '0000-00-00 00:00:00', '0000-00-00 00:00:00', ''),
(3, 200003, 1004, 10.000, 0.000, 'Under Voltage Relay UVR - 21 ', 95.000, 0, 10.000, 0.00, 0.000, 950.000, 0, 2606, 0, 47.50, 5.00, 1, 0, 0, '0000-00-00 00:00:00', '0000-00-00 00:00:00', ''),
(4, 200003, 1004, 10.000, 0.000, 'ABB Contactor ESB 24-40', 80.000, 0, 10.000, 0.00, 0.000, 800.000, 0, 2607, 0, 40.00, 5.00, 1, 0, 0, '0000-00-00 00:00:00', '0000-00-00 00:00:00', ''),
(5, 200004, 2507, 1.000, 0.000, 'Remove dust, clean the surface area	\r\nCover and pack of PU Foam 	\r\nSupply and apply Pu Foam 	\r\n', 819.000, 0, 1.000, 0.00, 0.000, 819.000, 0, 2699, 0, 40.95, 5.00, 1507, 0, 0, '0000-00-00 00:00:00', '0000-00-00 00:00:00', ''),
(6, 200005, 1004, 1.000, 0.000, 'AC Full Deep service(FCU):Cleaning & servicing of the indoor unit Cleaning of the filter,drain pipe and tray, Cleaning of the AC grill,', 375.000, 0, 1.000, 0.00, 0.000, 375.000, 0, 2707, 0, 18.75, 5.00, 1, 0, 0, '0000-00-00 00:00:00', '0000-00-00 00:00:00', ''),
(9, 200006, 1004, 1.000, 0.000, 'Removal of AC Fan motors,\r\nRewinding of fan motors (Qty:2) and Replacement of 4nos bearing & Capacitors , Installation of AC Fan motors, Qty:2, including labor charge', 1750.000, 0, 1.000, 0.00, 0.000, 1750.000, 0, 5353, 0, 87.50, 5.00, 1, 0, 0, '0000-00-00 00:00:00', '0000-00-00 00:00:00', '');

-- --------------------------------------------------------

--
-- Table structure for table `erp_creditnote_item07_11_2024`
--

CREATE TABLE `erp_creditnote_item07_11_2024` (
  `id` int(11) NOT NULL,
  `creditnote_id` int(11) NOT NULL,
  `product_id` int(11) NOT NULL,
  `quantity` decimal(15,3) NOT NULL,
  `bonus_qty` decimal(15,3) NOT NULL,
  `description` text NOT NULL,
  `rate` decimal(15,3) NOT NULL,
  `returned_unit_id` int(11) NOT NULL,
  `returned_quantity` decimal(15,3) NOT NULL,
  `returned_bonus_qty` decimal(15,2) NOT NULL,
  `damage_quantity` decimal(15,3) NOT NULL,
  `net_amount` decimal(15,3) NOT NULL,
  `deliverynote_id` int(11) NOT NULL,
  `invoice_item_id` int(11) NOT NULL,
  `product_loc_hiring_id` int(11) NOT NULL,
  `tax_vat_amount` decimal(15,2) NOT NULL,
  `tax_vat_percentage` decimal(15,2) NOT NULL,
  `unit` int(11) NOT NULL,
  `created_by` int(11) NOT NULL,
  `updated_by` int(11) NOT NULL,
  `created_datetime` datetime NOT NULL,
  `updated_datetime` datetime NOT NULL,
  `remarks` text NOT NULL
) ENGINE=MyISAM DEFAULT CHARSET=latin1 COLLATE=latin1_swedish_ci;

--
-- Dumping data for table `erp_creditnote_item07_11_2024`
--

INSERT INTO `erp_creditnote_item07_11_2024` (`id`, `creditnote_id`, `product_id`, `quantity`, `bonus_qty`, `description`, `rate`, `returned_unit_id`, `returned_quantity`, `returned_bonus_qty`, `damage_quantity`, `net_amount`, `deliverynote_id`, `invoice_item_id`, `product_loc_hiring_id`, `tax_vat_amount`, `tax_vat_percentage`, `unit`, `created_by`, `updated_by`, `created_datetime`, `updated_datetime`, `remarks`) VALUES
(1, 1, 1004, 1.000, 0.000, 'Repairing the Outdoor power isolator cover', 180.000, 0, 1.000, 0.00, 0.000, 180.000, 0, 3236, 0, 9.00, 5.00, 1, 0, 0, '0000-00-00 00:00:00', '0000-00-00 00:00:00', '');

-- --------------------------------------------------------

--
-- Table structure for table `erp_customer`
--

CREATE TABLE `erp_customer` (
  `id` bigint(20) NOT NULL,
  `firebase_uid` varchar(1024) NOT NULL,
  `lead_owner_id` int(11) NOT NULL,
  `customer_name` varchar(255) NOT NULL,
  `token` varchar(256) NOT NULL,
  `customer_credit_limit` decimal(15,2) NOT NULL,
  `customer_currency_id` int(11) NOT NULL,
  `customer_address` text NOT NULL,
  `customer_city` varchar(255) NOT NULL,
  `customer_postal_code` varchar(255) NOT NULL,
  `customer_state` varchar(255) NOT NULL,
  `customer_country` varchar(255) NOT NULL,
  `customer_emirates_name` int(11) NOT NULL COMMENT 'primary key of masemirateslist',
  `customer_phone_no` varchar(255) NOT NULL,
  `customer_email_id` varchar(255) NOT NULL,
  `customer_location` varchar(255) NOT NULL,
  `customer_payment_term` varchar(255) NOT NULL,
  `default_pricing_group_id` int(11) NOT NULL,
  `customer_fax` varchar(255) NOT NULL,
  `customer_web` varchar(255) NOT NULL,
  `customer_industry` varchar(255) NOT NULL,
  `customer_trn_no` varchar(255) NOT NULL,
  `customer_trn_no_2` varchar(255) NOT NULL,
  `customer_shj_imp_code` varchar(255) NOT NULL,
  `is_approved` enum('Y','N') NOT NULL DEFAULT 'N',
  `customer_remarks` text NOT NULL,
  `lattitude` varchar(255) NOT NULL,
  `longitude` varchar(255) NOT NULL,
  `isActive` enum('Y','N','B','D') NOT NULL DEFAULT 'Y',
  `isCompetitor` enum('N','Y') NOT NULL DEFAULT 'N',
  `created_date_time` datetime NOT NULL,
  `created_by` int(11) NOT NULL,
  `updated_date_time` datetime NOT NULL,
  `updated_by` int(11) NOT NULL,
  `subledger_added` enum('Y','N') NOT NULL DEFAULT 'N',
  `nick_name` varchar(255) NOT NULL,
  `old_account_no` varchar(255) NOT NULL,
  `customer_notification` varchar(500) NOT NULL,
  `location_id` int(11) NOT NULL,
  `isDefault` enum('Y','N') NOT NULL DEFAULT 'N'
) ENGINE=InnoDB DEFAULT CHARSET=latin1 COLLATE=latin1_swedish_ci;

--
-- Dumping data for table `erp_customer`
--

INSERT INTO `erp_customer` (`id`, `firebase_uid`, `lead_owner_id`, `customer_name`, `token`, `customer_credit_limit`, `customer_currency_id`, `customer_address`, `customer_city`, `customer_postal_code`, `customer_state`, `customer_country`, `customer_emirates_name`, `customer_phone_no`, `customer_email_id`, `customer_location`, `customer_payment_term`, `default_pricing_group_id`, `customer_fax`, `customer_web`, `customer_industry`, `customer_trn_no`, `customer_trn_no_2`, `customer_shj_imp_code`, `is_approved`, `customer_remarks`, `lattitude`, `longitude`, `isActive`, `isCompetitor`, `created_date_time`, `created_by`, `updated_date_time`, `updated_by`, `subledger_added`, `nick_name`, `old_account_no`, `customer_notification`, `location_id`, `isDefault`) VALUES
(1, '565748', 0, 'Mohamed', '1-C1694440814', 0.00, 1, '', '', '', '', '143', 0, '9876543210', '', '', '5', 1, '', '', '', '', '', '', 'N', '', '', '', 'Y', 'N', '0000-00-00 00:00:00', 0, '0000-00-00 00:00:00', 0, 'N', '', '', '', 0, 'N'),
(2, '', 0, 'Fathima', '2-C1694440814', 0.00, 1, '', '', '', '', '143', 0, '45678', '', '', '5', 1, '', '', '', '', '', '', 'N', '', '', '', 'Y', 'N', '0000-00-00 00:00:00', 0, '0000-00-00 00:00:00', 0, 'N', '', '', '', 0, 'N'),
(3, '', 1, 'ABDULLA', '3-C1694440814', 0.00, 1, '', '', '', '', '143', 4, '4567890', '', '', '5', 1, '', '', '', '', '', '', 'N', '', '', '', 'Y', '', '0000-00-00 00:00:00', 0, '2023-11-15 14:12:47', 1, 'N', '', '', '', 0, 'N'),
(4, '', 2, 'Harbor Realestate Broker ', '4-C1694440814', 0.00, 1, 'City Tower 2,18th Floor\r\nSheikh Zayed Road\r\nPO Box:214636\r\nDubai - UAE', 'City Tower 2,18th Floor Sheikh Zayed Road', '214636', 'Dubai', '143', 4, '043215156', 'Ilmas@Harbordubai.com', '', '5', 1, '', '', '', '100305534800003', '', '', 'N', '', '', '', 'Y', '', '2023-09-09 11:11:21', 2, '2024-03-01 13:51:17', 27, 'N', '', '', '', 0, 'N'),
(5, '', 0, 'Manu Varghese', '5-C1694440814', 0.00, 1, '', '', '', '', '143', 0, '0398478', 'manu@gmail.com', '', '5', 1, '', '', '', '', '', '', 'N', '', '', '', 'Y', 'N', '0000-00-00 00:00:00', 0, '0000-00-00 00:00:00', 0, 'N', '', '', '', 0, 'N'),
(11, 'CNXkvVn6viTAKD5kPoBHoMHrcb122', 0, 'Rumopm', '11-C1694687792', 0.00, 1, '', '', '', '', '143', 0, '9175919275002', 'rumaise@gmail.com', '', '5', 1, '', '', '', '', '', '', 'N', '', '', '', 'Y', 'N', '0000-00-00 00:00:00', 0, '0000-00-00 00:00:00', 0, 'N', '', '', '', 0, 'N'),
(12, '', 1, 'AJV', '12-C1694693439', 0.00, 1, '', '', '', '', '143', 4, '971505770399', 'ajv@gmail.com', '', '5', 1, '', '', '', '', '', '', 'N', '', '', '', 'Y', '', '0000-00-00 00:00:00', 0, '2023-10-09 14:22:31', 1, 'N', '', '', '', 0, 'N'),
(17, 'foGIRLRzhdUUhVFzx1x5h0oSkXs2', 0, 'Daddy Girija', '17-C1694764060', 0.00, 1, '', '', '', '', '143', 0, '917591927500', 'rumaise@gmail.com', '', '5', 1, '', '', '', '', '', '', 'N', '', '', '', 'Y', 'N', '0000-00-00 00:00:00', 0, '0000-00-00 00:00:00', 0, 'N', '', '', '', 0, 'N'),
(18, 'ChS1jNeRvOS6MthqUaE1uB58b9v2', 0, 'Habeeb', '18-C1694848417', 0.00, 1, '', '', '', '', '143', 0, '971523612405', 'habeeb@gmail.com', '', '5', 1, '', '', '', '', '', '', 'N', '', '', '', 'Y', 'N', '0000-00-00 00:00:00', 0, '0000-00-00 00:00:00', 0, 'N', '', '', '', 0, 'N'),
(19, '', 6, 'xxHarbor Real Estate', '', 0.00, 1, 'City Tower 2, 18th Floor, Sheikh Zayed Road, Office No 1803', 'Dubai', '214636', 'Dubai', '143', 4, '971506763312', 'Ilmas@harbordubai.com', '', '5', 1, '', '', '', '', '', '', 'N', '', '', '', 'Y', '', '2023-10-07 13:54:52', 6, '2024-05-18 03:18:35', 27, 'N', '', '', '', 1, 'N'),
(21, '', 1, 'Rumaise', '21-C1696828267', 0.00, 1, 'Bay Square\r\nBusiness Bay, Dubai\r\nUnited Arab Emirates', 'Dubai', '1234', 'Dubai', '143', 4, '971588940888', 'puthumannilrumaiz@gmail.com', '', '5', 1, '', '', '', '1010000000012001', '', '', 'N', '', '', '', 'Y', '', '0000-00-00 00:00:00', 0, '2023-10-12 10:15:25', 1, 'N', '', '', '', 1, 'N'),
(22, '', 1, 'Tester', '22-C1696849544', 0.00, 1, '', '', '', '', '143', 4, '971505770397', 'tester@gmail.com', '', '5', 1, '', '', '', '', '', '', 'N', '', '', '', 'Y', '', '0000-00-00 00:00:00', 0, '2023-11-15 14:20:38', 1, 'N', '', '', '', 0, 'N'),
(23, '', 0, 'Tester', '23-C1696849923', 0.00, 1, '', '', '', '', '143', 0, '971505770392', 'tester@gmail.com', '', '5', 1, '', '', '', '', '', '', 'N', '', '', '', 'Y', 'N', '0000-00-00 00:00:00', 0, '0000-00-00 00:00:00', 0, 'N', '', '', '', 0, 'N'),
(24, '', 0, 'Tester', '24-C1696849925', 0.00, 1, '', '', '', '', '143', 0, '971505770392', 'tester@gmail.com', '', '5', 1, '', '', '', '', '', '', 'N', '', '', '', 'Y', 'N', '0000-00-00 00:00:00', 0, '0000-00-00 00:00:00', 0, 'N', '', '', '', 0, 'N'),
(25, '', 0, 'Tester', '25-C1696849926', 0.00, 1, '', '', '', '', '143', 0, '971505770392', 'tester@gmail.com', '', '5', 1, '', '', '', '', '', '', 'N', '', '', '', 'Y', 'N', '0000-00-00 00:00:00', 0, '0000-00-00 00:00:00', 0, 'N', '', '', '', 0, 'N'),
(26, '', 0, 'Tester', '26-C1696849927', 0.00, 1, '', '', '', '', '143', 0, '971505770392', 'tester@gmail.com', '', '5', 1, '', '', '', '', '', '', 'N', '', '', '', 'Y', 'N', '0000-00-00 00:00:00', 0, '0000-00-00 00:00:00', 0, 'N', '', '', '', 0, 'N'),
(27, '', 0, 'Tester', '27-C1696849928', 0.00, 1, '', '', '', '', '143', 0, '971505770392', 'tester@gmail.com', '', '5', 1, '', '', '', '', '', '', 'N', '', '', '', 'Y', 'N', '0000-00-00 00:00:00', 0, '0000-00-00 00:00:00', 0, 'N', '', '', '', 0, 'N'),
(28, '', 0, 'Bluesky Tester', '28-C1696850514', 0.00, 1, '', '', '', '', '143', 0, '971505770392', 'bluesky@gmail.com', '', '5', 1, '', '', '', '', '', '', 'N', '', '', '', 'Y', 'N', '0000-00-00 00:00:00', 0, '0000-00-00 00:00:00', 0, 'N', '', '', '', 0, 'N'),
(29, 'IKrBpPahf0fVib3p5lO1b68eXY33', 1, 'Rumaise Bluesky', '29-C1697002805', 0.00, 1, '', '', '', '', '143', 4, '971588940823', 'puthumannilrumaiz@gmail.com', '', '5', 1, '', '', '', '', '', '', 'N', '', '', '', 'Y', '', '0000-00-00 00:00:00', 0, '2023-10-11 09:45:08', 1, 'N', '', '', '', 0, 'N'),
(30, 'IKrBpPahf0fVib3p5lO1b68eXY33', 1, 'Rumaise New', '30-C1697005238', 0.00, 1, '', '', '', '', '143', 4, '971588940812', 'puthumannilrumaiz@gmail.com', '', '5', 1, '', '', '', '', '', '', 'N', '', '', '', 'Y', '', '0000-00-00 00:00:00', 0, '2023-10-11 10:21:20', 1, 'N', '', '', '', 0, 'N'),
(31, 'IKrBpPahf0fVib3p5lO1b68eXY33', 1, 'Rumaise 12', '31-C1697005326', 0.00, 1, '', '', '', '', '143', 4, '971588940855', 'puthumannilrumaiz@gmail.com', '', '5', 1, '', '', '', '', '', '', 'N', '', '', '', 'Y', '', '0000-00-00 00:00:00', 0, '2023-10-11 10:27:29', 1, 'N', '', '', '', 0, 'N'),
(32, 'IKrBpPahf0fVib3p5lO1b68eXY33', 1, 'Rumaise 12', '32-C1697005508', 0.00, 1, '', '', '', '', '143', 4, '971588940877', 'puthumannilrumaiz@gmail.com', '', '5', 1, '', '', '', '', '', '', 'N', '', '', '', 'Y', '', '0000-00-00 00:00:00', 0, '2023-10-11 10:27:18', 1, 'N', '', '', '', 0, 'N'),
(33, 'IKrBpPahf0fVib3p5lO1b68eXY33', 1, 'Rumaise Test New', '33-C1697005724', 0.00, 1, '', '', '', '', '143', 4, '971588947485', 'puthumannilrumaiz@gmail.com', '', '5', 1, '', '', '', '', '', '', 'N', '', '', '', 'Y', '', '0000-00-00 00:00:00', 0, '2023-10-11 10:46:26', 1, 'N', '', '', '', 0, 'N'),
(34, 'IKrBpPahf0fVib3p5lO1b68eXY33', 1, 'Rumaise 12', '34-C1697005802', 0.00, 1, '', '', '', '', '143', 4, '97158894123', 'puthumannilrumaiz@gmail.com', '', '5', 1, '', '', '', '', '', '', 'N', '', '', '', 'Y', '', '0000-00-00 00:00:00', 0, '2023-10-11 10:46:17', 1, 'N', '', '', '', 0, 'N'),
(35, 'IKrBpPahf0fVib3p5lO1b68eXY33', 1, 'Bluesky Tester', '35-C1697008068', 0.00, 1, '', '', '', '', '143', 4, '971588940748', 'puthumannilrumaiz@gmail.com', '', '5', 1, '', '', '', '', '', '', 'N', '', '', '', 'Y', '', '0000-00-00 00:00:00', 0, '2023-11-15 14:13:01', 1, 'N', '', '', '', 0, 'N'),
(36, 'IKrBpPahf0fVib3p5lO1b68eXY33', 1, 'Rumaise2', '36-C1697008218', 0.00, 1, '', '', '', '', '143', 4, '971588945698', 'puthumannilrumaiz@gmail.com', '', '5', 1, '', '', '', '', '', '', 'N', '', '', '', 'Y', '', '0000-00-00 00:00:00', 0, '2023-10-11 11:12:33', 1, 'N', '', '', '', 0, 'N'),
(37, 'IKrBpPahf0fVib3p5lO1b68eXY33', 0, 'Tester 2', '37-C1697008485', 0.00, 1, '', '', '', '', '143', 0, '971588940890', 'testing@gmail.com', '', '5', 1, '', '', '', '', '', '', 'N', '', '', '', 'Y', 'N', '0000-00-00 00:00:00', 0, '0000-00-00 00:00:00', 0, 'N', '', '', '', 0, 'N'),
(38, '6jCJUskbhldFQuidWciO67dvDzm2', 0, 'Fmts', '38-C1697048595', 0.00, 1, '', '', '', '', '143', 0, '971545739909', 'yousef@ifmdubai.net', '', '5', 1, '', '', '', '', '', '', 'N', '', '', '', 'Y', 'N', '0000-00-00 00:00:00', 0, '0000-00-00 00:00:00', 0, 'N', '', '', '', 0, 'N'),
(39, 'HrIxcKltPzRYvTuq7klxpfzFN093', 0, 'Syed Shahnawaz ', '39-C1697177968', 0.00, 1, '', '', '', '', '143', 0, '971509725790', 'syedshahnawaz113@gmail.com', '', '1', 1, '', '', '', '', '', '', 'N', '', '', '', 'Y', 'N', '0000-00-00 00:00:00', 0, '0000-00-00 00:00:00', 0, 'N', '', '', '', 0, 'N'),
(40, '', 6, 'Direct from JVC', '', 0.00, 1, '', '', '', '', '143', 4, '582573079', '', '', '1', 1, '', '', '', '', '', '', 'N', '', '', '', 'Y', '', '2023-10-13 11:07:07', 6, '2023-11-03 12:56:34', 6, 'N', '', '', '', 1, 'N'),
(41, 'fvpaVjlLrdQxZBwLNA37pBVEdlv1', 0, 'Hafiz', '41-C1697189301', 0.00, 1, '', '', '', '', '143', 0, '971509464434', 'ismail.sultan1992@gmail.com', '', '1', 1, '', '', '', '', '', '', 'N', '', '', '', 'Y', 'N', '0000-00-00 00:00:00', 0, '0000-00-00 00:00:00', 0, 'N', '', '', '', 0, 'N'),
(42, '', 2, 'AREC Properties Co. Limited', '', 0.00, 1, '', '', '', '', '143', 4, '0503274844', 'accounts@arec-kwt.com', '', '1', 1, '', '', '', '100294969900003', '', '', 'N', '', '', '', 'Y', '', '2023-10-24 10:48:13', 2, '2023-10-24 10:48:54', 2, 'N', '', '', '', 0, 'N'),
(43, '', 29, 'NA', '', 0.00, 1, '', '', '', '', '143', 4, '971501059081', '', '', '1', 1, '', '', '', '', '', '', 'N', '', '', '', 'Y', '', '2023-11-14 12:24:38', 29, '2023-11-14 12:34:33', 29, 'N', '', '', '', 0, 'N'),
(44, '', 2, 'xxHarbour Real Estate', '', 0.00, 1, '', '', '', '', '143', 4, '0506763312', 'Ilmas@harbordubai.com', '', '1', 1, '', '', '', '100305534800003', '', '', 'N', '', '', '', 'Y', '', '2023-11-15 16:11:05', 2, '2024-05-18 03:18:13', 27, 'N', '', '', '', 1, 'N'),
(45, '', 29, 'NA B9', '', 0.00, 1, '', '', '', '', '143', 4, '0501059041', '', '', '1', 1, '', '', '', '', '', '', 'N', '', '', '', 'Y', 'N', '2023-11-17 14:23:04', 29, '2023-11-17 14:23:04', 29, 'N', '', '', '', 0, 'N'),
(46, '', 27, 'Stratum Owner Association Management Services LLC', '', 0.00, 1, 'Grosvenor Business Tower\r\nHessa Street Barsha Heights\r\nDubai, UAE\r\n', '', '', '', '143', 4, '044356460', 'account5@stratum.ae', '', '1', 1, '', '', '', '100025677400003', '', '', 'N', '', '', '', 'Y', 'N', '2023-11-22 12:43:34', 27, '2023-11-22 12:43:34', 27, 'N', '', '', '', 1, 'N'),
(47, '0eEF5YNMxlhsg6heevt4eUsR2Yq1', 0, 'Mamitha', '47-C1700727930', 0.00, 1, '', '', '', '', '143', 0, '971509727673', 'mamitha@fmtsdubai.com', '', '1', 1, '', '', '', '', '', '', 'N', '', '', '', 'Y', 'N', '0000-00-00 00:00:00', 0, '0000-00-00 00:00:00', 0, 'N', '', '', '', 0, 'N'),
(48, 'muc72BdwyTPMpFeXOaI5381tLkl1', 0, 'Bryan', '48-C1700728052', 0.00, 1, '', '', '', '', '143', 0, '971561850901', 'bklfaraon89@gmail.com', '', '1', 1, '', '', '', '', '', '', 'N', '', '', '', 'Y', 'N', '0000-00-00 00:00:00', 0, '0000-00-00 00:00:00', 0, 'N', '', '', '', 0, 'N'),
(49, 'Xg3ddFZdWpUkVD3kHDqdTl6c1Jf2', 0, 'Joanna', '49-C1700728122', 0.00, 1, '', '', '', '', '143', 0, '971501059294', 'mariajoannramos@yahoo.com', '', '1', 1, '', '', '', '', '', '', 'N', '', '', '', 'Y', 'N', '0000-00-00 00:00:00', 0, '0000-00-00 00:00:00', 0, 'N', '', '', '', 0, 'N'),
(50, '03oU9ZIYj5PtMEh8Gu3xrgsqKSL2', 0, 'Anish', '50-C1700728292', 0.00, 1, '', '', '', '', '143', 0, '971501059081', 'anish@fmtsdubai.com', '', '1', 1, '', '', '', '', '', '', 'N', '', '', '', 'Y', 'N', '0000-00-00 00:00:00', 0, '0000-00-00 00:00:00', 0, 'N', '', '', '', 0, 'N'),
(51, '', 29, 'NA1', '', 0.00, 1, '', '', '', '', '143', 4, '971501059041', '', '', '1', 1, '', '', '', '', '', '', 'N', '', '', '', 'Y', 'N', '2023-11-25 10:31:30', 29, '2023-11-25 10:31:30', 29, 'N', '', '', '', 0, 'N'),
(52, '', 29, 'HRE', '', 0.00, 1, '', '', '', '', '143', 4, '971508895127', '', '', '1', 1, '', '', '', '', '', '', 'N', '', '', '', 'Y', 'N', '2023-11-27 15:43:03', 29, '2023-11-27 15:43:03', 29, 'N', '', '', '', 0, 'N'),
(53, '', 6, 'Abdulmajeed Ismail Ali Abdulrahim Alfahim', '', 0.00, 1, 'Dubai - UAE', '', '', '', '143', 4, '971543108238', '', '', '1', 1, '', '', '', '', '', '', 'N', '', '', '', 'Y', '', '2023-11-29 10:50:27', 6, '2024-01-31 15:08:03', 6, 'N', '', '', '', 1, 'N'),
(54, '', 6, 'Amr Abdelhafiz Mohamed ', '', 0.00, 1, 'Dubai - UAE', '', '', '', '143', 4, '971527766890', '', '', '1', 1, '', '', '', '', '', '', 'N', '', '', '', 'Y', 'N', '2023-11-29 13:42:42', 6, '2023-11-29 13:42:42', 6, 'N', '', '', '', 0, 'N'),
(55, '', 6, 'Manipparambil Kannan', '', 0.00, 1, 'Dubai', '', '', '', '143', 4, '971504121415', '', '', '1', 1, '', '', '', '', '', '', 'N', '', '', '', 'Y', 'N', '2023-11-29 14:13:24', 6, '2023-11-29 14:13:24', 6, 'N', '', '', '', 0, 'N'),
(56, '', 6, 'Mohammed Qasim', '', 0.00, 1, '', '', '', '', '143', 4, '971555494529', '', '', '1', 1, '', '', '', '', '', '', 'N', '', '', '', 'Y', 'N', '2023-11-29 14:52:00', 6, '2023-11-29 14:52:00', 6, 'N', '', '', '', 0, 'N'),
(57, '', 6, 'Direct Tenant', '', 0.00, 1, 'Building 9\r\nBay Square', '', '', '', '143', 4, '0509280000', '', '', '1', 1, '', '', '', '', '', '', 'N', '', '', '', 'Y', '', '2023-11-30 12:45:00', 6, '2024-07-10 16:19:15', 27, 'N', '', '', '', 0, 'N'),
(58, '', 6, 'Ali Hassan Salem Abdulla Al Blooshi', '', 0.00, 1, 'Dubai Production City', '', '', '', '143', 4, '504121415', '', '', '1', 1, '', '', '', '', '', '', 'N', '', '', '', 'Y', 'N', '2023-12-05 11:45:58', 6, '2023-12-05 11:45:58', 6, 'N', '', '', '', 0, 'N'),
(59, '', 6, 'Mohanad Elwadia', '', 0.00, 1, 'Dubai - UAE', '', '', '', '143', 4, '0561134534', '', '', '1', 1, '', '', '', '', '', '', 'N', '', '', '', 'Y', 'N', '2023-12-08 17:17:57', 6, '2023-12-08 17:17:57', 6, 'N', '', '', '', 0, 'N'),
(60, 'dCZU0oyKZdPFRZqJ8ghDGFclIia2', 0, 'Santhosh ', '60-C1702105390', 0.00, 1, '', '', '', '', '143', 0, '971545493796', 'Santhosh@creaticksolutionz.com', '', '1', 1, '', '', '', '', '', '', 'N', '', '', '', 'Y', 'N', '0000-00-00 00:00:00', 0, '0000-00-00 00:00:00', 0, 'N', '', '', '', 0, 'N'),
(61, '', 6, 'Saad Hammadi', '', 0.00, 1, '', '', '', '', '143', 4, '506763312', '', '', '1', 1, '', '', '', '', '', '', 'N', '', '', '', 'Y', 'N', '2023-12-11 11:33:17', 6, '2023-12-11 11:33:17', 6, 'N', '', '', '', 0, 'N'),
(62, '', 29, 'Jeanette Storgaard', '', 0.00, 1, '', '', '', '', '143', 4, '0522561700', '', '', '1', 1, '', '', '', '', '', '', 'N', '', '', '', 'Y', 'N', '2023-12-11 11:45:46', 29, '2023-12-11 11:45:46', 29, 'N', '', '', '', 0, 'N'),
(63, '', 29, 'xxHARBOR REAL ESTATE', '', 0.00, 1, '', '', '', '', '143', 4, '0508895128', '', '', '1', 1, '', '', '', '', '', '', 'N', '', '', '', 'Y', '', '2023-12-12 08:45:40', 29, '2024-05-18 03:17:58', 27, 'N', '', '', '', 0, 'N'),
(64, '', 29, 'Building 9 402', '', 0.00, 1, '', '', '', '', '143', 4, '0501059042', '', '', '1', 1, '', '', '', '', '', '', 'N', '', '', '', 'Y', 'N', '2023-12-12 10:16:30', 29, '2023-12-12 10:16:30', 29, 'N', '', '', '', 0, 'N'),
(65, '', 29, 'NA ', '', 0.00, 1, '', '', '', '', '143', 4, '0501059065', '', '', '1', 1, '', '', '', '', '', '', 'N', '', '', '', 'Y', 'N', '2023-12-12 10:23:25', 29, '2023-12-12 10:23:25', 29, 'N', '', '', '', 0, 'N'),
(66, '', 29, 'SHEIKHA HESSA', '', 0.00, 1, '', '', '', '', '143', 4, '0543030834', '', '', '1', 1, '', '', '', '', '', '', 'N', '', '', '', 'Y', 'N', '2023-12-12 12:11:22', 29, '2023-12-12 12:11:22', 29, 'N', '', '', '', 0, 'N'),
(67, '', 29, 'NA...', '', 0.00, 1, '', '', '', '', '143', 4, '0582573079', '', '', '1', 1, '', '', '', '', '', '', 'N', '', '', '', 'Y', 'N', '2023-12-13 15:42:01', 29, '2023-12-13 15:42:01', 29, 'N', '', '', '', 0, 'N'),
(68, '', 29, 'NA3', '', 0.00, 1, '', '', '', '', '143', 4, '0563691318', '', '', '1', 1, '', '', '', '', '', '', 'N', '', '', '', 'Y', 'N', '2023-12-13 16:12:03', 29, '2023-12-13 16:12:03', 29, 'N', '', '', '', 0, 'N'),
(69, '', 29, 'NA1', '', 0.00, 1, '', '', '', '', '143', 4, '0503661819', '', '', '1', 1, '', '', '', '', '', '', 'N', '', '', '', 'Y', 'N', '2023-12-13 16:36:29', 29, '2023-12-13 16:36:29', 29, 'N', '', '', '', 0, 'N'),
(70, '', 29, 'FERRAO OFFICE ', '', 0.00, 1, '', '', '', '', '143', 4, '0509725790', '', '', '1', 1, '', '', '', '', '', '', 'N', '', '', '', 'Y', 'N', '2023-12-15 11:10:24', 29, '2023-12-15 11:10:24', 29, 'N', '', '', '', 0, 'N'),
(71, '', 6, 'Ishfaq Ali Tassawar Ali', '', 0.00, 1, 'Dubai - UAE', '', '', '', '143', 4, '542756213', '', '', '1', 1, '', '', '', '', '', '', 'N', '', '', '', 'Y', 'N', '2023-12-15 16:35:49', 6, '2023-12-15 16:35:49', 6, 'N', '', '', '', 0, 'N'),
(72, '', 6, 'xxHarbor Real Estate', '', 0.00, 1, '', '', '', '', '143', 4, '0522670847', '', '', '1', 1, '', '', '', '', '', '', 'N', '', '', '', 'Y', '', '2023-12-16 10:55:52', 6, '2024-05-18 03:18:24', 27, 'N', '', '', '', 0, 'N'),
(73, '', 6, 'Rabiah Haliq', '', 0.00, 1, '', '', '', '', '143', 4, '0506403969', '', '', '1', 1, '', '', '', '', '', '', 'N', '', '', '', 'Y', 'N', '2023-12-19 09:25:25', 6, '2023-12-19 09:25:25', 6, 'N', '', '', '', 0, 'N'),
(74, '', 6, 'Jabir Saqar Awad Binfalak Alketbi', '', 0.00, 1, '', '', '', '', '143', 4, '0551573219', '', '', '1', 1, '', '', '', '', '', '', 'N', '', '', '', 'Y', 'N', '2023-12-19 11:55:24', 6, '2023-12-19 11:55:24', 6, 'N', '', '', '', 0, 'N'),
(75, '', 6, 'Hanaa Mansour  Issa Mansour', '', 0.00, 1, '', '', '', '', '143', 4, '0559696435', '', '', '1', 1, '', '', '', '', '', '', 'N', '', '', '', 'Y', 'N', '2023-12-21 12:41:58', 6, '2023-12-21 12:41:58', 6, 'N', '', '', '', 0, 'N'),
(76, '', 6, 'Dr. Saleh Moahamed Saleh Ali', '', 0.00, 1, '', '', '', '', '143', 4, '0585291802', '', '', '1', 1, '', '', '', '', '', '', 'N', '', '', '', 'Y', 'N', '2023-12-26 12:09:58', 6, '2023-12-26 12:09:58', 6, 'N', '', '', '', 0, 'N'),
(77, '', 6, 'Marwan Qassim', '', 0.00, 1, '', '', '', '', '143', 4, '0581814040', '', '', '1', 1, '', '', '', '', '', '', 'N', '', '', '', 'Y', 'N', '2023-12-29 17:33:56', 6, '2023-12-29 17:33:56', 6, 'N', '', '', '', 0, 'N'),
(78, '', 6, 'Amal Mohammed AlAbdoli', '', 0.00, 1, '', '', '', '', '143', 4, '0585749764', '', '', '1', 1, '', '', '', '', '', '', 'N', '', '', '', 'Y', 'N', '2024-01-02 11:03:21', 6, '2024-01-02 11:03:21', 6, 'N', '', '', '', 0, 'N'),
(79, '', 6, 'Aseel Ahmed H Omran', '', 0.00, 1, '', '', '', '', '143', 4, '0556374228', '', '', '1', 1, '', '', '', '', '', '', 'N', '', '', '', 'Y', 'N', '2024-01-02 12:02:57', 6, '2024-01-02 12:02:57', 6, 'N', '', '', '', 0, 'N'),
(80, '', 6, 'Saad Lamjarred', '', 0.00, 1, '', '', '', '', '143', 4, '0556376347', '', '', '1', 1, '', '', '', '', '', '', 'N', '', '', '', 'Y', 'N', '2024-01-02 14:55:43', 6, '2024-01-02 14:55:43', 6, 'N', '', '', '', 0, 'N'),
(81, '', 6, 'Mohammed Abdulla Mohammed Falaknaz', '', 0.00, 1, '', '', '', '', '143', 4, '0555801298', '', '', '1', 1, '', '', '', '', '', '', 'N', '', '', '', 'Y', 'N', '2024-01-04 10:25:08', 6, '2024-01-04 10:25:08', 6, 'N', '', '', '', 0, 'N'),
(82, '', 6, 'Marwan Naseer Jasim Humaid Al Ali', '', 0.00, 1, '', '', '', '', '143', 4, '0505281460', '', '', '1', 1, '', '', '', '', '', '', 'N', '', '', '', 'Y', 'N', '2024-01-04 18:34:45', 6, '2024-01-04 18:34:45', 6, 'N', '', '', '', 0, 'N'),
(83, '', 27, 'AURORA PRIME INVESTMENT L.L.C', '', 0.00, 1, 'Office P03 & P04, Building 08, \r\nBay Square, Business Bay, Dubai - UAE', '', '', '', '143', 4, '045846727', 'hr@greengardenia.ae', '', '1', 1, '', '', '', '100484567100003', '', '', 'N', '', '', '', 'Y', 'N', '2024-01-11 15:01:13', 27, '2024-01-11 15:01:13', 27, 'N', '', '', '', 1, 'N'),
(84, '', 6, 'Azzam A.M', '', 0.00, 1, '', '', '', '', '143', 4, '0504308393', '', '', '1', 1, '', '', '', '', '', '', 'N', '', '', '', 'Y', 'N', '2024-01-11 15:50:00', 6, '2024-01-11 15:50:00', 6, 'N', '', '', '', 0, 'N'),
(85, '', 6, 'Manal Marei Taleb Bin Anooz', '', 0.00, 1, '', '', '', '', '143', 4, '0502285285', '', '', '1', 1, '', '', '', '', '', '', 'N', '', '', '', 'Y', 'N', '2024-01-16 11:54:33', 6, '2024-01-16 11:54:33', 6, 'N', '', '', '', 0, 'N'),
(86, '', 6, 'Srinivas Kasthuri &Sejuti Roy', '', 0.00, 1, '', '', '', '', '143', 4, '0585009133', '', '', '1', 1, '', '', '', '', '', '', 'N', '', '', '', 'Y', 'N', '2024-01-17 17:35:26', 6, '2024-01-17 17:35:26', 6, 'N', '', '', '', 0, 'N'),
(87, '', 6, 'Samer Malak', '', 0.00, 1, '', '', '', '', '143', 4, '552219005', '', '', '7', 1, '', '', '', '', '', '', 'N', '', '', '', 'Y', 'N', '2024-01-22 15:45:46', 6, '2024-01-22 15:45:46', 6, 'N', '', '', '', 0, 'N'),
(88, '', 6, 'Hanan Abdulrahman Falaknaz Albastaki', '', 0.00, 1, '', '', '', '', '143', 4, '505859253', '', '', '7', 1, '', '', '', '', '', '', 'N', '', '', '', 'Y', 'N', '2024-01-31 15:24:10', 6, '2024-01-31 15:24:10', 6, 'N', '', '', '', 0, 'N'),
(89, '', 6, 'Haneen al Haji', '', 0.00, 1, '', '', '', '', '143', 4, '508464000', '', '', '5', 1, '', '', '', '', '', '', 'N', '', '', '', 'Y', 'N', '2024-02-08 10:29:17', 6, '2024-02-08 10:29:17', 6, 'N', '', '', '', 0, 'N'),
(90, '', 6, 'Jean N Hanna & Rima Nehme Hanna', '', 0.00, 1, '', '', '', '', '143', 4, '0501845318', '', '', '5', 1, '', '', '', '', '', '', 'N', '', '', '', 'Y', 'N', '2024-02-17 13:29:57', 6, '2024-02-17 13:29:57', 6, 'N', '', '', '', 0, 'N'),
(91, '', 6, 'Mousa Al Ansari ', '', 0.00, 1, '', '', '', '', '143', 4, '0556510178', '', '', '5', 1, '', '', '', '', '', '', 'N', '', '', '', 'Y', 'N', '2024-02-21 11:05:39', 6, '2024-02-21 11:05:39', 6, 'N', '', '', '', 0, 'N'),
(92, '', 6, 'Majd Alwadiya', '', 0.00, 1, '', '', '', '', '143', 4, '566444034', '', '', '5', 1, '', '', '', '', '', '', 'N', '', '', '', 'Y', 'N', '2024-02-26 12:45:20', 6, '2024-02-26 12:45:20', 6, 'N', '', '', '', 0, 'N'),
(93, '', 6, 'Mageda Mohamed Mohamed Hashem', '', 0.00, 1, '', '', '', '', '143', 4, '971544629204', '', '', '5', 1, '', '', '', '', '', '', 'N', '', '', '', 'Y', 'N', '2024-02-27 14:50:43', 6, '2024-02-27 14:50:43', 6, 'N', '', '', '', 0, 'N'),
(94, '', 6, 'Amal Haliq', '', 0.00, 1, '', '', '', '', '143', 4, '0558240905', '', '', '5', 1, '', '', '', '', '', '', 'N', '', '', '', 'Y', 'N', '2024-03-05 12:32:08', 6, '2024-03-05 12:32:08', 6, 'N', '', '', '', 0, 'N'),
(95, '', 6, 'H.E Eng. Mohammed Ahmed Mohammed bin Abdulaziz Al Shehhi ', '', 0.00, 1, '', '', '', '', '143', 4, '0565348400', '', '', '5', 1, '', '', '', '', '', '', 'N', '', '', '', 'Y', 'N', '2024-03-05 14:35:20', 6, '2024-03-05 14:35:20', 6, 'N', '', '', '', 0, 'N'),
(96, '', 6, 'Hassan Ali Hassan AL Madani', '', 0.00, 1, '', '', '', '', '143', 4, '506618338', '', '', '5', 1, '', '', '', '', '', '', 'N', '', '', '', 'Y', 'N', '2024-03-06 15:26:55', 6, '2024-03-06 15:26:55', 6, 'N', '', '', '', 0, 'N'),
(97, '', 6, 'Amro Khayat / Rami Khayat', '', 0.00, 1, '', '', '', '', '143', 4, '0559002977', '', '', '5', 1, '', '', '', '', '', '', 'N', '', '', '', 'Y', 'N', '2024-03-12 10:49:19', 6, '2024-03-12 10:49:19', 6, 'N', '', '', '', 0, 'N'),
(98, '', 6, 'Jumana  Najib Mohd Aljaber', '', 0.00, 1, '', '', '', '', '143', 4, '0526992206', '', '', '5', 1, '', '', '', '', '', '', 'N', '', '', '', 'Y', 'N', '2024-03-13 09:43:32', 6, '2024-03-13 09:43:32', 6, 'N', '', '', '', 0, 'N'),
(99, '', 6, 'Wessam Mohamed Yousry Kamel Mohamed', '', 0.00, 1, '', '', '', '', '143', 4, '555801298', '', '', '5', 1, '', '', '', '', '', '', 'N', '', '', '', 'Y', 'N', '2024-03-13 12:39:13', 6, '2024-03-13 12:39:13', 6, 'N', '', '', '', 0, 'N'),
(100, '', 6, 'Eman Alburai', '', 0.00, 1, '', '', '', '', '143', 4, '0555232996', '', '', '5', 1, '', '', '', '', '', '', 'N', '', '', '', 'Y', 'N', '2024-03-15 11:52:30', 6, '2024-03-15 11:52:30', 6, 'N', '', '', '', 0, 'N'),
(101, '', 6, 'Navin Narayanan', '', 0.00, 1, '', '', '', '', '143', 4, '0585130600', '', '', '5', 1, '', '', '', '', '', '', 'N', '', '', '', 'Y', 'N', '2024-03-20 10:18:09', 6, '2024-03-20 10:18:09', 6, 'N', '', '', '', 0, 'N'),
(102, '', 6, 'Mohammed Naji', '', 0.00, 1, '', '', '', '', '143', 4, '971585130600', '', '', '5', 1, '', '', '', '', '', '', 'N', '', '', '', 'Y', 'N', '2024-03-20 10:24:05', 6, '2024-03-20 10:24:05', 6, 'N', '', '', '', 0, 'N'),
(103, '', 6, 'Chaza Ibrahim', '', 0.00, 1, '', '', '', '', '143', 4, '0508265151', '', '', '5', 1, '', '', '', '', '', '', 'N', '', '', '', 'Y', 'N', '2024-03-21 15:01:52', 6, '2024-03-21 15:01:52', 6, 'N', '', '', '', 0, 'N'),
(104, '', 6, 'Noura Ibrahim Ali Abdelhussain Sajwani', '', 0.00, 1, '', '', '', '', '143', 4, '0505908871', '', '', '5', 1, '', '', '', '', '', '', 'N', '', '', '', 'Y', 'N', '2024-04-02 10:54:29', 6, '2024-04-02 10:54:29', 6, 'N', '', '', '', 0, 'N'),
(105, '', 27, 'TOM GRUBE', '', 0.00, 1, '', '', '', '', '143', 4, '0000000', '', '', '5', 1, '', '', '', '', '', '', 'N', '', '', '', 'Y', 'N', '2024-04-02 11:02:24', 27, '2024-04-02 11:02:24', 27, 'N', '', '', '', 0, 'N'),
(106, '', 6, 'Riad ElWelly', '', 0.00, 1, '', '', '', '', '143', 4, '0528798400', '', '', '5', 1, '', '', '', '', '', '', 'N', '', '', '', 'Y', 'N', '2024-04-03 12:17:57', 6, '2024-04-03 12:17:57', 6, 'N', '', '', '', 0, 'N'),
(107, '', 6, 'Anwar Abou El Yari', '', 0.00, 1, '', '', '', '', '143', 4, '0522805773', '', '', '5', 1, '', '', '', '', '', '', 'N', '', '', '', 'Y', 'N', '2024-04-05 10:35:07', 6, '2024-04-05 10:35:07', 6, 'N', '', '', '', 0, 'N'),
(108, '', 6, 'Meshari Alanezi', '', 0.00, 1, '', '', '', '', '143', 4, '585047132', '', '', '5', 1, '', '', '', '', '', '', 'N', '', '', '', 'Y', 'N', '2024-04-16 12:54:37', 6, '2024-04-16 12:54:37', 6, 'N', '', '', '', 0, 'N'),
(109, '', 2, 'ARTISTIC TRENDZ HAIR & BEAUTY SALON', '', 0.00, 1, 'BAY SQUARE - 08', 'Business Bay', '392308', 'Dubai', '143', 4, '0586331441', '', '', '5', 1, '', '', '', '100438284000003', '', '', 'N', '', '', '', 'Y', 'N', '2024-04-22 16:56:17', 2, '2024-04-22 16:56:17', 2, 'N', '', '', '', 1, 'N'),
(110, '', 27, 'RAK PROPERTIES CO. P.J.S', '', 0.00, 1, 'G04 Bay Square Bldg No. 08 \r\nBusiness Bay \r\nDubai, UAE', 'Business Bay', '', 'Dubai', '143', 4, '0503777075', '', '', '5', 1, '', '', '', '100503517300003', '', '', 'N', '', '', '', 'Y', 'N', '2024-04-24 16:23:01', 27, '2024-04-24 16:23:01', 27, 'N', '', '', '', 1, 'N'),
(111, '', 6, 'Lina Karim Butros Khoury', '', 0.00, 1, '', '', '', '', '143', 4, '0586002232', '', '', '5', 1, '', '', '', '', '', '', 'N', '', '', '', 'Y', 'N', '2024-04-30 13:12:51', 6, '2024-04-30 13:12:51', 6, 'N', '', '', '', 0, 'N'),
(112, '', 27, 'Artem Vasilev', '', 0.00, 1, 'Bay Square 09 \r\nUnit 410 \r\nBusiness Bay Dubai, UAE', '', '', '', '143', 4, '00000000000', '', '', '5', 1, '', '', '', '', '', '', 'N', '', '', '', 'Y', 'N', '2024-05-04 11:00:59', 27, '2024-05-04 11:00:59', 27, 'N', '', '', '', 0, 'N'),
(113, '', 29, 'Investra Investment LLC', '', 0.00, 1, '432, Al Saaha Offices, Building B, \r\nOld Town Island,  Burj Khalifa District\r\nDubai, UAE', '', '', '', '143', 4, '044380211', '', '', '5', 1, '', '', '', '100390870200003', '', '', 'N', '', '', '', 'Y', '', '2024-05-10 12:39:00', 29, '2024-07-03 13:47:39', 27, 'N', '', '', '', 0, 'N'),
(114, '', 29, 'XXXXInvestra Investment LLC', '', 0.00, 1, '', '', '', '', '143', 4, '000000000', '', '', '5', 1, '', '', '', '', '', '', 'N', '', '', '', 'Y', '', '2024-05-10 13:59:53', 29, '2024-06-24 17:32:50', 27, 'N', '', '', '', 0, 'N'),
(115, '', 27, 'Cash ', '', 0.00, 1, 'Dubai \r\nUAE', '', '', '', '143', 4, '040000000', '', '', '5', 1, '', '', '', '', '', '', 'N', '', '', '', 'Y', 'N', '2024-05-10 17:03:05', 27, '2024-05-10 17:03:05', 27, 'N', '', '', '', 0, 'N'),
(116, '', 29, 'Mr. Alex ', '', 0.00, 1, '', '', '', '', '143', 4, '4915733203066', '', '', '5', 1, '', '', '', '', '', '', 'N', '', '', '', 'Y', 'N', '2024-05-11 14:27:58', 29, '2024-05-11 14:27:58', 29, 'N', '', '', '', 0, 'N'),
(117, '', 29, 'Tom Gurbe', '', 0.00, 1, '', '', '', '', '143', 4, '0585830079', '', '', '5', 1, '', '', '', '', '', '', 'N', '', '', '', 'Y', '', '2024-05-11 16:32:40', 29, '2024-05-11 16:33:36', 29, 'N', '', '', '', 0, 'N'),
(118, '', 29, 'Wissam fouad Khodari ', '', 0.00, 1, '', '', '', '', '143', 4, '0523370198', '', '', '5', 1, '', '', '', '', '', '', 'N', '', '', '', 'Y', 'N', '2024-05-13 13:22:56', 29, '2024-05-13 13:22:56', 29, 'N', '', '', '', 0, 'N'),
(119, '', 6, 'Tareq Malas', '', 0.00, 1, '', '', '', '', '143', 4, '00000000', '', '', '5', 1, '', '', '', '', '', '', 'N', '', '', '', 'Y', 'N', '2024-05-14 16:13:20', 6, '2024-05-14 16:13:20', 6, 'N', '', '', '', 0, 'N'),
(120, '', 6, 'Bilal Zaki Hamade', '', 0.00, 1, '', '', '', '', '143', 4, '0506681836', '', '', '5', 1, '', '', '', '', '', '', 'N', '', '', '', 'Y', 'N', '2024-05-17 14:22:42', 6, '2024-05-17 14:22:42', 6, 'N', '', '', '', 0, 'N'),
(121, '', 27, 'AUBADE JEWELRY AND WATCHES LLC', '', 0.00, 1, 'DUBAI, UAE\r\n', '', '', '', '143', 4, '0507081166', '', '', '5', 1, '', '', '', '', '', '', 'N', '', '', '', 'Y', 'N', '2024-05-22 13:14:19', 27, '2024-05-22 13:14:19', 27, 'N', '', '', '', 0, 'N'),
(122, '', 27, 'THE BREW COFFEE SHOP ', '', 0.00, 1, 'BAY SQUARE BLDG 08 ', '', '', '', '143', 4, '040000005', '', '', '5', 1, '', '', '', '', '', '', 'N', '', '', '', 'Y', 'N', '2024-05-31 12:33:30', 27, '2024-05-31 12:33:30', 27, 'N', '', '', '', 0, 'N'),
(123, '', 27, 'Mr. Arsan ', '', 0.00, 1, '', '', '', '', '143', 4, '0527142422', '', '', '5', 1, '', '', '', '', '', '', 'N', '', '', '', 'Y', 'N', '2024-05-31 14:31:19', 27, '2024-05-31 14:31:19', 27, 'N', '', '', '', 0, 'N'),
(124, '', 29, 'Denzil Dsouza ', '', 0.00, 1, '', '', '', '', '143', 4, '0551848328', '', '', '5', 1, '', '', '', '', '', '', 'N', '', '', '', 'Y', 'N', '2024-06-20 10:59:01', 29, '2024-06-20 10:59:01', 29, 'N', '', '', '', 0, 'N'),
(125, '', 29, 'Rafat Abukar', '', 0.00, 1, '', '', '', '', '143', 4, '0505879796', '', '', '5', 1, '', '', '', '', '', '', 'N', '', '', '', 'Y', 'N', '2024-06-21 15:18:33', 29, '2024-06-21 15:18:33', 29, 'N', '', '', '', 0, 'N'),
(126, '', 29, 'Sebastian ', '', 0.00, 1, '', '', '', '', '143', 4, '0561615720', '', '', '5', 1, '', '', '', '', '', '', 'N', '', '', '', 'Y', 'N', '2024-06-24 16:16:46', 29, '2024-06-24 16:16:46', 29, 'N', '', '', '', 0, 'N'),
(127, '', 29, 'Aydin ', '', 0.00, 1, '', '', '', '', '143', 4, '0524379900', '', '', '5', 1, '', '', '', '', '', '', 'N', '', '', '', 'Y', 'N', '2024-06-26 11:40:50', 29, '2024-06-26 11:40:50', 29, 'N', '', '', '', 0, 'N'),
(128, '', 29, 'Alex', '', 0.00, 1, '', '', '', '', '143', 4, '0585673997', '', '', '5', 1, '', '', '', '', '', '', 'N', '', '', '', 'Y', 'N', '2024-06-28 09:36:02', 29, '2024-06-28 09:36:02', 29, 'N', '', '', '', 0, 'N'),
(129, '', 29, 'ALEX', '', 0.00, 1, '', '', '', '', '143', 4, '0557708178', '', '', '5', 1, '', '', '', '', '', '', 'N', '', '', '', 'Y', 'N', '2024-07-04 13:54:50', 29, '2024-07-04 13:54:50', 29, 'N', '', '', '', 0, 'N'),
(130, '', 29, 'Joseph ', '', 0.00, 1, '', '', '', '', '143', 4, '0582730432', '', '', '5', 1, '', '', '', '', '', '', 'N', '', '', '', 'Y', 'N', '2024-07-04 13:59:22', 29, '2024-07-04 13:59:22', 29, 'N', '', '', '', 0, 'N'),
(131, '', 27, 'Mr. Naved ', '', 0.00, 1, 'Bay Square Business Bay \r\nDubai, UAE', '', '', '', '143', 4, '0526481016', '', '', '5', 1, '', '', '', '', '', '', 'N', '', '', '', 'Y', 'N', '2024-07-09 11:06:51', 27, '2024-07-09 11:06:51', 27, 'N', '', '', '', 0, 'N'),
(132, '', 29, 'Mike Railes ', '', 0.00, 1, '', '', '', '', '143', 4, '0501137016', '', '', '5', 1, '', '', '', '', '', '', 'N', '', '', '', 'Y', 'N', '2024-07-09 11:20:22', 29, '2024-07-09 11:20:22', 29, 'N', '', '', '', 0, 'N'),
(133, '', 27, 'Zahed Mohd', '', 0.00, 1, 'Unit 123\r\nNational Bonds Residence, JVC\r\nDubai, UAE', '', '', '', '143', 4, '0509286731', '', '', '5', 1, '', '', '', '', '', '', 'N', '', '', '', 'Y', '', '2024-07-10 16:17:02', 27, '2024-07-10 16:18:04', 27, 'N', '', '', '', 0, 'N'),
(134, '', 27, 'Alex L', '', 0.00, 1, 'Unit 310 \r\nNational Bonds Residence JVC \r\nDubai, UAE', '', '', '', '143', 4, '0509286700', '', '', '5', 1, '', '', '', '', '', '', 'N', '', '', '', 'Y', 'N', '2024-07-10 16:35:20', 27, '2024-07-10 16:35:20', 27, 'N', '', '', '', 0, 'N'),
(135, '', 27, 'Ziryab Alghabri', '', 0.00, 1, 'Unit 331 NBR \r\nDubai \r\nUAE', '', '', '', '143', 4, '00000000090', '', '', '5', 1, '', '', '', '', '', '', 'N', '', '', '', 'Y', 'N', '2024-07-16 16:01:35', 27, '2024-07-16 16:01:35', 27, 'N', '', '', '', 0, 'N'),
(136, '', 29, 'Yasin Cakar', '', 0.00, 1, '', '', '', '', '143', 4, '905305061867', '', '', '5', 1, '', '', '', '', '', '', 'N', '', '', '', 'Y', 'N', '2024-07-17 11:22:27', 29, '2024-07-17 11:22:27', 29, 'N', '', '', '', 0, 'N'),
(137, '', 29, 'Al Guram Real Estate LLC ', '', 0.00, 1, '', '', '', '', '143', 4, '0509725964', '', '', '5', 1, '', '', '', '', '', '', 'N', '', '', '', 'Y', 'N', '2024-07-24 15:07:31', 29, '2024-07-24 15:07:31', 29, 'N', '', '', '', 0, 'N'),
(138, '', 6, 'SAMEH NAGI THABET HAMMAD ELWADIA', '', 0.00, 1, '', '', '', '', '143', 4, '000000', '', '', '5', 1, '', '', '', '', '', '', 'N', '', '', '', 'Y', 'N', '2024-07-31 15:46:53', 6, '2024-07-31 15:46:53', 6, 'N', '', '', '', 0, 'N'),
(139, '', 6, 'Mr Santhosh', '', 0.00, 1, '', '', '', '', '143', 4, '505089768', '', '', '5', 1, '', '', '', '', '', '', 'N', '', '', '', 'Y', 'N', '2024-08-05 11:05:58', 6, '2024-08-05 11:05:58', 6, 'N', '', '', '', 0, 'N'),
(140, '', 6, 'Ghada Omar M Bakhidar', '', 0.00, 1, '', '', '', '', '143', 4, '0559977031', '', '', '5', 1, '', '', '', '', '', '', 'N', '', '', '', 'Y', 'N', '2024-08-08 11:53:22', 6, '2024-08-08 11:53:22', 6, 'N', '', '', '', 0, 'N'),
(141, '', 6, 'Hareb Abdulrazak Kasim Mohammad Al Ali', '', 0.00, 1, '', '', '', '', '143', 4, '0569597197', '', '', '5', 1, '', '', '', '', '', '', 'N', '', '', '', 'Y', 'N', '2024-08-12 12:05:01', 6, '2024-08-12 12:05:01', 6, 'N', '', '', '', 0, 'N'),
(142, '', 6, 'MUHSEN HASSAN ALI RAMADAN MOHAMED', '', 0.00, 1, '', '', '', '', '143', 4, '0543542394', '', '', '5', 1, '', '', '', '', '', '', 'N', '', '', '', 'Y', 'N', '2024-08-13 10:17:43', 6, '2024-08-13 10:17:43', 6, 'N', '', '', '', 0, 'N'),
(143, '', 6, 'Ahmed Omar Saeed Al BRaiki', '', 0.00, 1, '', '', '', '', '143', 4, '0563169944', '', '', '5', 1, '', '', '', '', '', '', 'N', '', '', '', 'Y', 'N', '2024-08-13 11:40:04', 6, '2024-08-13 11:40:04', 6, 'N', '', '', '', 0, 'N'),
(144, '', 6, 'Direct Customer', '', 0.00, 1, '', '', '', '', '143', 4, '0501975866', '', '', '5', 1, '', '', '', '', '', '', 'N', '', '', '', 'Y', 'N', '2024-08-15 10:48:28', 6, '2024-08-15 10:48:28', 6, 'N', '', '', '', 0, 'N'),
(145, '', 29, 'Marwan Farris', '', 0.00, 1, '', '', '', '', '143', 4, '00000001', '', '', '5', 1, '', '', '', '', '', '', 'N', '', '', '', 'Y', 'N', '2024-08-21 17:18:42', 29, '2024-08-21 17:18:42', 29, 'N', '', '', '', 0, 'N'),
(146, '', 6, 'Dr Mothana', '', 0.00, 1, '', '', '', '', '143', 4, '0000000000', '', '', '5', 1, '', '', '', '', '', '', 'N', '', '', '', 'Y', 'N', '2024-08-28 12:47:22', 6, '2024-08-28 12:47:22', 6, 'N', '', '', '', 0, 'N'),
(147, '', 6, 'Lama Abdul Ghani Al Aalam', '', 0.00, 1, '', '', '', '', '143', 4, '0555562455', '', '', '5', 1, '', '', '', '', '', '', 'N', '', '', '', 'Y', 'N', '2024-08-28 14:03:25', 6, '2024-08-28 14:03:25', 6, 'N', '', '', '', 0, 'N'),
(148, '', 6, 'Samer Ganni', '', 0.00, 1, '', '', '', '', '143', 4, '0506082492', '', '', '5', 1, '', '', '', '', '', '', 'N', '', '', '', 'Y', 'N', '2024-08-29 11:21:09', 6, '2024-08-29 11:21:09', 6, 'N', '', '', '', 0, 'N'),
(149, '', 6, 'Amna Hamad Salim Al Ali', '', 0.00, 1, '', '', '', '', '143', 4, '0545820841', '', '', '5', 1, '', '', '', '', '', '', 'N', '', '', '', 'Y', 'N', '2024-09-06 15:38:36', 6, '2024-09-06 15:38:36', 6, 'N', '', '', '', 0, 'N'),
(150, '', 6, 'Grace Hajjar', '', 0.00, 1, '', '', '', '', '143', 4, '0505719000', '', '', '5', 1, '', '', '', '', '', '', 'N', '', '', '', 'Y', 'N', '2024-09-10 11:49:51', 6, '2024-09-10 11:49:51', 6, 'N', '', '', '', 0, 'N'),
(151, '', 29, 'Victor Pichon', '', 0.00, 1, '', '', '', '', '143', 4, '0585229724', '', '', '5', 1, '', '', '', '', '', '', 'N', '', '', '', 'Y', 'N', '2024-09-14 17:42:37', 29, '2024-09-14 17:42:37', 29, 'N', '', '', '', 0, 'N'),
(152, '', 29, 'Bul Energy Consultant ', '', 0.00, 1, '', '', '', '', '143', 4, '0543767773', '', '', '5', 1, '', '', '', '', '', '', 'N', '', '', '', 'Y', 'N', '2024-09-18 13:25:57', 29, '2024-09-18 13:25:57', 29, 'N', '', '', '', 0, 'N'),
(153, '', 6, 'Pierre Nasr Cesar', '', 0.00, 1, '', '', '', '', '143', 4, '0525744624', '', '', '5', 1, '', '', '', '', '', '', 'N', '', '', '', 'Y', 'N', '2024-09-27 15:53:36', 6, '2024-09-27 15:53:36', 6, 'N', '', '', '', 0, 'N'),
(154, '', 6, 'Mr. Azzam Al Faqih & Mr. Riad Elwelly', '', 0.00, 1, '', '', '', '', '143', 4, '000000000000', '', '', '5', 1, '', '', '', '', '', '', 'N', '', '', '', 'Y', 'N', '2024-10-16 10:37:43', 6, '2024-10-16 10:37:43', 6, 'N', '', '', '', 0, 'N'),
(155, '', 27, 'Trial', '', 0.00, 1, 'Unit 418 Bay Square Bldg No. 08 \r\nBusiness Bay \r\nDubai,UAE', '', '', '', '143', 4, '040000000', '', '', '5', 1, '', '', '', '', '', '', 'N', '', '', '', 'Y', '', '2024-10-16 13:39:57', 27, '2024-10-16 13:40:55', 27, 'N', '', '', '', 0, 'N'),
(156, '', 29, 'Tomasz Szary', '', 0.00, 1, '', '', '', '', '143', 4, '0563882215', '', '', '5', 1, '', '', '', '', '', '', 'N', '', '', '', 'Y', 'N', '2024-10-24 17:32:48', 29, '2024-10-24 17:32:48', 29, 'N', '', '', '', 0, 'N'),
(157, '', 6, 'RAISHA SHRESTHA', '', 0.00, 1, '', '', '', '', '143', 4, '0509860591', '', '', '5', 1, '', '', '', '', '', '', 'N', '', '', '', 'Y', 'N', '2024-11-12 12:17:47', 6, '2024-11-12 12:17:47', 6, 'N', '', '', '', 0, 'N'),
(158, '', 29, 'Fox River Holiday Home Rental LLC', '', 0.00, 1, '', '', '', '', '143', 4, '0554249282', '', '', '5', 1, '', '', '', '', '', '', 'N', '', '', '', 'Y', 'N', '2024-11-25 12:40:36', 29, '2024-11-25 12:40:36', 29, 'N', '', '', '', 0, 'N'),
(159, '', 27, 'Tariq Munir', '', 0.00, 1, 'Dubai', '', '', '', '143', 4, '040000000', '', '', '5', 1, '', '', '', '', '', '', 'N', '', '', '', 'Y', 'N', '2024-12-04 14:58:50', 27, '2024-12-04 14:58:50', 27, 'N', '', '', '', 0, 'N'),
(160, '', 6, 'Deluxe Holiday Homes LLC', '', 0.00, 1, '', '', '', '', '143', 4, '0000000000000', '', '', '5', 1, '', '', '', '', '', '', 'N', '', '', '', 'Y', 'N', '2024-12-05 11:33:17', 6, '2024-12-05 11:33:17', 6, 'N', '', '', '', 0, 'N'),
(161, '', 6, 'Ibrahim Barakat', '', 0.00, 1, '', '', '', '', '143', 4, '971501845318', '', '', '5', 1, '', '', '', '', '', '', 'N', '', '', '', 'Y', 'N', '2024-12-09 16:26:52', 6, '2024-12-09 16:26:52', 6, 'N', '', '', '', 0, 'N'),
(162, '', 6, 'Mr Faran Mir', '', 0.00, 1, '', '', '', '', '143', 4, '503687466', '', '', '5', 1, '', '', '', '', '', '', 'N', '', '', '', 'Y', 'N', '2024-12-17 12:59:48', 6, '2024-12-17 12:59:48', 6, 'N', '', '', '', 0, 'N'),
(163, '', 6, 'Wessam Mohamed Yousry Kamel', '', 0.00, 1, '', '', '', '', '143', 4, '561976017', '', '', '5', 1, '', '', '', '', '', '', 'N', '', '', '', 'Y', 'N', '2025-01-02 11:38:58', 6, '2025-01-02 11:38:58', 6, 'N', '', '', '', 0, 'N'),
(164, '', 29, 'Mr. Faran Mir', '', 0.00, 1, '', '', '', '', '143', 4, '0503687466', '', '', '5', 1, '', '', '', '', '', '', 'N', '', '', '', 'Y', 'N', '2025-01-09 11:11:56', 29, '2025-01-09 11:11:56', 29, 'N', '', '', '', 0, 'N'),
(165, '', 6, 'Raafat Tarabay', '', 0.00, 1, '', '', '', '', '143', 4, '0552906199', '', '', '5', 1, '', '', '', '', '', '', 'N', '', '', '', 'Y', 'N', '2025-01-21 17:13:28', 6, '2025-01-21 17:13:28', 6, 'N', '', '', '', 0, 'N'),
(166, '', 6, 'Steven Rees', '', 0.00, 1, '', '', '', '', '143', 4, '0561730642', '', '', '5', 1, '', '', '', '', '', '', 'N', '', '', '', 'Y', 'N', '2025-01-23 09:56:28', 6, '2025-01-23 09:56:28', 6, 'N', '', '', '', 0, 'N'),
(167, '', 29, 'Miljow D Souza', '', 0.00, 1, '', '', '', '', '143', 4, '0501059082', '', '', '5', 1, '', '', '', '', '', '', 'N', '', '', '', 'Y', 'N', '2025-01-30 16:33:53', 29, '2025-01-30 16:33:53', 29, 'N', '', '', '', 0, 'N'),
(168, '', 6, 'Hamptons International Dubai (LLC)', '', 0.00, 1, 'Emaar Business Park Building 3  \r\nDubai, UAE \r\n', '', '', '', '143', 4, '0585420927', 'AVKoshy@hamptonsuae.com', '', '5', 1, '', '', '', '100011079900003', '', '', 'N', '', '', '', 'Y', '', '2025-02-11 09:34:15', 6, '2025-04-22 10:49:33', 1, 'N', '', '', '', 1, 'N'),
(169, '', 29, 'Bamboo Grove Cuisine Restaurant ', '', 0.00, 1, '', '', '', '', '143', 4, '0585570425', '', '', '5', 1, '', '', '', '104764231700003', '', '', 'N', '', '', '', 'Y', '', '2025-02-19 09:15:12', 29, '2025-08-25 17:47:15', 27, 'N', '', '', '', 0, 'N'),
(170, '', 29, 'Alisa', '', 0.00, 1, '', '', '', '', '143', 4, '0525958800', '', '', '5', 1, '', '', '', '', '', '', 'N', '', '', '', 'Y', 'N', '2025-02-19 09:44:21', 29, '2025-02-19 09:44:21', 29, 'N', '', '', '', 0, 'N'),
(171, '', 27, 'Mr. Ryan ', '', 0.00, 1, 'Bldg 08 \r\nUnit 909 ', '', '', '', '143', 4, '909000000', '', '', '5', 1, '', '', '', '', '', '', 'N', '', '', '', 'Y', 'N', '2025-02-26 16:16:58', 27, '2025-02-26 16:16:58', 27, 'N', '', '', '', 0, 'N'),
(172, '', 29, 'Niniya Thankathumarai', '', 0.00, 1, '', '', '', '', '143', 4, '0586890605', '', '', '5', 1, '', '', '', '', '', '', 'N', '', '', '', 'Y', 'N', '2025-02-28 11:59:31', 29, '2025-02-28 11:59:31', 29, 'N', '', '', '', 0, 'N'),
(173, '', 29, 'Olivier', '', 0.00, 1, '', '', '', '', '143', 4, '0529525415', '', '', '5', 1, '', '', '', '', '', '', 'N', '', '', '', 'Y', 'N', '2025-03-03 11:19:18', 29, '2025-03-03 11:19:18', 29, 'N', '', '', '', 0, 'N'),
(174, '', 29, 'Malindu Maduranga Malshan', '', 0.00, 1, '', '', '', '', '143', 4, '0581973351', '', '', '5', 1, '', '', '', '', '', '', 'N', '', '', '', 'Y', '', '2025-03-08 12:19:31', 29, '2025-03-08 12:55:16', 29, 'N', '', '', '', 0, 'N'),
(175, '', 29, 'Malika ', '', 0.00, 1, '', '', '', '', '143', 4, '0507244917', '', '', '5', 1, '', '', '', '', '', '', 'N', '', '', '', 'Y', 'N', '2025-03-10 11:41:59', 29, '2025-03-10 11:41:59', 29, 'N', '', '', '', 0, 'N'),
(176, '', 27, 'Rami Qasem', '', 0.00, 1, '', '', '', '', '143', 4, '0585840564', '', '', '5', 1, '', '', '', '', '', '', 'N', '', '', '', 'Y', 'N', '2025-03-12 13:18:26', 27, '2025-03-12 13:18:26', 27, 'N', '', '', '', 0, 'N'),
(177, '', 29, 'Dana Alomar ', '', 0.00, 1, '', '', '', '', '143', 4, '0545540025', '', '', '5', 1, '', '', '', '', '', '', 'N', '', '', '', 'Y', 'N', '2025-03-15 11:19:24', 29, '2025-03-15 11:19:24', 29, 'N', '', '', '', 0, 'N'),
(178, '', 29, 'Blue Sea International Foodstuff Trading LLC ', '', 0.00, 1, '', '', '', '', '143', 4, '0555278130', '', '', '5', 1, '', '', '', '100684341800003', '', '', 'N', '', '', '', 'Y', '', '2025-03-18 10:44:35', 29, '2025-03-22 11:57:09', 27, 'N', '', '', '', 0, 'N'),
(179, '', 29, 'Ibrahim ', '', 0.00, 1, '', '', '', '', '143', 4, '0545669066', '', '', '5', 1, '', '', '', '', '', '', 'N', '', '', '', 'Y', 'N', '2025-03-19 12:26:50', 29, '2025-03-19 12:26:50', 29, 'N', '', '', '', 0, 'N'),
(180, '', 29, 'Direct Tenant ', '', 0.00, 1, '', '', '', '', '143', 4, '0523980427', '', '', '5', 1, '', '', '', '', '', '', 'N', '', '', '', 'Y', 'N', '2025-03-22 14:24:20', 29, '2025-03-22 14:24:20', 29, 'N', '', '', '', 0, 'N'),
(181, '', 29, 'Bijo Mathew ', '', 0.00, 1, '', '', '', '', '143', 4, '0558849184', '', '', '5', 1, '', '', '', '', '', '', 'N', '', '', '', 'Y', 'N', '2025-03-29 12:08:49', 29, '2025-03-29 12:08:49', 29, 'N', '', '', '', 0, 'N'),
(182, '', 29, 'Jasmina Stefanovic', '', 0.00, 1, '', '', '', '', '143', 4, '0508408206', '', '', '5', 1, '', '', '', '', '', '', 'N', '', '', '', 'Y', 'N', '2025-04-02 17:21:48', 29, '2025-04-02 17:21:48', 29, 'N', '', '', '', 0, 'N'),
(183, '', 6, 'HANI IBRAHIM A NAQSHABANDY', '', 0.00, 1, '', '', '', '', '143', 4, '545540504', '', '', '5', 1, '', '', '', '', '', '', 'N', '', '', '', 'Y', 'N', '2025-04-03 15:48:33', 6, '2025-04-03 15:48:33', 6, 'N', '', '', '', 0, 'N'),
(184, '', 29, 'Alaa Aldawud', '', 0.00, 1, '', '', '', '', '143', 4, '0544507023', '', '', '5', 1, '', '', '', '', '', '', 'N', '', '', '', 'Y', 'N', '2025-04-08 10:29:03', 29, '2025-04-08 10:29:03', 29, 'N', '', '', '', 0, 'N'),
(185, '', 6, 'Nikita Astashenko', '', 0.00, 1, '', '', '', '', '143', 4, '507190492', '', '', '5', 1, '', '', '', '', '', '', 'N', '', '', '', 'Y', 'N', '2025-04-08 11:17:35', 6, '2025-04-08 11:17:35', 6, 'N', '', '', '', 0, 'N'),
(186, '', 6, 'Irina Timofeeva', '', 0.00, 1, '', '', '', '', '143', 4, '0566319397', '', '', '5', 1, '', '', '', '', '', '', 'N', '', '', '', 'Y', '', '2025-04-08 15:32:38', 6, '2025-04-11 11:03:45', 6, 'N', '', '', '', 0, 'N'),
(187, '', 6, 'Anvarasi', '', 0.00, 1, '', '', '', '', '143', 4, '548882123', '', '', '5', 1, '', '', '', '', '', '', 'N', '', '', '', 'Y', 'N', '2025-04-08 16:41:23', 6, '2025-04-08 16:41:23', 6, 'N', '', '', '', 0, 'N'),
(188, '', 6, 'Kristof', '', 0.00, 1, '', '', '', '', '143', 4, '558817620', '', '', '5', 1, '', '', '', '', '', '', 'N', '', '', '', 'Y', 'N', '2025-04-09 11:25:52', 6, '2025-04-09 11:25:52', 6, 'N', '', '', '', 0, 'N'),
(189, '', 6, 'Maryam Al Haddad', '', 0.00, 1, '', '', '', '', '143', 4, '554286557', '', '', '5', 1, '', '', '', '', '', '', 'N', '', '', '', 'Y', 'N', '2025-04-10 11:47:09', 6, '2025-04-10 11:47:09', 6, 'N', '', '', '', 0, 'N'),
(190, '', 29, 'Grace Kenny ', '', 0.00, 1, '', '', '', '', '143', 4, '509286731', '', '', '5', 1, '', '', '', '', '', '', 'N', '', '', '', 'Y', 'N', '2025-04-10 12:45:29', 29, '2025-04-10 12:45:29', 29, 'N', '', '', '', 0, 'N'),
(191, '', 29, 'Mohammed Ashfaque', '', 0.00, 1, '', '', '', '', '143', 4, '0521000204', '', '', '5', 1, '', '', '', '', '', '', 'N', '', '', '', 'Y', 'N', '2025-04-10 17:10:06', 29, '2025-04-10 17:10:06', 29, 'N', '', '', '', 0, 'N'),
(192, '', 29, 'Georges Labib Elias', '', 0.00, 1, '', '', '', '', '143', 4, '0528994993', '', '', '5', 1, '', '', '', '', '', '', 'N', '', '', '', 'Y', 'N', '2025-04-11 12:40:12', 29, '2025-04-11 12:40:12', 29, 'N', '', '', '', 0, 'N'),
(193, '', 6, 'Sajeda adnan Almufleh', '', 0.00, 1, '', '', '', '', '143', 4, '0555811013', '', '', '5', 1, '', '', '', '', '', '', 'N', '', '', '', 'Y', 'N', '2025-04-12 12:35:38', 6, '2025-04-12 12:35:38', 6, 'N', '', '', '', 0, 'N'),
(194, '', 6, 'Fritzie Carlos', '', 0.00, 1, '', '', '', '', '143', 4, '565349531', '', '', '5', 1, '', '', '', '', '', '', 'N', '', '', '', 'Y', 'N', '2025-04-12 12:49:00', 6, '2025-04-12 12:49:00', 6, 'N', '', '', '', 0, 'N'),
(195, '', 6, 'JOSEPH BOUTROS ESTFAN', '', 0.00, 1, '', '', '', '', '143', 4, '44278193', '', '', '5', 1, '', '', '', '', '', '', 'N', '', '', '', 'Y', 'N', '2025-04-15 15:33:38', 6, '2025-04-15 15:33:38', 6, 'N', '', '', '', 0, 'N'),
(196, '', 29, 'Abdulla ', '', 0.00, 1, '', '', '', '', '143', 4, '0561158803', '', '', '5', 1, '', '', '', '', '', '', 'N', '', '', '', 'Y', 'N', '2025-04-16 16:50:19', 29, '2025-04-16 16:50:19', 29, 'N', '', '', '', 0, 'N'),
(197, '', 29, 'Sugee Properties FZ LLC', '', 0.00, 1, '', '', '', '', '143', 4, '0562657292', '', '', '5', 1, '', '', '', '', '', '', 'N', '', '', '', 'Y', 'N', '2025-04-17 17:45:27', 29, '2025-04-17 17:45:27', 29, 'N', '', '', '', 0, 'N'),
(198, '', 6, 'Mustafa - Irfan Dhankot', '', 0.00, 1, '', '', '', '', '143', 4, '506587807', '', '', '5', 1, '', '', '', '', '', '', 'N', '', '', '', 'Y', 'N', '2025-04-23 12:59:01', 6, '2025-04-23 12:59:01', 6, 'N', '', '', '', 0, 'N'),
(199, '', 6, 'Jesus Lobato', '', 0.00, 1, '', '', '', '', '143', 4, '523322938', '', '', '5', 1, '', '', '', '', '', '', 'N', '', '', '', 'Y', 'N', '2025-04-28 11:14:16', 6, '2025-04-28 11:14:16', 6, 'N', '', '', '', 0, 'N'),
(200, '', 29, 'Perlie Macatangay', '', 0.00, 1, '', '', '', '', '143', 4, '0551661287', '', '', '5', 1, '', '', '', '', '', '', 'N', '', '', '', 'Y', 'N', '2025-05-02 14:50:05', 29, '2025-05-02 14:50:05', 29, 'N', '', '', '', 0, 'N'),
(201, '', 29, 'Chloe Gibson ', '', 0.00, 1, '', '', '', '', '143', 4, '0585928755', '', '', '5', 1, '', '', '', '', '', '', 'N', '', '', '', 'Y', 'N', '2025-05-03 08:57:07', 29, '2025-05-03 08:57:07', 29, 'N', '', '', '', 0, 'N'),
(202, '', 29, 'Kimi Coffee L.L.C', '', 0.00, 1, '', '', '', '', '143', 4, '0507978339', '', '', '5', 1, '', '', '', '104617364500003', '', '', 'N', '', '', '', 'Y', '', '2025-05-05 10:58:22', 29, '2025-07-08 10:15:55', 27, 'N', '', '', '', 0, 'N'),
(203, '', 29, 'Amin ', '', 0.00, 1, '', '', '', '', '143', 4, '0586830391', '', '', '5', 1, '', '', '', '', '', '', 'N', '', '', '', 'Y', 'N', '2025-05-05 16:40:03', 29, '2025-05-05 16:40:03', 29, 'N', '', '', '', 0, 'N'),
(204, '', 29, 'Yuila', '', 0.00, 1, '', '', '', '', '143', 4, '0581444782', '', '', '5', 1, '', '', '', '', '', '', 'N', '', '', '', 'Y', 'N', '2025-05-10 11:10:31', 29, '2025-05-10 11:10:31', 29, 'N', '', '', '', 0, 'N'),
(205, '', 6, 'Wessam Mohamed Yousrey Kamel', '', 0.00, 1, '', '', '', '', '143', 4, '561976017', '', '', '5', 1, '', '', '', '', '', '', 'N', '', '', '', 'Y', 'N', '2025-05-15 10:18:11', 6, '2025-05-15 10:18:11', 6, 'N', '', '', '', 0, 'N'),
(206, '', 29, 'Hassan', '', 0.00, 1, '', '', '', '', '143', 4, '0564172396', '', '', '5', 1, '', '', '', '', '', '', 'N', '', '', '', 'Y', 'N', '2025-05-16 14:32:08', 29, '2025-05-16 14:32:08', 29, 'N', '', '', '', 0, 'N'),
(207, '', 29, 'Tim Derry ', '', 0.00, 1, '', '', '', '', '143', 4, '0507384992', '', '', '5', 1, '', '', '', '', '', '', 'N', '', '', '', 'Y', 'N', '2025-05-16 16:54:30', 29, '2025-05-16 16:54:30', 29, 'N', '', '', '', 0, 'N'),
(208, '', 6, 'Kuwait Food Co. Americana L.L.C', '', 0.00, 1, 'P.O.BOX: 6844,\r\nAI Rayyan Tower A, AI Nahda, Sharjah, UAE\r\n', '', '6844', 'SHARJAH', '143', 4, '97165554545', '', '', '5', 1, '', '', '', '100527388100003', '', '', 'N', '', '', '', 'Y', '', '2025-05-23 12:20:29', 6, '2025-10-29 12:54:20', 27, 'N', '', '', '', 0, 'N'),
(209, '', 6, 'Rayan Habib Karki ', '', 0.00, 1, '', '', '', '', '143', 4, '0504976992', '', '', '5', 1, '', '', '', '', '', '', 'N', '', '', '', 'Y', 'N', '2025-05-23 14:04:53', 6, '2025-05-23 14:04:53', 6, 'N', '', '', '', 0, 'N'),
(210, '', 29, 'Juri George ', '', 0.00, 1, '', '', '', '', '143', 4, '0503259967', '', '', '5', 1, '', '', '', '', '', '', 'N', '', '', '', 'Y', 'N', '2025-05-24 14:40:15', 29, '2025-05-24 14:40:15', 29, 'N', '', '', '', 0, 'N');
INSERT INTO `erp_customer` (`id`, `firebase_uid`, `lead_owner_id`, `customer_name`, `token`, `customer_credit_limit`, `customer_currency_id`, `customer_address`, `customer_city`, `customer_postal_code`, `customer_state`, `customer_country`, `customer_emirates_name`, `customer_phone_no`, `customer_email_id`, `customer_location`, `customer_payment_term`, `default_pricing_group_id`, `customer_fax`, `customer_web`, `customer_industry`, `customer_trn_no`, `customer_trn_no_2`, `customer_shj_imp_code`, `is_approved`, `customer_remarks`, `lattitude`, `longitude`, `isActive`, `isCompetitor`, `created_date_time`, `created_by`, `updated_date_time`, `updated_by`, `subledger_added`, `nick_name`, `old_account_no`, `customer_notification`, `location_id`, `isDefault`) VALUES
(211, '', 29, 'Jitu Bajaj', '', 0.00, 1, '', '', '', '', '143', 4, '0507069875', '', '', '5', 1, '', '', '', '', '', '', 'N', '', '', '', 'Y', 'N', '2025-05-24 14:44:52', 29, '2025-05-24 14:44:52', 29, 'N', '', '', '', 0, 'N'),
(212, '', 6, 'Mr. RAAFAT', '', 0.00, 1, '', '', '', '', '143', 4, '0585058234', '', '', '5', 1, '', '', '', '', '', '', 'N', '', '', '', 'Y', 'N', '2025-05-26 10:33:58', 6, '2025-05-26 10:33:58', 6, 'N', '', '', '', 0, 'N'),
(213, '', 27, 'IFM FACILITY MANAGEMENT LLC ', '', 0.00, 1, 'Unit P05 Bldg 08 \r\nBay Square Business Bay \r\nDubai', '', '', '', '143', 4, '0509727673', 'accounts@ifmdubai.net', '', '5', 1, '', '', '', '104105048300003', '', '', 'N', '', '', '', 'Y', 'N', '2025-05-30 15:54:29', 27, '2025-05-30 15:54:29', 27, 'N', '', '', '', 1, 'N'),
(214, '', 6, 'Direct Tenant 104', '', 0.00, 1, '', '', '', '', '143', 4, '0508911787', '', '', '5', 1, '', '', '', '', '', '', 'N', '', '', '', 'Y', 'N', '2025-06-02 11:08:45', 6, '2025-06-02 11:08:45', 6, 'N', '', '', '', 0, 'N'),
(215, '', 29, 'Danijela', '', 0.00, 1, '', '', '', '', '143', 4, '585940402', '', '', '5', 1, '', '', '', '', '', '', 'N', '', '', '', 'Y', 'N', '2025-06-03 16:26:51', 29, '2025-06-03 16:26:51', 29, 'N', '', '', '', 0, 'N'),
(216, '', 6, 'Mr. Hany', '', 0.00, 1, '', '', '', '', '143', 4, '0547660707', '', '', '5', 1, '', '', '', '', '', '', 'N', '', '', '', 'Y', 'N', '2025-06-04 11:33:59', 6, '2025-06-04 11:33:59', 6, 'N', '', '', '', 0, 'N'),
(217, '', 27, 'George Robert Khayat', '', 0.00, 1, 'Unit 205\r\nBldg 09 \r\nBay Square Business Bay ', '', '', '', '143', 4, '00000005', '', '', '5', 1, '', '', '', '', '', '', 'N', '', '', '', 'Y', 'N', '2025-06-04 11:41:31', 27, '2025-06-04 11:41:31', 27, 'N', '', '', '', 0, 'N'),
(218, '', 29, 'Basheer', '', 0.00, 1, '', '', '', '', '143', 4, '0551848328', '', '', '5', 1, '', '', '', '', '', '', 'N', '', '', '', 'Y', 'N', '2025-06-04 12:03:25', 29, '2025-06-04 12:03:25', 29, 'N', '', '', '', 0, 'N'),
(219, '', 29, 'Erin ', '', 0.00, 1, '', '', '', '', '143', 4, '30876059456', '', '', '5', 1, '', '', '', '', '', '', 'N', '', '', '', 'Y', 'N', '2025-06-09 16:07:49', 29, '2025-06-09 16:07:49', 29, 'N', '', '', '', 0, 'N'),
(220, '', 6, 'Mouatasem Fayek Ramadan El Khady', '', 0.00, 1, '', '', '', '', '143', 4, '0566458592', '', '', '5', 1, '', '', '', '', '', '', 'N', '', '', '', 'Y', 'N', '2025-06-12 15:55:15', 6, '2025-06-12 15:55:15', 6, 'N', '', '', '', 0, 'N'),
(221, '', 6, 'Tariq Mansour', '', 0.00, 1, '', '', '', '', '143', 4, '0544466896', '', '', '5', 1, '', '', '', '', '', '', 'N', '', '', '', 'Y', 'N', '2025-06-13 15:48:08', 6, '2025-06-13 15:48:08', 6, 'N', '', '', '', 0, 'N'),
(222, '', 6, 'HTS Interior Design LLC', '', 0.00, 1, 'Unit 108\r\nBldg No. 09 Bay Square Business Bay \r\nDubai, UAE', '', '', '', '143', 4, '0508996450', '', '', '5', 1, '', '', '', '100364433100003', '', '', 'N', '', '', '', 'Y', '', '2025-06-16 15:05:15', 6, '2025-06-16 16:36:00', 27, 'N', '', '', '', 0, 'N'),
(223, '', 29, 'Zhilian Zhou', '', 0.00, 1, '', '', '', '', '143', 4, '0565485603', '', '', '5', 1, '', '', '', '', '', '', 'N', '', '', '', 'Y', 'N', '2025-06-17 11:03:28', 29, '2025-06-17 11:03:28', 29, 'N', '', '', '', 0, 'N'),
(224, '', 6, 'Nihal Muhammed Kozhisseri', '', 0.00, 1, '', '', '', '', '143', 4, '0522432585', '', '', '5', 1, '', '', '', '', '', '', 'N', '', '', '', 'Y', 'N', '2025-06-18 12:35:31', 6, '2025-06-18 12:35:31', 6, 'N', '', '', '', 0, 'N'),
(225, '', 29, 'Eddy Saab', '', 0.00, 1, '', '', '', '', '143', 4, '0526700990', '', '', '5', 1, '', '', '', '', '', '', 'N', '', '', '', 'Y', 'N', '2025-06-21 14:26:13', 29, '2025-06-21 14:26:13', 29, 'N', '', '', '', 0, 'N'),
(226, '', 6, 'Mr. Waleed', '', 0.00, 1, '', '', '', '', '143', 4, '96599708497', '', '', '5', 1, '', '', '', '', '', '', 'N', '', '', '', 'Y', 'N', '2025-06-25 11:13:10', 6, '2025-06-25 11:13:10', 6, 'N', '', '', '', 0, 'N'),
(227, '', 6, 'MUSAB OMAR MOHAMMAD AL RIFAEI', '', 0.00, 1, '', '', '', '', '143', 4, '971567417625', '', '', '5', 1, '', '', '', '', '', '', 'N', '', '', '', 'Y', 'N', '2025-06-25 17:28:24', 6, '2025-06-25 17:28:24', 6, 'N', '', '', '', 0, 'N'),
(228, '', 29, 'NATALYA KASYANOVA', '', 0.00, 1, '', '', '', '', '143', 4, '0563532977', '', '', '5', 1, '', '', '', '', '', '', 'N', '', '', '', 'Y', 'N', '2025-06-28 10:09:45', 29, '2025-06-28 10:09:45', 29, 'N', '', '', '', 0, 'N'),
(229, '', 29, 'Nour Mohammed S Turk ', '', 0.00, 1, '', '', '', '', '143', 4, '0501975866', '', '', '5', 1, '', '', '', '', '', '', 'N', '', '', '', 'Y', 'N', '2025-06-28 10:33:38', 29, '2025-06-28 10:33:38', 29, 'N', '', '', '', 0, 'N'),
(230, '', 29, 'Burger (Rafael Aliyev)', '', 0.00, 1, '', '', '', '', '143', 4, '0586549211', '', '', '5', 1, '', '', '', '', '', '', 'N', '', '', '', 'Y', 'N', '2025-06-28 14:54:09', 29, '2025-06-28 14:54:09', 29, 'N', '', '', '', 0, 'N'),
(231, '', 6, 'Moustafa Allahham', '', 0.00, 1, '', '', '', '', '143', 4, '971567193762', '', '', '5', 1, '', '', '', '', '', '', 'N', '', '', '', 'Y', 'N', '2025-06-30 12:07:28', 6, '2025-06-30 12:07:28', 6, 'N', '', '', '', 0, 'N'),
(232, '', 29, 'Kiana Fukuda', '', 0.00, 1, '', '', '', '', '143', 4, '585730848', '', '', '5', 1, '', '', '', '', '', '', 'N', '', '', '', 'Y', 'N', '2025-07-01 16:56:17', 29, '2025-07-01 16:56:17', 29, 'N', '', '', '', 0, 'N'),
(233, '', 29, 'Omar Shah Farid ', '', 0.00, 1, '', '', '', '', '143', 4, '0542667223', '', '', '5', 1, '', '', '', '', '', '', 'N', '', '', '', 'Y', 'N', '2025-07-04 10:59:49', 29, '2025-07-04 10:59:49', 29, 'N', '', '', '', 0, 'N'),
(234, '', 6, 'MERONI FRANCESCO', '', 0.00, 1, '', '', '', '', '143', 4, '971509632978', '', '', '5', 1, '', '', '', '', '', '', 'N', '', '', '', 'Y', 'N', '2025-07-05 11:10:02', 6, '2025-07-05 11:10:02', 6, 'N', '', '', '', 0, 'N'),
(235, '', 6, 'Ahsan Khan', '', 0.00, 1, '', '', '', '', '143', 4, '971523985861', '', '', '5', 1, '', '', '', '', '', '', 'N', '', '', '', 'Y', 'N', '2025-07-05 12:14:03', 6, '2025-07-05 12:14:03', 6, 'N', '', '', '', 0, 'N'),
(236, '', 29, 'Mr Eddy West Warf Estate', '', 0.00, 1, '', '', '', '', '143', 4, '4196996227', '', '', '5', 1, '', '', '', '', '', '', 'N', '', '', '', 'Y', 'N', '2025-07-05 15:14:55', 29, '2025-07-05 15:14:55', 29, 'N', '', '', '', 0, 'N'),
(237, '', 6, 'Mr. Edwin', '', 0.00, 1, '', '', '', '', '143', 4, '971529767371', '', '', '5', 1, '', '', '', '', '', '', 'N', '', '', '', 'Y', 'N', '2025-07-08 12:29:24', 6, '2025-07-08 12:29:24', 6, 'N', '', '', '', 0, 'N'),
(238, '', 29, 'Freddy Haddad', '', 0.00, 1, '', '', '', '', '143', 4, '0564002615', '', '', '5', 1, '', '', '', '', '', '', 'N', '', '', '', 'Y', 'N', '2025-07-08 16:42:41', 29, '2025-07-08 16:42:41', 29, 'N', '', '', '', 0, 'N'),
(239, '', 29, 'Misha Mathew ', '', 0.00, 1, '', '', '', '', '143', 4, '0553498785', '', '', '5', 1, '', '', '', '', '', '', 'N', '', '', '', 'Y', 'N', '2025-07-11 15:35:12', 29, '2025-07-11 15:35:12', 29, 'N', '', '', '', 0, 'N'),
(240, '', 6, 'Safia Mukhtar Khalil Mukhtar Alsayegh', '', 0.00, 1, '', '', '', '', '143', 4, '0503987836', '', '', '5', 1, '', '', '', '', '', '', 'N', '', '', '', 'Y', 'N', '2025-07-12 12:01:51', 6, '2025-07-12 12:01:51', 6, 'N', '', '', '', 0, 'N'),
(241, '', 6, 'Mr Tony', '', 0.00, 1, '', '', '', '', '143', 4, '971588935650', '', '', '5', 1, '', '', '', '', '', '', 'N', '', '', '', 'Y', 'N', '2025-07-14 12:08:35', 6, '2025-07-14 12:08:35', 6, 'N', '', '', '', 0, 'N'),
(242, '', 29, 'Rizwan', '', 0.00, 1, '', '', '', '', '143', 4, '0526115820', '', '', '5', 1, '', '', '', '', '', '', 'N', '', '', '', 'Y', 'N', '2025-07-15 13:57:51', 29, '2025-07-15 13:57:51', 29, 'N', '', '', '', 0, 'N'),
(243, '', 29, 'Maxim ', '', 0.00, 1, '', '', '', '', '143', 4, '0561455662', '', '', '5', 1, '', '', '', '', '', '', 'N', '', '', '', 'Y', 'N', '2025-07-16 16:32:52', 29, '2025-07-16 16:32:52', 29, 'N', '', '', '', 0, 'N'),
(244, '', 29, 'Leandro', '', 0.00, 1, '', '', '', '', '143', 4, '0547927574', '', '', '5', 1, '', '', '', '', '', '', 'N', '', '', '', 'Y', 'N', '2025-07-17 13:00:49', 29, '2025-07-17 13:00:49', 29, 'N', '', '', '', 0, 'N'),
(245, '', 29, 'Meira ', '', 0.00, 1, '', '', '', '', '143', 4, '0558362369', '', '', '5', 1, '', '', '', '', '', '', 'N', '', '', '', 'Y', 'N', '2025-07-19 10:56:59', 29, '2025-07-19 10:56:59', 29, 'N', '', '', '', 0, 'N'),
(246, '', 29, 'Mr. Ousama', '', 0.00, 1, '', '', '', '', '143', 4, '0555026666', '', '', '5', 1, '', '', '', '', '', '', 'N', '', '', '', 'Y', 'N', '2025-07-19 12:23:26', 29, '2025-07-19 12:23:26', 29, 'N', '', '', '', 0, 'N'),
(247, '', 29, 'Obaid Saeed Rashed Hairan Aldhaheri ', '', 0.00, 1, '', '', '', '', '143', 4, '553431882', '', '', '5', 1, '', '', '', '', '', '', 'N', '', '', '', 'Y', '', '2025-07-19 13:02:43', 29, '2025-09-07 00:20:39', 27, 'N', '', '', '', 0, 'N'),
(248, '', 29, 'G02NBR', '', 0.00, 1, '', '', '', '', '143', 4, '0585680119', '', '', '5', 1, '', '', '', '', '', '', 'N', '', '', '', 'Y', 'N', '2025-07-19 14:00:42', 29, '2025-07-19 14:00:42', 29, 'N', '', '', '', 0, 'N'),
(249, '', 29, 'NBR324', '', 0.00, 1, '', '', '', '', '143', 4, '524030201', '', '', '5', 1, '', '', '', '', '', '', 'N', '', '', '', 'Y', 'N', '2025-07-19 17:03:16', 29, '2025-07-19 17:03:16', 29, 'N', '', '', '', 0, 'N'),
(250, '', 29, 'Sherif abdalla meawad sherif', '', 0.00, 1, '', '', '', '', '143', 4, '508738444', '', '', '5', 1, '', '', '', '', '', '', 'N', '', '', '', 'Y', 'N', '2025-07-19 17:12:33', 29, '2025-07-19 17:12:33', 29, 'N', '', '', '', 0, 'N'),
(251, '', 29, 'Dr. Mohanad ', '', 0.00, 1, '', '', '', '', '143', 4, '0555026669', '', '', '5', 1, '', '', '', '', '', '', 'N', '', '', '', 'Y', 'N', '2025-07-21 13:31:18', 29, '2025-07-21 13:31:18', 29, 'N', '', '', '', 0, 'N'),
(252, '', 29, 'V GUARD UNIFORMS ', '', 0.00, 1, '', '', '', '', '143', 4, '524379900', '', '', '5', 1, '', '', '', '', '', '', 'N', '', '', '', 'Y', 'N', '2025-07-21 14:55:12', 29, '2025-07-21 14:55:12', 29, 'N', '', '', '', 0, 'N'),
(253, '', 29, 'Mr. Khalil ', '', 0.00, 1, '', '', '', '', '143', 4, '0554279027', '', '', '5', 1, '', '', '', '', '', '', 'N', '', '', '', 'Y', 'N', '2025-07-21 15:53:03', 29, '2025-07-21 15:53:03', 29, 'N', '', '', '', 0, 'N'),
(254, '', 29, 'Longzhen Guo ', '', 0.00, 1, '', '', '', '', '143', 4, '0507586811', '', '', '5', 1, '', '', '', '', '', '', 'N', '', '', '', 'Y', 'N', '2025-07-22 09:03:46', 29, '2025-07-22 09:03:46', 29, 'N', '', '', '', 0, 'N'),
(255, '', 29, 'Staycae Vacation Homes ', '', 0.00, 1, '', '', '', '', '143', 4, '0543089703', '', '', '5', 1, '', '', '', '', '', '', 'N', '', '', '', 'Y', 'N', '2025-07-22 15:23:07', 29, '2025-07-22 15:23:07', 29, 'N', '', '', '', 0, 'N'),
(256, '', 29, 'Farida Abdelaal ', '', 0.00, 1, '', '', '', '', '143', 4, '505879796', '', '', '5', 1, '', '', '', '', '', '', 'N', '', '', '', 'Y', 'N', '2025-07-23 16:29:41', 29, '2025-07-23 16:29:41', 29, 'N', '', '', '', 0, 'N'),
(257, '', 29, 'Rida Damac,Dubai Downtown ', '', 0.00, 1, '', '', '', '', '143', 4, '0588216001', '', '', '5', 1, '', '', '', '', '', '', 'N', '', '', '', 'Y', 'N', '2025-07-24 09:07:18', 29, '2025-07-24 09:07:18', 29, 'N', '', '', '', 0, 'N'),
(258, '', 29, 'Zinab', '', 0.00, 1, '', '', '', '', '143', 4, '0582268925', '', '', '5', 1, '', '', '', '', '', '', 'N', '', '', '', 'Y', 'N', '2025-07-25 12:24:01', 29, '2025-07-25 12:24:01', 29, 'N', '', '', '', 0, 'N'),
(259, '', 29, 'Chingiz', '', 0.00, 1, '', '', '', '', '143', 4, '509238936', '', '', '5', 1, '', '', '', '', '', '', 'N', '', '', '', 'Y', 'N', '2025-07-26 17:29:48', 29, '2025-07-26 17:29:48', 29, 'N', '', '', '', 0, 'N'),
(260, '', 29, 'Aashish Pandav', '', 0.00, 1, '', '', '', '', '143', 4, '585404353', '', '', '5', 1, '', '', '', '', '', '', 'N', '', '', '', 'Y', 'N', '2025-07-28 15:57:06', 29, '2025-07-28 15:57:06', 29, 'N', '', '', '', 0, 'N'),
(261, '', 29, 'Farook ', '', 0.00, 1, '', '', '', '', '143', 4, '504536128', '', '', '5', 1, '', '', '', '', '', '', 'N', '', '', '', 'Y', 'N', '2025-07-29 11:30:07', 29, '2025-07-29 11:30:07', 29, 'N', '', '', '', 0, 'N'),
(262, '', 29, 'Daphne ', '', 0.00, 1, '', '', '', '', '143', 4, '527637771', '', '', '5', 1, '', '', '', '', '', '', 'N', '', '', '', 'Y', 'N', '2025-07-31 08:57:02', 29, '2025-07-31 08:57:02', 29, 'N', '', '', '', 0, 'N'),
(263, '', 29, 'Mohammed.', '', 0.00, 1, '', '', '', '', '143', 4, '509265656', '', '', '5', 1, '', '', '', '', '', '', 'N', '', '', '', 'Y', 'N', '2025-08-02 12:17:45', 29, '2025-08-02 12:17:45', 29, 'N', '', '', '', 0, 'N'),
(264, '', 29, 'Tryston Laporte', '', 0.00, 1, '', '', '', '', '143', 4, '0504086636', '', '', '5', 1, '', '', '', '', '', '', 'N', '', '', '', 'Y', 'N', '2025-08-02 17:29:42', 29, '2025-08-02 17:29:42', 29, 'N', '', '', '', 0, 'N'),
(265, '', 29, 'Yahia Tahhan', '', 0.00, 1, '', '', '', '', '143', 4, '566777200', '', '', '5', 1, '', '', '', '', '', '', 'N', '', '', '', 'Y', 'N', '2025-08-04 10:43:26', 29, '2025-08-04 10:43:26', 29, 'N', '', '', '', 0, 'N'),
(266, '', 29, 'Mageda Mohamed', '', 0.00, 1, '', '', '', '', '143', 4, '0544629204', '', '', '5', 1, '', '', '', '', '', '', 'N', '', '', '', 'Y', 'N', '2025-08-04 11:40:57', 29, '2025-08-04 11:40:57', 29, 'N', '', '', '', 0, 'N'),
(267, '', 27, 'Marina Shevchenko', '', 0.00, 1, 'Unit 107\r\nBB09 Business Bya Dubai UAE', '', '', '', '143', 4, '000000000001', '', '', '5', 1, '', '', '', '', '', '', 'N', '', '', '', 'Y', 'N', '2025-08-05 19:26:15', 27, '2025-08-05 19:26:15', 27, 'N', '', '', '', 0, 'N'),
(268, '', 29, 'Ali Sheikh ', '', 0.00, 1, '', '', '', '', '143', 4, '0557124978', '', '', '5', 1, '', '', '', '', '', '', 'N', '', '', '', 'Y', 'N', '2025-08-06 11:37:25', 29, '2025-08-06 11:37:25', 29, 'N', '', '', '', 0, 'N'),
(269, '', 29, 'Amid', '', 0.00, 1, '', '', '', '', '143', 4, '551028311', '', '', '5', 1, '', '', '', '', '', '', 'N', '', '', '', 'Y', 'N', '2025-08-06 16:42:41', 29, '2025-08-06 16:42:41', 29, 'N', '', '', '', 0, 'N'),
(270, '', 29, 'Vladimir', '', 0.00, 1, '', '', '', '', '143', 4, '505239860', '', '', '5', 1, '', '', '', '', '', '', 'N', '', '', '', 'Y', 'N', '2025-08-08 15:28:49', 29, '2025-08-08 15:28:49', 29, 'N', '', '', '', 0, 'N'),
(271, '', 29, '329 NBR', '', 0.00, 1, '', '', '', '', '143', 4, '524897709', '', '', '5', 1, '', '', '', '', '', '', 'N', '', '', '', 'Y', 'N', '2025-08-08 15:38:04', 29, '2025-08-08 15:38:04', 29, 'N', '', '', '', 0, 'N'),
(272, '', 29, ' Melainine Ben Chaibah Assalama', '', 0.00, 1, '', '', '', '', '143', 4, '0506244616', '', '', '5', 1, '', '', '', '', '', '', 'N', '', '', '', 'Y', 'N', '2025-08-11 14:38:55', 29, '2025-08-11 14:38:55', 29, 'N', '', '', '', 0, 'N'),
(273, '', 29, 'Mathew James Villain ', '', 0.00, 1, '', '', '', '', '143', 4, '0552766438', '', '', '5', 1, '', '', '', '', '', '', 'N', '', '', '', 'Y', 'N', '2025-08-13 16:55:13', 29, '2025-08-13 16:55:13', 29, 'N', '', '', '', 0, 'N'),
(274, '', 29, 'Guilherme  Elias Semianer', '', 0.00, 1, '', '', '', '', '143', 4, '0553444985', '', '', '5', 1, '', '', '', '', '', '', 'N', '', '', '', 'Y', 'N', '2025-08-13 17:11:51', 29, '2025-08-13 17:11:51', 29, 'N', '', '', '', 0, 'N'),
(275, '', 29, 'Luliia Kravtsova', '', 0.00, 1, '', '', '', '', '143', 4, '0552856106', '', '', '5', 1, '', '', '', '', '', '', 'N', '', '', '', 'Y', 'N', '2025-08-16 13:08:48', 29, '2025-08-16 13:08:48', 29, 'N', '', '', '', 0, 'N'),
(276, '', 29, 'Dragan Arsenin', '', 0.00, 1, '', '', '', '', '143', 4, '0585940402', '', '', '5', 1, '', '', '', '', '', '', 'N', '', '', '', 'Y', 'N', '2025-08-16 15:47:06', 29, '2025-08-16 15:47:06', 29, 'N', '', '', '', 0, 'N'),
(277, '', 29, 'Mikhail', '', 0.00, 1, '', '', '', '', '143', 4, '0555275141', '', '', '5', 1, '', '', '', '', '', '', 'N', '', '', '', 'Y', 'N', '2025-08-18 11:28:04', 29, '2025-08-18 11:28:04', 29, 'N', '', '', '', 0, 'N'),
(278, '', 29, 'Tiago Lino Ferreira Guedes', '', 0.00, 1, '', '', '', '', '143', 4, '528798400', '', '', '5', 1, '', '', '', '', '', '', 'N', '', '', '', 'Y', 'N', '2025-08-19 09:24:26', 29, '2025-08-19 09:24:26', 29, 'N', '', '', '', 0, 'N'),
(279, '', 29, 'Jasim Mohammed Abdulla Majan ', '', 0.00, 1, '', '', '', '', '143', 4, '506244616', '', '', '5', 1, '', '', '', '', '', '', 'N', '', '', '', 'Y', 'N', '2025-08-21 11:12:31', 29, '2025-08-21 11:12:31', 29, 'N', '', '', '', 0, 'N'),
(280, '', 29, 'NBR326', '', 0.00, 1, '', '', '', '', '143', 4, '0558946018', '', '', '5', 1, '', '', '', '', '', '', 'N', '', '', '', 'Y', 'N', '2025-08-21 15:25:20', 29, '2025-08-21 15:25:20', 29, 'N', '', '', '', 0, 'N'),
(281, '', 29, 'Tranquil Infra Developers, LLC', '', 0.00, 1, '107-108, First Floor, Building 8, Bay Square,\r\nBusiness Bay, PO Box 78119, Dubai, UAE.', '', '', '', '143', 4, '527316329', '', '', '5', 1, '', '', '', '', '', '', 'N', '', '', '', 'Y', '', '2025-08-25 15:22:39', 29, '2025-08-25 15:45:02', 27, 'N', '', '', '', 0, 'N'),
(282, '', 6, 'MOSTAFA JIHAD SHOAIB', '', 0.00, 1, '', '', '', '', '143', 4, '971505090854', '', '', '5', 1, '', '', '', '', '', '', 'N', '', '', '', 'Y', 'N', '2025-08-26 13:20:18', 6, '2025-08-26 13:20:18', 6, 'N', '', '', '', 0, 'N'),
(283, '', 6, 'Ms. Alina', '', 0.00, 1, '', '', '', '', '143', 4, '971562724484', '', '', '5', 1, '', '', '', '', '', '', 'N', '', '', '', 'Y', 'N', '2025-08-28 10:55:45', 6, '2025-08-28 10:55:45', 6, 'N', '', '', '', 0, 'N'),
(284, '', 6, 'Tariq Abdulrazaq Kasim Al Ali', '', 0.00, 1, '', '', '', '', '143', 4, '971529538271', '', '', '5', 1, '', '', '', '', '', '', 'N', '', '', '', 'Y', 'N', '2025-09-04 16:15:29', 6, '2025-09-04 16:15:29', 6, 'N', '', '', '', 0, 'N'),
(285, '', 6, 'Rasha AlOkaily', '', 0.00, 1, '', '', '', '', '143', 4, '971526115820', '', '', '5', 1, '', '', '', '', '', '', 'N', '', '', '', 'Y', 'N', '2025-09-06 12:01:42', 6, '2025-09-06 12:01:42', 6, 'N', '', '', '', 0, 'N'),
(286, '', 6, 'Foot Print Real Estate', '', 0.00, 1, '', '', '', '', '143', 4, '971588216001', '', '', '5', 1, '', '', '', '', '', '', 'N', '', '', '', 'Y', 'N', '2025-09-08 14:55:08', 6, '2025-09-08 14:55:08', 6, 'N', '', '', '', 0, 'N'),
(287, '', 29, 'Niviya thankathurai', '', 0.00, 1, '', '', '', '', '143', 4, '586890605', '', '', '5', 1, '', '', '', '', '', '', 'N', '', '', '', 'Y', 'N', '2025-09-09 12:17:51', 29, '2025-09-09 12:17:51', 29, 'N', '', '', '', 0, 'N'),
(288, '', 29, '116 NBR', '', 0.00, 1, '', '', '', '', '143', 4, '0543877177', '', '', '5', 1, '', '', '', '', '', '', 'N', '', '', '', 'Y', 'N', '2025-09-09 13:01:45', 29, '2025-09-09 13:01:45', 29, 'N', '', '', '', 0, 'N'),
(289, '', 29, 'Ziad Nabil El Khoury', '', 0.00, 1, '', '', '', '', '143', 4, '0568049110', '', '', '5', 1, '', '', '', '', '', '', 'N', '', '', '', 'Y', 'N', '2025-09-10 12:11:05', 29, '2025-09-10 12:11:05', 29, 'N', '', '', '', 0, 'N'),
(290, '', 29, 'OnkarSingh Pahwa', '', 0.00, 1, '', '', '', '', '143', 4, '0000004', '', '', '5', 1, '', '', '', '', '', '', 'N', '', '', '', 'Y', 'N', '2025-09-10 12:18:36', 29, '2025-09-10 12:18:36', 29, 'N', '', '', '', 0, 'N'),
(291, '', 29, 'Sundaraparipoornan', '', 0.00, 1, '', '', '', '', '143', 4, '0000005', '', '', '5', 1, '', '', '', '', '', '', 'N', '', '', '', 'Y', 'N', '2025-09-10 12:28:23', 29, '2025-09-10 12:28:23', 29, 'N', '', '', '', 0, 'N'),
(292, '', 29, 'Mohammad Nooruddin Kalyanpur Syed Ameenuddin', '', 0.00, 1, '', '', '', '', '143', 4, '0000006', '', '', '5', 1, '', '', '', '', '', '', 'N', '', '', '', 'Y', 'N', '2025-09-10 12:41:36', 29, '2025-09-10 12:41:36', 29, 'N', '', '', '', 0, 'N'),
(293, '', 29, 'Abdallah Mousa Taher Mohammad', '', 0.00, 1, '', '', '', '', '143', 4, '0000007', '', '', '5', 1, '', '', '', '', '', '', 'N', '', '', '', 'Y', 'N', '2025-09-10 12:47:21', 29, '2025-09-10 12:47:21', 29, 'N', '', '', '', 0, 'N'),
(294, '', 29, 'Svetlana Vityugova', '', 0.00, 1, '', '', '', '', '143', 4, '0000008', '', '', '5', 1, '', '', '', '', '', '', 'N', '', '', '', 'Y', 'N', '2025-09-10 12:53:54', 29, '2025-09-10 12:53:54', 29, 'N', '', '', '', 0, 'N'),
(295, '', 29, 'Vadim Sarandi', '', 0.00, 1, '', '', '', '', '143', 4, '0000009', '', '', '5', 1, '', '', '', '', '', '', 'N', '', '', '', 'Y', 'N', '2025-09-10 13:40:26', 29, '2025-09-10 13:40:26', 29, 'N', '', '', '', 0, 'N'),
(296, '', 29, 'Liu Jin - Chang Chia Ming', '', 0.00, 1, '', '', '', '', '143', 4, '0000010', '', '', '5', 1, '', '', '', '', '', '', 'N', '', '', '', 'Y', 'N', '2025-09-10 13:49:37', 29, '2025-09-10 13:49:37', 29, 'N', '', '', '', 0, 'N'),
(297, '', 29, '716 bldg9', '', 0.00, 1, '', '', '', '', '143', 4, '0000011', '', '', '5', 1, '', '', '', '', '', '', 'N', '', '', '', 'Y', 'N', '2025-09-10 14:28:54', 29, '2025-09-10 14:28:54', 29, 'N', '', '', '', 0, 'N'),
(298, '', 29, 'Sufang Xu', '', 0.00, 1, '', '', '', '', '143', 4, '0000012', '', '', '5', 1, '', '', '', '', '', '', 'N', '', '', '', 'Y', 'N', '2025-09-10 14:58:56', 29, '2025-09-10 14:58:56', 29, 'N', '', '', '', 0, 'N'),
(299, '', 29, 'Artem Vasilev', '', 0.00, 1, '', '', '', '', '143', 4, '0000013', '', '', '5', 1, '', '', '', '', '', '', 'N', '', '', '', 'Y', 'N', '2025-09-10 15:05:34', 29, '2025-09-10 15:05:34', 29, 'N', '', '', '', 0, 'N'),
(300, '', 29, 'P15B9', '', 0.00, 1, '', '', '', '', '143', 4, '0000014', '', '', '5', 1, '', '', '', '', '', '', 'N', '', '', '', 'Y', 'N', '2025-09-10 15:10:57', 29, '2025-09-10 15:10:57', 29, 'N', '', '', '', 0, 'N'),
(301, '', 29, 'Charlie', '', 0.00, 1, '', '', '', '', '143', 4, '0586968015', '', '', '5', 1, '', '', '', '', '', '', 'N', '', '', '', 'Y', 'N', '2025-09-11 12:00:33', 29, '2025-09-11 12:00:33', 29, 'N', '', '', '', 0, 'N'),
(302, '', 6, 'Noora Mansoor Mohammad Abdulla Majan', '', 0.00, 1, '', '', '', '', '143', 4, '971555801298', '', '', '5', 1, '', '', '', '', '', '', 'N', '', '', '', 'Y', 'N', '2025-09-11 12:19:43', 6, '2025-09-11 12:19:43', 6, 'N', '', '', '', 0, 'N'),
(303, '', 29, 'Saif Awwad', '', 0.00, 1, '', '', '', '', '143', 4, '0507633021', '', '', '5', 1, '', '', '', '', '', '', 'N', '', '', '', 'Y', 'N', '2025-09-12 10:41:30', 29, '2025-09-12 10:41:30', 29, 'N', '', '', '', 0, 'N'),
(304, '', 29, 'Cherry ', '', 0.00, 1, '', '', '', '', '143', 4, '0542453833', '', '', '5', 1, '', '', '', '', '', '', 'N', '', '', '', 'Y', 'N', '2025-09-12 16:14:14', 29, '2025-09-12 16:14:14', 29, 'N', '', '', '', 0, 'N'),
(305, '', 29, 'Jean Wastie', '', 0.00, 1, '', '', '', '', '143', 4, '00000014', '', '', '5', 1, '', '', '', '', '', '', 'N', '', '', '', 'Y', 'N', '2025-09-13 13:55:59', 29, '2025-09-13 13:55:59', 29, 'N', '', '', '', 0, 'N'),
(306, '', 6, 'FRANK PORTER VACATION HOMES RENTAL LLC', '', 0.00, 1, '303 SHEIKHA NOURA TOWER BARSHA HEIGHTS, \r\nDUBAI, UAE', '', '', '', '143', 4, '971582301795', '', '', '5', 1, '', '', '', '100486957200003', '', '', 'N', '', '', '', 'Y', '', '2025-09-15 14:20:41', 6, '2025-09-15 15:11:28', 27, 'N', '', '', '', 0, 'N'),
(307, '', 6, 'ARH TECHNICAL WORKS L.L.C', '', 0.00, 1, 'Warehouse no. A-19, Al Quoz 2, \r\nAl quoz, Dubai, 65937, Dubai', '', '', '', '143', 4, '00526115820', '', '', '5', 1, '', '', '', '100258225000001', '', '', 'N', '', '', '', 'Y', '', '2025-09-15 14:40:41', 6, '2025-09-15 15:18:52', 6, 'N', '', '', '', 0, 'N'),
(308, '', 29, 'Tariq', '', 0.00, 1, '', '', '', '', '143', 4, '0501558833', '', '', '5', 1, '', '', '', '', '', '', 'N', '', '', '', 'Y', 'N', '2025-09-16 16:13:59', 29, '2025-09-16 16:13:59', 29, 'N', '', '', '', 0, 'N'),
(309, '', 29, 'Sabeth ', '', 0.00, 1, '', '', '', '', '143', 4, '0562646970', '', '', '5', 1, '', '', '', '', '', '', 'N', '', '', '', 'Y', 'N', '2025-09-20 11:07:18', 29, '2025-09-20 11:07:18', 29, 'N', '', '', '', 0, 'N'),
(310, '', 29, 'Steph ', '', 0.00, 1, '', '', '', '', '143', 4, '0529042585', '', '', '5', 1, '', '', '', '', '', '', 'N', '', '', '', 'Y', 'N', '2025-09-20 11:14:39', 29, '2025-09-20 11:14:39', 29, 'N', '', '', '', 0, 'N'),
(311, '', 29, 'Ahmed Alkhaja', '', 0.00, 1, '', '', '', '', '143', 4, '0522312996', '', '', '5', 1, '', '', '', '', '', '', 'N', '', '', '', 'Y', 'N', '2025-09-20 16:25:41', 29, '2025-09-20 16:25:41', 29, 'N', '', '', '', 0, 'N'),
(312, '', 6, 'NGUYEN THI VE', '', 0.00, 1, '', '', '', '', '143', 4, '971568593869', '', '', '5', 1, '', '', '', '', '', '', 'N', '', '', '', 'Y', 'N', '2025-09-22 10:41:14', 6, '2025-09-22 10:41:14', 6, 'N', '', '', '', 0, 'N'),
(313, '', 6, 'FARIS MOHAMMAD ABBAS ABUMURRH', '', 0.00, 1, '', '', '', '', '143', 4, '971567089067', '', '', '5', 1, '', '', '', '', '', '', 'N', '', '', '', 'Y', 'N', '2025-09-22 11:32:50', 6, '2025-09-22 11:32:50', 6, 'N', '', '', '', 0, 'N'),
(314, '', 6, 'NBR 116 Direct Customer', '', 0.00, 1, '', '', '', '', '143', 4, '971543877177', '', '', '5', 1, '', '', '', '', '', '', 'N', '', '', '', 'Y', 'N', '2025-09-22 11:51:35', 6, '2025-09-22 11:51:35', 6, 'N', '', '', '', 0, 'N'),
(315, '', 6, 'Tenant NBR 321', '', 0.00, 1, '', '', '', '', '143', 4, '971553491440', '', '', '5', 1, '', '', '', '', '', '', 'N', '', '', '', 'Y', 'N', '2025-09-22 12:06:38', 6, '2025-09-22 12:06:38', 6, 'N', '', '', '', 0, 'N'),
(316, '', 6, 'Ayesha Eissa Humaid Abdulla Alzaabi', '', 0.00, 1, '', '', '', '', '143', 4, '0525438656', '', '', '5', 1, '', '', '', '', '', '', 'N', '', '', '', 'Y', 'N', '2025-09-23 16:32:18', 6, '2025-09-23 16:32:18', 6, 'N', '', '', '', 0, 'N'),
(317, '', 29, 'Olivia', '', 0.00, 1, '', '', '', '', '143', 4, '0507404289', '', '', '5', 1, '', '', '', '', '', '', 'N', '', '', '', 'Y', 'N', '2025-09-25 12:49:06', 29, '2025-09-25 12:49:06', 29, 'N', '', '', '', 0, 'N'),
(318, '', 29, 'Bloomfields Holiday Homes', '', 0.00, 1, '', '', '', '', '143', 4, '509485911', '', '', '5', 1, '', '', '', '', '', '', 'N', '', '', '', 'Y', 'N', '2025-09-27 10:56:11', 29, '2025-09-27 10:56:11', 29, 'N', '', '', '', 0, 'N'),
(319, '', 29, 'Abdullah', '', 0.00, 1, '', '', '', '', '143', 4, '0564976051', '', '', '5', 1, '', '', '', '', '', '', 'N', '', '', '', 'Y', 'N', '2025-09-29 09:05:20', 29, '2025-09-29 09:05:20', 29, 'N', '', '', '', 0, 'N'),
(320, '', 29, 'STAYZIO HOLIDAY HOMES RENTAL L.L.C', '', 0.00, 1, '', '', '', '', '143', 4, '0589940769', '', '', '5', 1, '', '', '', '', '', '', 'N', '', '', '', 'Y', '', '2025-10-01 10:11:53', 29, '2025-10-08 23:09:37', 27, 'N', '', '', '', 0, 'N'),
(321, '', 29, 'Amani', '', 0.00, 1, '', '', '', '', '143', 4, '0548882123', '', '', '5', 1, '', '', '', '', '', '', 'N', '', '', '', 'Y', 'N', '2025-10-03 09:16:54', 29, '2025-10-03 09:16:54', 29, 'N', '', '', '', 0, 'N'),
(322, '', 29, '506 BLDG 9', '', 0.00, 1, '', '', '', '', '143', 4, '0507473425', '', '', '5', 1, '', '', '', '', '', '', 'N', '', '', '', 'Y', 'N', '2025-10-03 10:09:48', 29, '2025-10-03 10:09:48', 29, 'N', '', '', '', 0, 'N'),
(323, '', 29, 'Zubin', '', 0.00, 1, '', '', '', '', '143', 4, '504454397', '', '', '5', 1, '', '', '', '', '', '', 'N', '', '', '', 'Y', 'N', '2025-10-03 13:06:37', 29, '2025-10-03 13:06:37', 29, 'N', '', '', '', 0, 'N'),
(324, '', 6, 'Ahmed Ahmed Abd El Mittilb', '', 0.00, 1, '', '', '', '', '143', 4, '0524897709', '', '', '5', 1, '', '', '', '', '', '', 'N', '', '', '', 'Y', 'N', '2025-10-06 11:28:02', 6, '2025-10-06 11:28:02', 6, 'N', '', '', '', 0, 'N'),
(325, '', 6, 'NBR 201 Tenant', '', 0.00, 1, '', '', '', '', '143', 4, '971558744694', '', '', '5', 1, '', '', '', '', '', '', 'N', '', '', '', 'Y', 'N', '2025-10-06 16:52:50', 6, '2025-10-06 16:52:50', 6, 'N', '', '', '', 0, 'N'),
(326, '', 6, 'Mr Safir', '', 0.00, 1, '', '', '', '', '143', 4, '971509266030', '', '', '5', 1, '', '', '', '', '', '', 'N', '', '', '', 'Y', 'N', '2025-10-07 11:24:40', 6, '2025-10-07 11:24:40', 6, 'N', '', '', '', 0, 'N'),
(327, '', 29, 'Juluis', '', 0.00, 1, '', '', '', '', '143', 4, '0526689760', '', '', '5', 1, '', '', '', '', '', '', 'N', '', '', '', 'Y', 'N', '2025-10-14 10:27:01', 29, '2025-10-14 10:27:01', 29, 'N', '', '', '', 0, 'N'),
(328, '', 6, 'Ms. Elena', '', 0.00, 1, '', '', '', '', '143', 4, '971561370105', '', '', '5', 1, '', '', '', '', '', '', 'N', '', '', '', 'Y', 'N', '2025-10-16 11:06:46', 6, '2025-10-16 11:06:46', 6, 'N', '', '', '', 0, 'N'),
(329, '', 29, 'Sundarpariporanam', '', 0.00, 1, '', '', '', '', '143', 4, '0562824883', '', '', '5', 1, '', '', '', '', '', '', 'N', '', '', '', 'Y', 'N', '2025-10-16 11:53:26', 29, '2025-10-16 11:53:26', 29, 'N', '', '', '', 0, 'N'),
(330, '', 29, 'Lynn', '', 0.00, 1, '', '', '', '', '143', 4, '565485603', '', '', '5', 1, '', '', '', '', '', '', 'N', '', '', '', 'Y', 'N', '2025-10-17 16:23:04', 29, '2025-10-17 16:23:04', 29, 'N', '', '', '', 0, 'N'),
(331, '', 29, 'Saeed Al Fahim ', '', 0.00, 1, '', '', '', '', '143', 4, '561755411', '', '', '5', 1, '', '', '', '', '', '', 'N', '', '', '', 'Y', 'N', '2025-10-17 16:59:06', 29, '2025-10-17 16:59:06', 29, 'N', '', '', '', 0, 'N'),
(332, '', 29, 'Mr. Mustafa', '', 0.00, 1, '', '', '', '', '143', 4, '0555498790', '', '', '5', 1, '', '', '', '', '', '', 'N', '', '', '', 'Y', 'N', '2025-10-18 13:13:06', 29, '2025-10-18 13:13:06', 29, 'N', '', '', '', 0, 'N'),
(333, '', 29, 'Apt411', '', 0.00, 1, '', '', '', '', '143', 4, '502329260', '', '', '5', 1, '', '', '', '', '', '', 'N', '', '', '', 'Y', '', '2025-10-18 13:33:35', 29, '2025-10-18 13:35:02', 29, 'N', '', '', '', 0, 'N'),
(334, '', 29, 'HOTEL101 MARKETING PTE LTD - DUBAI BRANCH - REP. OFFICE', '', 0.00, 1, '', '', '', '', '143', 4, '0568422428', '', '', '5', 1, '', '', '', '104993208800001', '', '', 'N', '', '', '', 'Y', '', '2025-10-21 14:10:02', 29, '2025-10-22 13:55:08', 27, 'N', '', '', '', 0, 'N'),
(335, '', 29, 'Ossama Bawab', '', 0.00, 1, '', '', '', '', '143', 4, '0521291948', '', '', '5', 1, '', '', '', '', '', '', 'N', '', '', '', 'Y', 'N', '2025-10-22 13:05:58', 29, '2025-10-22 13:05:58', 29, 'N', '', '', '', 0, 'N'),
(336, '', 29, 'Karem Akawi', '', 0.00, 1, '', '', '', '', '143', 4, '0503614625', '', '', '5', 1, '', '', '', '', '', '', 'N', '', '', '', 'Y', 'N', '2025-10-22 15:29:42', 29, '2025-10-22 15:29:42', 29, 'N', '', '', '', 0, 'N'),
(337, '', 29, 'Xiaoyi Luo', '', 0.00, 1, '', '', '', '', '143', 4, '0585513690', '', '', '5', 1, '', '', '', '', '', '', 'N', '', '', '', 'Y', 'N', '2025-10-22 16:43:48', 29, '2025-10-22 16:43:48', 29, 'N', '', '', '', 0, 'N'),
(338, '', 29, 'Daniala', '', 0.00, 1, '', '', '', '', '143', 4, '0529927005', '', '', '5', 1, '', '', '', '', '', '', 'N', '', '', '', 'Y', 'N', '2025-10-24 12:21:53', 29, '2025-10-24 12:21:53', 29, 'N', '', '', '', 0, 'N'),
(339, '', 29, 'Samdani Hasan ', '', 0.00, 1, '', '', '', '', '143', 4, '0565347867', '', '', '5', 1, '', '', '', '', '', '', 'N', '', '', '', 'Y', 'N', '2025-10-24 14:53:55', 29, '2025-10-24 14:53:55', 29, 'N', '', '', '', 0, 'N'),
(340, '', 29, 'Leela Lakshaman', '', 0.00, 1, '', '', '', '', '143', 4, '0509414012', '', '', '5', 1, '', '', '', '', '', '', 'N', '', '', '', 'Y', 'N', '2025-10-27 12:38:35', 29, '2025-10-27 12:38:35', 29, 'N', '', '', '', 0, 'N'),
(341, '', 29, 'Khaled', '', 0.00, 1, '', '', '', '', '143', 4, '0505803234', '', '', '5', 1, '', '', '', '', '', '', 'N', '', '', '', 'Y', 'N', '2025-10-28 09:22:34', 29, '2025-10-28 09:22:34', 29, 'N', '', '', '', 0, 'N'),
(342, '', 6, 'Amir Mousavi ', '', 0.00, 1, '', '', '', '', '143', 4, '971521099599', '', '', '5', 1, '', '', '', '', '', '', 'N', '', '', '', 'Y', 'N', '2025-10-29 10:14:55', 6, '2025-10-29 10:14:55', 6, 'N', '', '', '', 0, 'N'),
(343, '', 6, 'Ms. Sabrina', '', 0.00, 1, '', '', '', '', '143', 4, '971555488438', '', '', '5', 1, '', '', '', '', '', '', 'N', '', '', '', 'Y', 'N', '2025-10-29 10:29:38', 6, '2025-10-29 10:29:38', 6, 'N', '', '', '', 0, 'N'),
(344, '', 29, 'Antonie', '', 0.00, 1, '', '', '', '', '143', 4, '48890463', '', '', '5', 1, '', '', '', '', '', '', 'N', '', '', '', 'Y', 'N', '2025-11-01 16:26:21', 29, '2025-11-01 16:26:21', 29, 'N', '', '', '', 0, 'N'),
(345, '', 6, 'Mr. Shahul', '', 0.00, 1, '', '', '', '', '143', 4, '553318492', '', '', '5', 1, '', '', '', '', '', '', 'N', '', '', '', 'Y', '', '2025-11-03 15:37:07', 6, '2025-11-17 16:27:13', 6, 'N', '', '', '', 0, 'N'),
(346, '', 29, 'Ibrahim Nahas', '', 0.00, 1, '', '', '', '', '143', 4, '549913244', '', '', '5', 1, '', '', '', '', '', '', 'N', '', '', '', 'Y', 'N', '2025-11-04 10:59:31', 29, '2025-11-04 10:59:31', 29, 'N', '', '', '', 0, 'N'),
(347, '', 6, 'Yousef Khoury', '', 0.00, 1, '', '', '', '', '143', 4, '971509782002', '', '', '5', 1, '', '', '', '', '', '', 'N', '', '', '', 'Y', 'N', '2025-11-04 12:20:47', 6, '2025-11-04 12:20:47', 6, 'N', '', '', '', 0, 'N'),
(348, '', 6, 'Khaled El Samman', '', 0.00, 1, '', '', '', '', '143', 4, '31625403222', '', '', '5', 1, '', '', '', '', '', '', 'N', '', '', '', 'Y', 'N', '2025-11-05 12:26:18', 6, '2025-11-05 12:26:18', 6, 'N', '', '', '', 0, 'N'),
(349, '', 29, 'Sarbels ', '', 0.00, 1, '', '', '', '', '143', 4, '0509692804', '', '', '5', 1, '', '', '', '', '', '', 'N', '', '', '', 'Y', 'N', '2025-11-06 17:29:20', 29, '2025-11-06 17:29:20', 29, 'N', '', '', '', 0, 'N'),
(350, '', 6, 'Ms. Sofia', '', 0.00, 1, '', '', '', '', '143', 4, '971585859262', '', '', '5', 1, '', '', '', '', '', '', 'N', '', '', '', 'Y', 'N', '2025-11-10 10:07:47', 6, '2025-11-10 10:07:47', 6, 'N', '', '', '', 0, 'N'),
(351, '', 29, 'Victor Pichon', '', 0.00, 1, '', '', '', '', '143', 4, '0585229724', '', '', '5', 1, '', '', '', '', '', '', 'N', '', '', '', 'Y', 'N', '2025-11-10 14:23:34', 29, '2025-11-10 14:23:34', 29, 'N', '', '', '', 0, 'N'),
(352, '', 6, 'Muhammad Arsalan shakir hussain', '', 0.00, 1, '', '', '', '', '143', 4, '971555179666', '', '', '5', 1, '', '', '', '', '', '', 'N', '', '', '', 'Y', '', '2025-11-12 15:13:01', 6, '2025-11-12 15:29:18', 6, 'N', '', '', '', 0, 'N'),
(353, '', 29, 'TOMASZ SZARY.', '', 0.00, 1, '', '', '', '', '143', 4, '563882215', '', '', '5', 1, '', '', '', '', '', '', 'N', '', '', '', 'Y', 'N', '2025-11-14 16:34:41', 29, '2025-11-14 16:34:41', 29, 'N', '', '', '', 0, 'N'),
(354, '', 29, 'Dr. Juri George Gelovani', '', 0.00, 1, '', '', '', '', '143', 4, '503259967', '', '', '5', 1, '', '', '', '', '', '', 'N', '', '', '', 'Y', 'N', '2025-11-15 16:24:01', 29, '2025-11-15 16:24:01', 29, 'N', '', '', '', 0, 'N'),
(355, '', 27, 'Versatile Concepts Intl Technical Services Contracting LLC', '', 0.00, 1, '', '', '', '', '143', 4, '971585960575', '', '', '5', 1, '', '', '', '', '', '', 'N', '', '', '', 'Y', 'N', '2025-11-15 16:51:47', 27, '2025-11-15 16:51:47', 27, 'N', '', '', '', 1, 'N'),
(356, '', 6, 'Trystan Laporte', '', 0.00, 1, '', '', '', '', '143', 4, '971585824405', '', '', '5', 1, '', '', '', '', '', '', 'N', '', '', '', 'Y', 'N', '2025-11-27 10:10:17', 6, '2025-11-27 10:10:17', 6, 'N', '', '', '', 0, 'N'),
(357, '', 29, 'PRIMEBB', '', 0.00, 1, '', '', '', '', '143', 4, '7366323606', '', '', '5', 1, '', '', '', '', '', '', 'N', '', '', '', 'Y', 'N', '2025-11-27 14:26:13', 29, '2025-11-27 14:26:13', 29, 'N', '', '', '', 0, 'N'),
(358, '', 29, 'Olivia Morres', '', 0.00, 1, '', '', '', '', '143', 4, '0502505837', '', '', '5', 1, '', '', '', '', '', '', 'N', '', '', '', 'Y', 'N', '2025-11-28 16:19:13', 29, '2025-11-28 16:19:13', 29, 'N', '', '', '', 0, 'N'),
(359, '', 29, 'Antoine', '', 0.00, 1, '', '', '', '', '143', 4, '0556255972', '', '', '5', 1, '', '', '', '', '', '', 'N', '', '', '', 'Y', 'N', '2025-12-03 10:23:17', 29, '2025-12-03 10:23:17', 29, 'N', '', '', '', 0, 'N'),
(360, '', 29, 'Zarah', '', 0.00, 1, '', '', '', '', '143', 4, '0554098252', '', '', '5', 1, '', '', '', '', '', '', 'N', '', '', '', 'Y', 'N', '2025-12-04 15:20:59', 29, '2025-12-04 15:20:59', 29, 'N', '', '', '', 0, 'N'),
(361, '', 29, 'Akansha', '', 0.00, 1, '', '', '', '', '143', 4, '0557209903', '', '', '5', 1, '', '', '', '', '', '', 'N', '', '', '', 'Y', 'N', '2025-12-17 12:12:49', 29, '2025-12-17 12:12:49', 29, 'N', '', '', '', 0, 'N'),
(362, '', 29, 'Mohamed orabi', '', 0.00, 1, '', '', '', '', '143', 4, '0562816151', '', '', '5', 1, '', '', '', '', '', '', 'N', '', '', '', 'Y', 'N', '2025-12-20 12:16:33', 29, '2025-12-20 12:16:33', 29, 'N', '', '', '', 0, 'N'),
(363, '', 29, 'Alexendara', '', 0.00, 1, '', '', '', '', '143', 4, '585742406', '', '', '5', 1, '', '', '', '', '', '', 'N', '', '', '', 'Y', 'N', '2025-12-31 10:12:06', 29, '2025-12-31 10:12:06', 29, 'N', '', '', '', 0, 'N'),
(364, '', 29, 'Mohammed 716', '', 0.00, 1, '', '', '', '', '143', 4, '509158890', '', '', '5', 1, '', '', '', '', '', '', 'N', '', '', '', 'Y', 'N', '2026-01-02 12:41:57', 29, '2026-01-02 12:41:57', 29, 'N', '', '', '', 0, 'N');

-- --------------------------------------------------------

--
-- Table structure for table `erp_customer_contact`
--

CREATE TABLE `erp_customer_contact` (
  `id` int(11) NOT NULL,
  `customer_id` bigint(20) NOT NULL,
  `prefix` varchar(500) NOT NULL,
  `person_name` varchar(255) NOT NULL,
  `designation` varchar(255) NOT NULL,
  `contact_phone_no` varchar(255) NOT NULL,
  `department` varchar(255) NOT NULL,
  `contact_mobile_no` varchar(255) NOT NULL,
  `contact_email_id` varchar(255) NOT NULL,
  `notes` text NOT NULL,
  `isActive` enum('Y','N') NOT NULL DEFAULT 'Y',
  `created_date_time` datetime NOT NULL,
  `created_by` int(11) NOT NULL,
  `updated_date_time` datetime DEFAULT NULL,
  `updated_by` int(11) DEFAULT NULL
) ENGINE=MyISAM DEFAULT CHARSET=latin1 COLLATE=latin1_swedish_ci;

--
-- Dumping data for table `erp_customer_contact`
--

INSERT INTO `erp_customer_contact` (`id`, `customer_id`, `prefix`, `person_name`, `designation`, `contact_phone_no`, `department`, `contact_mobile_no`, `contact_email_id`, `notes`, `isActive`, `created_date_time`, `created_by`, `updated_date_time`, `updated_by`) VALUES
(1, 4, '', 'Sales/Account', '', '', '', '', '', '', 'Y', '2023-09-09 11:11:21', 2, '2023-09-09 11:11:21', 2),
(2, 19, '', 'Sales/Account', '', '', '', '', '', '', 'Y', '2023-10-07 01:54:52', 6, '2023-10-07 01:54:52', 6),
(3, 40, '', 'Sales/Account', '', '', '', '', '', '', 'Y', '2023-10-13 11:07:07', 6, '2023-10-13 11:07:07', 6),
(4, 42, '', 'Sales/Account', '', '', '', '', '', '', 'Y', '2023-10-24 10:48:13', 2, '2023-10-24 10:48:13', 2),
(5, 43, '', 'NA', '', '971 501059081', '', '', '', '', 'Y', '2023-11-14 12:24:38', 29, '2023-11-14 00:00:00', 29),
(6, 28, '', 'Test', '', '', '', '', '', '', 'Y', '2023-11-15 00:00:00', 1, NULL, NULL),
(7, 46, '', 'Ms. Kulsum ', 'Payables', '', 'Accounts Payables', '', 'Admin17@stratum.ae', '', 'Y', '2023-11-22 00:00:00', 27, NULL, NULL),
(8, 46, '', 'Ms. Nirmala', 'Payables', '', 'Accounts Payables', '', 'admin8@stratum.ae', '', 'Y', '2023-11-22 00:00:00', 27, NULL, NULL);

-- --------------------------------------------------------

--
-- Table structure for table `erp_customer_docs`
--

CREATE TABLE `erp_customer_docs` (
  `id` int(11) NOT NULL,
  `customer_id` int(11) NOT NULL,
  `document_no` varchar(255) NOT NULL,
  `document_type` int(11) NOT NULL COMMENT '1-statement of accounts,2-trade licence',
  `document` varchar(255) NOT NULL,
  `from_date` date NOT NULL,
  `to_date` date NOT NULL
) ENGINE=MyISAM DEFAULT CHARSET=latin1 COLLATE=latin1_swedish_ci;

-- --------------------------------------------------------

--
-- Table structure for table `erp_customer_feedback`
--

CREATE TABLE `erp_customer_feedback` (
  `id` int(11) NOT NULL,
  `customer_vendor_id` int(11) NOT NULL,
  `feed_back_date` datetime NOT NULL
) ENGINE=InnoDB DEFAULT CHARSET=latin1 COLLATE=latin1_swedish_ci;

-- --------------------------------------------------------

--
-- Table structure for table `erp_customer_feedback_details`
--

CREATE TABLE `erp_customer_feedback_details` (
  `id` int(11) NOT NULL,
  `customer_feedback_id` int(11) NOT NULL COMMENT 'primary key from customer feed back',
  `question_id` int(11) NOT NULL,
  `category_id` int(11) NOT NULL,
  `answer` float NOT NULL
) ENGINE=InnoDB DEFAULT CHARSET=latin1 COLLATE=latin1_swedish_ci;

-- --------------------------------------------------------

--
-- Table structure for table `erp_customer_pricing_group`
--

CREATE TABLE `erp_customer_pricing_group` (
  `id` int(11) NOT NULL,
  `customer_id` bigint(20) NOT NULL,
  `brand_id` int(11) NOT NULL,
  `pricing_group_id` int(11) NOT NULL
) ENGINE=InnoDB DEFAULT CHARSET=latin1 COLLATE=latin1_swedish_ci;

-- --------------------------------------------------------

--
-- Table structure for table `erp_customer_shipping_details`
--

CREATE TABLE `erp_customer_shipping_details` (
  `id` int(11) NOT NULL,
  `customer_id` int(11) NOT NULL,
  `shipping_customer_name` varchar(255) NOT NULL,
  `state` varchar(255) NOT NULL,
  `city` varchar(255) NOT NULL,
  `street_address` text NOT NULL,
  `po_box` varchar(255) NOT NULL,
  `postal_code` varchar(255) NOT NULL,
  `country_id` int(11) NOT NULL
) ENGINE=MyISAM DEFAULT CHARSET=latin1 COLLATE=latin1_swedish_ci;

-- --------------------------------------------------------

--
-- Table structure for table `erp_damaged_store`
--

CREATE TABLE `erp_damaged_store` (
  `id` int(11) NOT NULL,
  `transfer_date` date NOT NULL,
  `reference` varchar(255) NOT NULL,
  `created_by` int(11) NOT NULL,
  `created_date_time` datetime NOT NULL
) ENGINE=MyISAM DEFAULT CHARSET=latin1 COLLATE=latin1_swedish_ci;

-- --------------------------------------------------------

--
-- Table structure for table `erp_damaged_store_details`
--

CREATE TABLE `erp_damaged_store_details` (
  `id` int(11) NOT NULL,
  `damaged_store_id` int(11) NOT NULL,
  `product_id` int(11) NOT NULL COMMENT 'primary key to crm_store',
  `part_number` varchar(255) NOT NULL,
  `quantity` decimal(15,3) NOT NULL,
  `unit` int(11) NOT NULL,
  `created_by` int(11) NOT NULL,
  `created_date_time` datetime NOT NULL
) ENGINE=MyISAM DEFAULT CHARSET=latin1 COLLATE=latin1_swedish_ci;

-- --------------------------------------------------------

--
-- Table structure for table `erp_damaged_store_material_details`
--

CREATE TABLE `erp_damaged_store_material_details` (
  `id` int(11) NOT NULL,
  `damaged_store_id` int(11) NOT NULL,
  `product_id` int(11) NOT NULL,
  `material_receipt_id` int(11) NOT NULL,
  `material_receipt_qty` decimal(15,3) NOT NULL,
  `issued_qty` decimal(15,3) NOT NULL,
  `bill_exit` varchar(255) DEFAULT NULL,
  `created_by` int(11) NOT NULL,
  `created_date_time` datetime NOT NULL,
  `warehouse_id` int(11) NOT NULL,
  `rack_id` int(11) NOT NULL,
  `bin_id` int(11) NOT NULL
) ENGINE=MyISAM DEFAULT CHARSET=latin1 COLLATE=latin1_swedish_ci;

-- --------------------------------------------------------

--
-- Table structure for table `erp_delivery_item`
--

CREATE TABLE `erp_delivery_item` (
  `id` int(11) NOT NULL,
  `delivery_note_id` int(11) NOT NULL,
  `order_item_id` int(11) NOT NULL,
  `product_id` int(11) NOT NULL,
  `description` text NOT NULL,
  `quantity` decimal(15,3) NOT NULL,
  `bonus_qty` decimal(15,3) NOT NULL,
  `unit` int(11) NOT NULL,
  `picked_qty` decimal(15,3) NOT NULL,
  `picked_bonus_qty` decimal(15,2) NOT NULL,
  `remarks` text NOT NULL,
  `inventory_type` enum('S','H') NOT NULL,
  `created_by` int(11) NOT NULL,
  `updated_by` int(11) NOT NULL,
  `created_datetime` datetime NOT NULL,
  `updated_datetime` datetime NOT NULL,
  `alternate_id` varchar(255) NOT NULL
) ENGINE=MyISAM DEFAULT CHARSET=latin1 COLLATE=latin1_swedish_ci;

-- --------------------------------------------------------

--
-- Table structure for table `erp_delivery_note`
--

CREATE TABLE `erp_delivery_note` (
  `id` int(11) NOT NULL,
  `file_id` int(11) NOT NULL,
  `file_title` varchar(255) NOT NULL,
  `crm_user_id` int(11) NOT NULL,
  `customer_id` bigint(20) NOT NULL,
  `order_id` int(11) NOT NULL,
  `contact_id` int(11) NOT NULL,
  `delivery_date` date NOT NULL,
  `shipped_by` varchar(255) NOT NULL,
  `billing_address` varchar(255) NOT NULL,
  `shipping_address` varchar(255) NOT NULL,
  `sales_group` varchar(255) NOT NULL,
  `awb_no` varchar(255) NOT NULL,
  `no_of_boxes` int(11) NOT NULL,
  `tracking_no` varchar(255) NOT NULL,
  `total_weight` varchar(100) NOT NULL,
  `total_volume` varchar(100) NOT NULL,
  `packed_by` varchar(255) NOT NULL,
  `shipping_conditions` varchar(255) NOT NULL,
  `lpo` varchar(255) NOT NULL,
  `others` varchar(255) NOT NULL,
  `delivery_status` enum('partial','complete') NOT NULL,
  `delivery_from` enum('S','DI') NOT NULL DEFAULT 'S',
  `notes` text NOT NULL,
  `terms_id` int(11) NOT NULL COMMENT 'primary key to masterms ',
  `terms_and_conditions` text NOT NULL,
  `remarks` text NOT NULL,
  `invoiced` enum('Y','N') NOT NULL DEFAULT 'N',
  `ready_to_invoice` enum('Y','N') NOT NULL DEFAULT 'N',
  `delivery_notification` varchar(500) NOT NULL,
  `delivery_hiring_notification` varchar(500) NOT NULL,
  `isActive` enum('Y','N') NOT NULL DEFAULT 'Y',
  `created_by` int(11) NOT NULL,
  `updated_by` int(11) NOT NULL,
  `created_datetime` datetime NOT NULL,
  `updated_datetime` datetime NOT NULL,
  `project_location` varchar(255) NOT NULL,
  `delivery_state` int(11) NOT NULL COMMENT '1-ACE Delivered,2-Client Collected ',
  `status` enum('PN','CL','CN') NOT NULL DEFAULT 'PN' COMMENT 'PN-Pending,CL-Completed,CN-Cancelled',
  `remarks_cancel` text NOT NULL,
  `driver_name` varchar(250) NOT NULL
) ENGINE=MyISAM DEFAULT CHARSET=latin1 COLLATE=latin1_swedish_ci;

-- --------------------------------------------------------

--
-- Table structure for table `erp_demo_item_details`
--

CREATE TABLE `erp_demo_item_details` (
  `id` int(11) NOT NULL,
  `demo_monitoring_id` int(11) NOT NULL COMMENT 'foreign key to material receipt table',
  `product_id` int(11) NOT NULL,
  `part_number` varchar(255) NOT NULL,
  `description` varchar(255) NOT NULL,
  `item_serial_no` varchar(255) NOT NULL,
  `quantity` decimal(15,3) NOT NULL,
  `unit` varchar(20) NOT NULL,
  `picked_qty` decimal(15,3) NOT NULL,
  `item_return_date` date NOT NULL
) ENGINE=MyISAM DEFAULT CHARSET=latin1 COLLATE=latin1_swedish_ci;

-- --------------------------------------------------------

--
-- Table structure for table `erp_demo_item_details_return`
--

CREATE TABLE `erp_demo_item_details_return` (
  `id` int(11) NOT NULL,
  `demo_item_id` int(11) NOT NULL,
  `return_qty` decimal(15,3) NOT NULL,
  `return_date` date NOT NULL,
  `serial_no` varchar(30) NOT NULL
) ENGINE=MyISAM DEFAULT CHARSET=latin1 COLLATE=latin1_swedish_ci;

-- --------------------------------------------------------

--
-- Table structure for table `erp_demo_item_general`
--

CREATE TABLE `erp_demo_item_general` (
  `id` int(11) NOT NULL,
  `crm_user_id` int(11) NOT NULL,
  `item_issue_date` date NOT NULL,
  `item_return_date` datetime NOT NULL,
  `notes` text NOT NULL,
  `terms_conditions` text NOT NULL,
  `is_active` enum('Y','N') NOT NULL DEFAULT 'Y',
  `reference` varchar(255) NOT NULL,
  `customer_id` int(11) NOT NULL,
  `connected_file` int(11) NOT NULL,
  `created_by` int(11) NOT NULL,
  `created_date_time` datetime NOT NULL,
  `updated_by` int(11) NOT NULL,
  `updated_date_time` datetime NOT NULL
) ENGINE=MyISAM DEFAULT CHARSET=latin1 COLLATE=latin1_swedish_ci;

-- --------------------------------------------------------

--
-- Table structure for table `erp_dining_table`
--

CREATE TABLE `erp_dining_table` (
  `id` int(11) NOT NULL,
  `code` varchar(2) NOT NULL,
  `seat` int(11) NOT NULL
) ENGINE=MyISAM DEFAULT CHARSET=latin1 COLLATE=latin1_swedish_ci;

-- --------------------------------------------------------

--
-- Table structure for table `erp_direct_invoice`
--

CREATE TABLE `erp_direct_invoice` (
  `id` int(11) NOT NULL,
  `customer_id` int(11) NOT NULL,
  `contact_id` int(11) NOT NULL,
  `file_id` int(11) NOT NULL,
  `invoice_id` int(11) NOT NULL,
  `lead_owner_id` int(11) NOT NULL,
  `invoice_date` date NOT NULL,
  `custom_invoice_no` varchar(255) NOT NULL,
  `sales_group_id` int(11) NOT NULL,
  `reference` varchar(255) NOT NULL,
  `remarks` text NOT NULL,
  `grand_total` decimal(15,4) NOT NULL,
  `invoice_type` int(11) NOT NULL,
  `total_tax_amount` decimal(15,4) NOT NULL,
  `currency_id` int(11) NOT NULL,
  `exchange_rate` float NOT NULL,
  `payment_terms` varchar(255) NOT NULL,
  `payment_type` int(11) NOT NULL,
  `card_num` varchar(20) NOT NULL,
  `phone` varchar(25) NOT NULL,
  `billing_address` text NOT NULL,
  `terms_and_conditions` text NOT NULL,
  `posted` enum('Y','N') NOT NULL DEFAULT 'N',
  `isActive` enum('Y','N') NOT NULL DEFAULT 'Y',
  `created_by` int(11) NOT NULL,
  `updated_by` int(11) NOT NULL,
  `created_datetime` datetime NOT NULL,
  `updated_datetime` datetime NOT NULL,
  `invoice_status` int(11) NOT NULL
) ENGINE=MyISAM DEFAULT CHARSET=latin1 COLLATE=latin1_swedish_ci;

-- --------------------------------------------------------

--
-- Table structure for table `erp_direct_invoice_addition`
--

CREATE TABLE `erp_direct_invoice_addition` (
  `id` int(11) NOT NULL,
  `invoice_id` int(11) NOT NULL,
  `particular` varchar(255) NOT NULL,
  `particular_value` varchar(50) NOT NULL,
  `calculated_value` decimal(15,4) NOT NULL,
  `created_by` int(11) NOT NULL,
  `updated_by` int(11) NOT NULL,
  `created_datetime` datetime NOT NULL,
  `updated_datetime` datetime NOT NULL
) ENGINE=MyISAM DEFAULT CHARSET=latin1 COLLATE=latin1_swedish_ci;

-- --------------------------------------------------------

--
-- Table structure for table `erp_direct_invoice_deduction`
--

CREATE TABLE `erp_direct_invoice_deduction` (
  `id` int(11) NOT NULL,
  `invoice_id` int(11) NOT NULL,
  `particular` varchar(255) NOT NULL,
  `particular_value` varchar(50) NOT NULL,
  `calculated_value` decimal(15,4) NOT NULL,
  `created_by` int(11) NOT NULL,
  `updated_by` int(11) NOT NULL,
  `created_datetime` datetime NOT NULL,
  `updated_datetime` datetime NOT NULL
) ENGINE=MyISAM DEFAULT CHARSET=latin1 COLLATE=latin1_swedish_ci;

-- --------------------------------------------------------

--
-- Table structure for table `erp_direct_invoice_item`
--

CREATE TABLE `erp_direct_invoice_item` (
  `id` int(11) NOT NULL,
  `product_id` int(11) NOT NULL,
  `invoice_id` int(11) NOT NULL,
  `description` text NOT NULL,
  `quantity` decimal(15,3) NOT NULL,
  `unit_id` int(11) NOT NULL,
  `rate` decimal(15,6) NOT NULL,
  `deduction_amount` decimal(15,4) NOT NULL,
  `amount` decimal(15,4) NOT NULL,
  `tax_percentage` decimal(15,2) NOT NULL,
  `tax_amount` decimal(15,4) NOT NULL,
  `net_per_item` decimal(15,6) NOT NULL,
  `created_by` int(11) NOT NULL,
  `updated_by` int(11) NOT NULL,
  `created_datetime` datetime NOT NULL,
  `updated_datetime` datetime NOT NULL
) ENGINE=MyISAM DEFAULT CHARSET=latin1 COLLATE=latin1_swedish_ci;

-- --------------------------------------------------------

--
-- Table structure for table `erp_direct_purchase_invoice`
--

CREATE TABLE `erp_direct_purchase_invoice` (
  `id` int(11) NOT NULL,
  `vendor_id` int(11) NOT NULL,
  `invoice_no` varchar(255) NOT NULL,
  `invoice_date` date NOT NULL,
  `payment_date` date NOT NULL,
  `grand_total` decimal(15,4) NOT NULL,
  `invoice_type` int(11) NOT NULL,
  `total_tax_amount` decimal(15,4) NOT NULL,
  `currency_id` int(11) NOT NULL,
  `exchange_rate` float NOT NULL,
  `payment_terms` varchar(255) NOT NULL,
  `posted` enum('Y','N') NOT NULL DEFAULT 'N',
  `isActive` enum('Y','N') NOT NULL DEFAULT 'Y',
  `created_by` int(11) NOT NULL,
  `updated_by` int(11) NOT NULL,
  `created_datetime` datetime NOT NULL,
  `updated_datetime` datetime NOT NULL
) ENGINE=MyISAM DEFAULT CHARSET=latin1 COLLATE=latin1_swedish_ci;

-- --------------------------------------------------------

--
-- Table structure for table `erp_direct_purchase_invoice_addition`
--

CREATE TABLE `erp_direct_purchase_invoice_addition` (
  `id` int(11) NOT NULL,
  `purchasing_invoice_id` int(11) NOT NULL,
  `particular` varchar(255) NOT NULL,
  `particular_value` varchar(50) NOT NULL,
  `calculated_value` decimal(15,4) NOT NULL,
  `created_by` int(11) NOT NULL,
  `updated_by` int(11) NOT NULL,
  `created_datetime` datetime NOT NULL,
  `updated_datetime` datetime NOT NULL
) ENGINE=MyISAM DEFAULT CHARSET=latin1 COLLATE=latin1_swedish_ci;

-- --------------------------------------------------------

--
-- Table structure for table `erp_direct_purchase_invoice_deduction`
--

CREATE TABLE `erp_direct_purchase_invoice_deduction` (
  `id` int(11) NOT NULL,
  `purchasing_invoice_id` int(11) NOT NULL,
  `particular` varchar(255) NOT NULL,
  `particular_value` varchar(50) NOT NULL,
  `calculated_value` decimal(15,4) NOT NULL,
  `created_by` int(11) NOT NULL,
  `updated_by` int(11) NOT NULL,
  `created_datetime` datetime NOT NULL,
  `updated_datetime` datetime NOT NULL
) ENGINE=MyISAM DEFAULT CHARSET=latin1 COLLATE=latin1_swedish_ci;

-- --------------------------------------------------------

--
-- Table structure for table `erp_direct_purchase_invoice_item`
--

CREATE TABLE `erp_direct_purchase_invoice_item` (
  `id` int(11) NOT NULL,
  `product_id` int(11) NOT NULL,
  `purchasing_invoice_id` int(11) NOT NULL,
  `description` text NOT NULL,
  `quantity` decimal(15,3) NOT NULL,
  `unit` varchar(255) NOT NULL,
  `rate` decimal(15,6) NOT NULL,
  `amount` decimal(15,4) NOT NULL,
  `tax_percentage` decimal(15,2) NOT NULL,
  `tax_amount` decimal(15,4) NOT NULL,
  `created_by` int(11) NOT NULL,
  `updated_by` int(11) NOT NULL,
  `created_datetime` datetime NOT NULL,
  `updated_datetime` datetime NOT NULL
) ENGINE=MyISAM DEFAULT CHARSET=latin1 COLLATE=latin1_swedish_ci;

-- --------------------------------------------------------

--
-- Table structure for table `erp_document`
--

CREATE TABLE `erp_document` (
  `id` int(11) NOT NULL,
  `file_id` int(11) NOT NULL,
  `document_name` text NOT NULL,
  `document_actual_file_name` text NOT NULL,
  `uploaded_from` enum('L','Q','O','P_R','P_E','P_O','M_R','P_I','C','B_M','PR_O','G_I','G_R','P_C','I_GI','I_GR','I','ACC') NOT NULL,
  `isActive` enum('Y','N') NOT NULL DEFAULT 'Y',
  `created_by` int(11) NOT NULL,
  `updated_by` int(11) NOT NULL,
  `created_datetime` datetime NOT NULL,
  `updated_datetime` datetime NOT NULL
) ENGINE=MyISAM DEFAULT CHARSET=latin1 COLLATE=latin1_swedish_ci;

--
-- Dumping data for table `erp_document`
--

INSERT INTO `erp_document` (`id`, `file_id`, `document_name`, `document_actual_file_name`, `uploaded_from`, `isActive`, `created_by`, `updated_by`, `created_datetime`, `updated_datetime`) VALUES
(1, 1624, 'CamScanner 01-26-2023 13.35.pdf', '', 'P_I', 'Y', 2, 0, '2023-01-26 01:41:58', '0000-00-00 00:00:00'),
(2, 24165, 'DO-17831_INV-DTC-39', 'DO-17831 INV-DTC-39.pdf', 'L', 'Y', 2, 0, '2023-05-30 05:27:55', '0000-00-00 00:00:00'),
(3, 24165, 'INV-DTC-39', 'INV-DTC-39.pdf', 'L', 'Y', 2, 0, '2023-05-30 05:27:55', '0000-00-00 00:00:00'),
(4, 24370, 'DO 17845', 'DO 17845.pdf', 'L', 'Y', 2, 0, '2023-06-01 11:28:03', '0000-00-00 00:00:00'),
(13, 1062, 'IFM Bills February 2023_7.pdf', '', 'P_I', 'Y', 27, 0, '2024-05-16 02:41:05', '0000-00-00 00:00:00'),
(12, 1658, '', 'QUOTE-00082.pdf', 'L', 'Y', 27, 0, '2024-04-15 05:25:10', '0000-00-00 00:00:00'),
(14, 1061, 'IFM Bills February 2023_7.pdf', '', 'P_I', 'Y', 27, 0, '2024-05-16 02:41:16', '0000-00-00 00:00:00'),
(15, 1057, 'IFM Bills February 2023_3.pdf', '', 'P_I', 'Y', 27, 0, '2024-05-16 02:42:26', '0000-00-00 00:00:00'),
(16, 1863, 'IFM-Invoices-April-May-June-July.pdf', '', 'I', 'Y', 27, 0, '2024-05-16 04:09:44', '0000-00-00 00:00:00');

-- --------------------------------------------------------

--
-- Table structure for table `erp_file_note`
--

CREATE TABLE `erp_file_note` (
  `id` int(11) NOT NULL,
  `crm_user_id` int(11) NOT NULL,
  `customer_vendor_id` int(11) NOT NULL,
  `customer_vendor_type` int(11) NOT NULL COMMENT '1-customer,2-vendor',
  `contact_id` int(11) NOT NULL,
  `file_id` int(11) DEFAULT NULL,
  `file_note_from` int(11) NOT NULL COMMENT '1-purchase,2-sale,3-customer,4-vendor,5-customer contact,6-vendor contact',
  `notes` text NOT NULL,
  `isActive` enum('Y','N') NOT NULL DEFAULT 'Y',
  `created_by` int(11) NOT NULL,
  `updated_by` int(11) NOT NULL,
  `created_datetime` datetime NOT NULL,
  `updated_datetime` datetime NOT NULL
) ENGINE=InnoDB DEFAULT CHARSET=latin1 COLLATE=latin1_swedish_ci;

--
-- Dumping data for table `erp_file_note`
--

INSERT INTO `erp_file_note` (`id`, `crm_user_id`, `customer_vendor_id`, `customer_vendor_type`, `contact_id`, `file_id`, `file_note_from`, `notes`, `isActive`, `created_by`, `updated_by`, `created_datetime`, `updated_datetime`) VALUES
(1, 27, 84, 2, 0, 1493, 1, 'Approved by Mr. Mazen via Mr. Bry', 'Y', 27, 0, '2024-01-18 12:59:55', '0000-00-00 00:00:00');

-- --------------------------------------------------------

--
-- Table structure for table `erp_fixed_asset_depreciation`
--

CREATE TABLE `erp_fixed_asset_depreciation` (
  `id` int(11) NOT NULL,
  `fixed_asset_register` int(10) UNSIGNED DEFAULT NULL,
  `depreciated_date` date NOT NULL,
  `depreciation_amount` decimal(15,2) NOT NULL
) ENGINE=InnoDB DEFAULT CHARSET=latin1 COLLATE=latin1_swedish_ci;

-- --------------------------------------------------------

--
-- Table structure for table `erp_fixed_asset_master`
--

CREATE TABLE `erp_fixed_asset_master` (
  `id` int(11) NOT NULL,
  `starting_series_number` varchar(50) NOT NULL,
  `last_number` varchar(50) NOT NULL,
  `fixed_asset_name` varchar(50) NOT NULL,
  `description` text DEFAULT NULL,
  `depreciation_period` int(11) NOT NULL,
  `depreciating_debit_account` varchar(50) NOT NULL,
  `depreciating_credit_account` varchar(50) NOT NULL,
  `isActive` int(11) NOT NULL,
  `created_by` int(11) NOT NULL,
  `updated_by` int(11) DEFAULT NULL,
  `created_date_time` datetime NOT NULL,
  `updated_date_time` datetime DEFAULT NULL
) ENGINE=InnoDB DEFAULT CHARSET=latin1 COLLATE=latin1_swedish_ci;

-- --------------------------------------------------------

--
-- Table structure for table `erp_fixed_asset_register`
--

CREATE TABLE `erp_fixed_asset_register` (
  `id` int(11) NOT NULL,
  `purchase_date` date NOT NULL,
  `depreciation_start_date` date NOT NULL,
  `master_id` int(11) NOT NULL,
  `fixed_asset_no` varchar(50) NOT NULL,
  `part_no` varchar(50) NOT NULL,
  `description` text NOT NULL,
  `quantity` int(11) NOT NULL,
  `rate` decimal(15,2) NOT NULL,
  `serial_no` varchar(50) NOT NULL,
  `total_value` decimal(15,2) NOT NULL,
  `current_book_value` decimal(15,2) NOT NULL,
  `monthly_depreciation` decimal(15,2) NOT NULL,
  `daily_depreciation` decimal(15,2) NOT NULL,
  `sold_amount` decimal(15,2) NOT NULL,
  `inactive_date` date NOT NULL,
  `active` enum('SO','SC','Y') NOT NULL DEFAULT 'Y' COMMENT 'SO : Sold, SC : Scrap, Y: Active',
  `notes` text NOT NULL,
  `location` varchar(255) NOT NULL,
  `posted` enum('N','Y') NOT NULL DEFAULT 'N',
  `debit_account` int(11) NOT NULL,
  `credit_account` int(11) NOT NULL,
  `created_by` int(11) NOT NULL,
  `created_date_time` datetime NOT NULL,
  `updated_by` int(11) NOT NULL,
  `updated_date_time` datetime NOT NULL
) ENGINE=MyISAM DEFAULT CHARSET=latin1 COLLATE=latin1_swedish_ci;

-- --------------------------------------------------------

--
-- Table structure for table `erp_flyers`
--

CREATE TABLE `erp_flyers` (
  `id` int(11) NOT NULL,
  `title` varchar(400) NOT NULL,
  `isActive` enum('Y','N') NOT NULL,
  `created_by` int(11) NOT NULL,
  `updated_by` int(11) NOT NULL,
  `created_date_time` datetime NOT NULL,
  `updated_date_time` datetime NOT NULL
) ENGINE=MyISAM DEFAULT CHARSET=latin1 COLLATE=latin1_swedish_ci;

-- --------------------------------------------------------

--
-- Table structure for table `erp_flyer_bulk_send`
--

CREATE TABLE `erp_flyer_bulk_send` (
  `id` int(11) NOT NULL,
  `details` text NOT NULL,
  `created_by` int(11) NOT NULL,
  `created_date_time` datetime NOT NULL
) ENGINE=MyISAM DEFAULT CHARSET=latin1 COLLATE=latin1_swedish_ci;

-- --------------------------------------------------------

--
-- Table structure for table `erp_flyer_contact`
--

CREATE TABLE `erp_flyer_contact` (
  `id` int(11) NOT NULL,
  `flyer_id` int(11) NOT NULL,
  `contact_id` int(11) NOT NULL,
  `customer_id` int(11) NOT NULL,
  `created_date_time` datetime NOT NULL,
  `created_by` int(11) NOT NULL
) ENGINE=MyISAM DEFAULT CHARSET=latin1 COLLATE=latin1_swedish_ci;

-- --------------------------------------------------------

--
-- Table structure for table `erp_fm_allot_type`
--

CREATE TABLE `erp_fm_allot_type` (
  `id` int(11) NOT NULL,
  `type_name` varchar(32) NOT NULL,
  `created_by` int(11) NOT NULL,
  `updated_by` int(11) NOT NULL,
  `created_at` datetime NOT NULL,
  `updated_at` datetime NOT NULL
) ENGINE=InnoDB DEFAULT CHARSET=latin1 COLLATE=latin1_swedish_ci;

--
-- Dumping data for table `erp_fm_allot_type`
--

INSERT INTO `erp_fm_allot_type` (`id`, `type_name`, `created_by`, `updated_by`, `created_at`, `updated_at`) VALUES
(1, 'Work', 1, 1, '2023-10-30 13:45:06', '2023-10-30 13:45:06'),
(2, 'Inspection', 1, 1, '2023-10-30 13:45:06', '2023-10-30 13:45:06'),
(3, 'Quality Check', 1, 1, '2023-10-30 18:43:03', '2023-10-30 18:43:03');

-- --------------------------------------------------------

--
-- Table structure for table `erp_fm_customer_type`
--

CREATE TABLE `erp_fm_customer_type` (
  `id` int(11) NOT NULL,
  `type_name` varchar(32) NOT NULL,
  `is_active` enum('Y','N') NOT NULL DEFAULT 'Y',
  `created_date_time` datetime NOT NULL,
  `update_date_time` datetime NOT NULL,
  `created_by` int(11) NOT NULL,
  `updated_by` int(11) NOT NULL
) ENGINE=InnoDB DEFAULT CHARSET=latin1 COLLATE=latin1_swedish_ci;

--
-- Dumping data for table `erp_fm_customer_type`
--

INSERT INTO `erp_fm_customer_type` (`id`, `type_name`, `is_active`, `created_date_time`, `update_date_time`, `created_by`, `updated_by`) VALUES
(1, 'Owner', 'Y', '2024-10-11 15:20:28', '2024-10-11 15:20:28', 1, 1),
(2, 'Tenant', 'Y', '2024-10-11 15:20:28', '2024-10-11 15:20:28', 1, 1),
(4, 'Building Owner', 'Y', '2024-10-22 14:53:44', '0000-00-00 00:00:00', 1, 0),
(5, 'Real Estate Broker', 'Y', '2025-03-18 12:10:33', '0000-00-00 00:00:00', 27, 0),
(6, 'Owner\'s Association', 'Y', '2025-10-23 12:42:16', '0000-00-00 00:00:00', 27, 0);

-- --------------------------------------------------------

--
-- Table structure for table `erp_fm_customer_unit`
--

CREATE TABLE `erp_fm_customer_unit` (
  `id` int(11) NOT NULL,
  `customer_id` int(11) NOT NULL,
  `type_id` int(11) NOT NULL,
  `building_unit_id` int(11) NOT NULL,
  `start_date` date NOT NULL,
  `end_date` date NOT NULL,
  `isActive` enum('Y','N') NOT NULL,
  `created_by` int(11) NOT NULL,
  `created_datetime` datetime NOT NULL,
  `updated_datetime` datetime NOT NULL,
  `update_by` int(11) NOT NULL
) ENGINE=InnoDB DEFAULT CHARSET=latin1 COLLATE=latin1_swedish_ci;

--
-- Dumping data for table `erp_fm_customer_unit`
--

INSERT INTO `erp_fm_customer_unit` (`id`, `customer_id`, `type_id`, `building_unit_id`, `start_date`, `end_date`, `isActive`, `created_by`, `created_datetime`, `updated_datetime`, `update_by`) VALUES
(1, 157, 2, 254, '2024-10-30', '2030-11-01', 'Y', 6, '2024-11-12 12:33:04', '2024-11-12 12:33:20', 6),
(2, 42, 4, 370, '2024-11-04', '2030-11-03', 'Y', 6, '2024-11-12 12:41:56', '2024-11-12 12:41:56', 6),
(3, 27, 4, 10, '2024-11-12', '2024-11-12', 'N', 2, '2024-11-12 15:45:57', '2024-11-12 15:45:57', 2),
(4, 37, 4, 454, '2024-11-12', '2024-11-12', 'N', 2, '2024-11-12 15:54:15', '2024-11-12 15:54:15', 2),
(5, 42, 4, 455, '2024-11-07', '2030-11-06', 'Y', 6, '2024-11-13 10:47:47', '2025-03-18 11:08:24', 27),
(6, 53, 1, 86, '2024-11-07', '2030-11-06', 'Y', 6, '2024-11-13 11:47:14', '2024-11-13 11:47:14', 6),
(7, 83, 1, 424, '2024-11-12', '2030-11-11', 'Y', 6, '2024-11-14 10:20:32', '2024-11-14 10:20:32', 6),
(8, 42, 4, 116, '2024-11-12', '2030-11-11', 'Y', 6, '2024-11-14 10:25:01', '2024-11-14 10:25:01', 6),
(9, 144, 2, 456, '2024-11-15', '2026-11-14', 'Y', 6, '2024-11-15 16:36:15', '2024-11-15 16:36:15', 6),
(10, 144, 2, 419, '2024-11-16', '2026-11-15', 'Y', 6, '2024-11-16 14:52:36', '2024-11-16 14:52:36', 6),
(11, 144, 2, 457, '2024-11-18', '2026-11-17', 'Y', 6, '2024-11-18 11:43:47', '2024-11-18 11:43:47', 6),
(12, 144, 2, 458, '2024-11-20', '2026-11-19', 'Y', 6, '2024-11-20 16:04:35', '2024-11-20 16:04:35', 6),
(13, 144, 2, 459, '2024-11-04', '2026-11-03', 'Y', 6, '2024-11-22 12:59:12', '2024-11-22 12:59:12', 6),
(14, 46, 4, 460, '2024-11-22', '2030-11-21', 'Y', 29, '2024-11-22 14:50:27', '2024-11-22 14:50:27', 29),
(15, 46, 4, 461, '2024-11-22', '2030-11-21', 'Y', 29, '2024-11-22 15:03:19', '2024-11-22 15:03:19', 29),
(16, 158, 1, 462, '2024-11-25', '2028-11-24', 'Y', 29, '2024-11-25 12:45:39', '2024-11-25 12:45:39', 29),
(17, 144, 2, 370, '2024-11-28', '2026-11-27', 'Y', 6, '2024-11-28 10:18:56', '2024-11-28 10:18:56', 6),
(18, 159, 1, 463, '2024-12-04', '2030-12-03', 'Y', 27, '2024-12-04 15:01:31', '2024-12-04 15:01:31', 27),
(19, 160, 4, 464, '2024-12-05', '2027-12-04', 'Y', 6, '2024-12-05 11:37:47', '2024-12-05 11:37:47', 6),
(20, 145, 1, 465, '2024-12-07', '2030-12-06', 'Y', 27, '2024-12-07 13:41:35', '2024-12-07 13:41:42', 27),
(21, 161, 2, 60, '2024-12-07', '2026-12-06', 'Y', 6, '2024-12-09 16:28:58', '2024-12-09 16:28:58', 6),
(22, 145, 1, 466, '2024-12-11', '2026-12-10', 'Y', 6, '2024-12-11 10:20:13', '2024-12-14 13:58:56', 6),
(23, 110, 1, 291, '2024-12-12', '2030-12-11', 'Y', 6, '2024-12-12 10:43:52', '2024-12-12 10:43:52', 6),
(24, 46, 4, 467, '2024-12-12', '2030-12-11', 'Y', 6, '2024-12-12 16:15:43', '2024-12-12 16:15:43', 6),
(25, 73, 1, 468, '2024-12-14', '2030-12-13', 'Y', 6, '2024-12-14 10:50:16', '2024-12-14 10:50:16', 6),
(26, 57, 2, 400, '2024-12-14', '2026-12-13', 'Y', 6, '2024-12-14 11:08:23', '2024-12-14 11:08:23', 6),
(27, 145, 1, 407, '2024-12-11', '2030-12-10', 'Y', 6, '2024-12-14 11:20:18', '2024-12-14 11:20:18', 6),
(28, 162, 1, 128, '2024-12-17', '2026-12-16', 'Y', 6, '2024-12-17 13:01:08', '2024-12-17 13:01:08', 6),
(29, 57, 2, 322, '2024-12-21', '2026-12-20', 'Y', 6, '2024-12-21 15:49:08', '2024-12-21 15:49:08', 6),
(30, 46, 4, 87, '2024-01-01', '2030-12-27', 'Y', 6, '2024-12-28 15:12:46', '2025-04-09 17:57:22', 27),
(31, 46, 4, 357, '2023-01-01', '2030-12-27', 'Y', 6, '2024-12-28 15:44:09', '2025-04-09 17:58:00', 27),
(32, 163, 1, 227, '2025-01-02', '2027-01-01', 'Y', 6, '2025-01-02 11:55:13', '2025-01-02 11:55:13', 6),
(34, 46, 4, 469, '2025-01-16', '2027-01-15', 'Y', 6, '2025-01-16 10:09:34', '2025-01-16 10:09:34', 6),
(35, 46, 4, 105, '2025-01-16', '2027-01-15', 'Y', 6, '2025-01-16 10:10:57', '2025-01-16 10:10:57', 6),
(36, 42, 1, 268, '2023-12-07', '2027-12-30', 'Y', 29, '2025-01-17 10:36:01', '2025-01-17 10:36:01', 29),
(37, 53, 1, 188, '2025-01-17', '2027-01-16', 'Y', 6, '2025-01-17 15:29:57', '2025-01-17 15:29:57', 6),
(38, 46, 4, 87, '2023-01-01', '2023-12-31', 'Y', 6, '2025-01-17 16:47:54', '2025-01-17 16:47:54', 6),
(39, 42, 4, 240, '2025-01-19', '2030-01-18', 'Y', 29, '2025-01-19 20:55:46', '2025-01-19 20:55:46', 29),
(40, 165, 2, 276, '2025-01-21', '2027-01-20', 'Y', 6, '2025-01-21 17:14:39', '2025-01-21 17:14:39', 6),
(41, 166, 2, 463, '2025-01-22', '2027-01-21', 'Y', 6, '2025-01-23 09:58:40', '2025-01-23 09:58:40', 6),
(42, 53, 1, 92, '2025-01-28', '2027-01-27', 'Y', 6, '2025-01-28 12:46:00', '2025-01-28 12:46:00', 6),
(43, 167, 2, 124, '2025-01-30', '2030-01-30', 'Y', 29, '2025-01-30 16:42:36', '2025-01-30 16:42:36', 29),
(44, 106, 1, 277, '2025-02-01', '2027-01-31', 'Y', 6, '2025-02-01 10:31:32', '2025-02-01 10:31:32', 6),
(45, 53, 1, 96, '2025-02-10', '2028-02-09', 'Y', 6, '2025-02-10 10:45:31', '2025-02-10 10:45:31', 6),
(46, 144, 1, 416, '2024-01-01', '2027-02-09', 'Y', 6, '2025-02-10 15:34:17', '2025-02-10 15:34:17', 6),
(47, 168, 1, 470, '2025-02-11', '2027-02-10', 'Y', 6, '2025-02-11 09:44:45', '2025-02-11 09:44:45', 6),
(48, 134, 1, 163, '2024-01-01', '2028-02-09', 'Y', 6, '2025-02-11 13:09:10', '2025-02-11 13:09:10', 6),
(49, 169, 1, 245, '2025-02-19', '2025-02-19', 'Y', 29, '2025-02-19 09:17:23', '2025-02-19 09:17:23', 29),
(50, 170, 1, 45, '2025-02-19', '2030-02-18', 'Y', 29, '2025-02-19 09:45:03', '2025-02-19 09:45:03', 29),
(51, 145, 1, 471, '2025-02-20', '2027-02-19', 'Y', 2, '2025-02-20 12:53:12', '2025-02-20 12:53:12', 2),
(52, 171, 2, 409, '2025-02-26', '2095-12-31', 'Y', 27, '2025-02-26 16:17:29', '2025-02-26 16:17:29', 27),
(53, 172, 2, 176, '2025-02-21', '2030-02-20', 'Y', 29, '2025-02-28 12:00:28', '2025-02-28 12:00:28', 29),
(54, 173, 1, 472, '2025-03-03', '2030-03-02', 'Y', 29, '2025-03-03 11:20:39', '2025-03-03 11:20:39', 29),
(55, 156, 1, 435, '2025-03-03', '2030-03-02', 'Y', 29, '2025-03-03 12:42:37', '2025-03-03 12:42:37', 29),
(56, 53, 1, 473, '2025-03-04', '2027-03-03', 'Y', 6, '2025-03-04 15:00:58', '2025-03-04 15:00:58', 6),
(57, 42, 4, 182, '2025-01-01', '2030-03-05', 'Y', 29, '2025-03-06 13:33:32', '2025-03-18 10:55:32', 27),
(58, 174, 1, 213, '2025-03-08', '2030-03-07', 'Y', 29, '2025-03-08 12:22:32', '2025-03-08 12:22:32', 29),
(59, 175, 2, 193, '2025-03-10', '2030-03-09', 'Y', 29, '2025-03-10 11:43:03', '2025-03-10 11:43:03', 29),
(60, 176, 1, 474, '2025-03-12', '2027-03-11', 'Y', 27, '2025-03-12 13:20:04', '2025-03-12 13:20:04', 27),
(61, 177, 2, 234, '2025-03-15', '2030-03-14', 'Y', 29, '2025-03-15 11:20:13', '2025-03-15 11:20:13', 29),
(62, 178, 2, 475, '2025-03-18', '2030-03-17', 'Y', 29, '2025-03-18 10:45:46', '2025-03-18 10:45:46', 29),
(63, 42, 1, 182, '2025-02-25', '2030-12-31', 'Y', 27, '2025-03-18 10:58:44', '2025-03-18 10:58:44', 27),
(64, 4, 5, 378, '2025-03-11', '2030-03-10', 'Y', 27, '2025-03-18 12:11:17', '2025-03-18 12:11:17', 27),
(65, 4, 5, 182, '2025-02-25', '2030-12-31', 'Y', 27, '2025-03-18 12:12:53', '2025-03-18 12:12:53', 27),
(66, 179, 2, 145, '2025-03-19', '2030-03-18', 'Y', 29, '2025-03-19 12:27:40', '2025-03-19 12:27:40', 29),
(67, 143, 1, 476, '2025-03-17', '2027-03-16', 'Y', 6, '2025-03-19 17:53:00', '2025-03-19 17:53:00', 6),
(68, 57, 2, 477, '2025-03-22', '2030-03-21', 'Y', 29, '2025-03-22 14:25:08', '2025-03-22 14:25:08', 29),
(69, 84, 1, 478, '2024-01-01', '2028-03-23', 'Y', 6, '2025-03-24 12:05:51', '2025-03-24 12:05:51', 6),
(70, 53, 1, 284, '2024-01-01', '2028-03-31', 'Y', 6, '2025-03-28 13:27:14', '2025-03-28 13:27:14', 6),
(71, 53, 1, 479, '2025-03-28', '2028-03-27', 'Y', 6, '2025-03-28 13:35:36', '2025-03-28 13:35:36', 6),
(72, 181, 2, 147, '2025-03-29', '2030-03-28', 'Y', 29, '2025-03-29 12:09:59', '2025-03-29 12:09:59', 29),
(73, 84, 1, 206, '2024-01-01', '2028-03-30', 'Y', 6, '2025-03-29 14:50:37', '2025-03-29 14:50:37', 6),
(74, 84, 1, 480, '2024-01-01', '2028-03-31', 'Y', 6, '2025-03-29 14:52:46', '2025-03-29 14:52:46', 6),
(75, 88, 1, 192, '2024-03-01', '2028-03-31', 'Y', 6, '2025-04-02 14:47:51', '2025-04-02 14:47:51', 6),
(76, 182, 2, 199, '2025-04-02', '2025-04-01', 'Y', 29, '2025-04-02 17:22:44', '2025-04-02 17:22:44', 29),
(77, 183, 1, 481, '2025-04-03', '2028-04-02', 'Y', 6, '2025-04-03 15:52:00', '2025-04-03 15:52:00', 6),
(78, 184, 2, 282, '2025-04-08', '2030-04-07', 'Y', 29, '2025-04-08 10:30:11', '2025-04-08 10:30:11', 29),
(79, 185, 2, 481, '2025-04-01', '2027-04-30', 'Y', 6, '2025-04-08 11:19:02', '2025-04-08 11:19:02', 6),
(80, 186, 1, 395, '2025-04-08', '2027-04-07', 'Y', 6, '2025-04-08 15:34:34', '2025-04-08 15:34:34', 6),
(81, 187, 1, 145, '2025-04-08', '2027-04-07', 'Y', 6, '2025-04-08 16:42:06', '2025-04-08 16:42:06', 6),
(82, 188, 1, 163, '2025-04-08', '2027-04-07', 'Y', 6, '2025-04-09 11:32:50', '2025-04-09 11:32:50', 6),
(83, 189, 1, 482, '2025-04-10', '2028-04-09', 'Y', 6, '2025-04-10 11:51:13', '2025-04-10 11:51:13', 6),
(84, 190, 2, 155, '2025-04-10', '2025-04-09', 'Y', 29, '2025-04-10 12:46:17', '2025-04-10 12:46:17', 29),
(86, 191, 2, 483, '2025-04-10', '2030-04-09', 'Y', 29, '2025-04-10 17:17:10', '2025-04-10 17:17:10', 29),
(87, 192, 1, 218, '2025-04-11', '2030-04-10', 'Y', 29, '2025-04-11 12:40:51', '2025-04-11 12:40:51', 29),
(88, 144, 2, 478, '2025-04-10', '2027-04-09', 'Y', 6, '2025-04-12 11:37:38', '2025-04-12 11:37:38', 6),
(89, 193, 1, 120, '2025-04-12', '2027-04-11', 'Y', 6, '2025-04-12 12:36:52', '2025-04-12 12:36:52', 6),
(90, 194, 2, 420, '2025-04-12', '2027-04-11', 'Y', 6, '2025-04-12 12:46:07', '2025-04-12 12:49:59', 6),
(91, 195, 1, 484, '2025-04-15', '2028-04-14', 'Y', 6, '2025-04-15 15:36:24', '2025-04-15 15:36:24', 6),
(92, 84, 1, 485, '2025-04-16', '2028-04-15', 'Y', 6, '2025-04-16 12:28:56', '2025-04-16 12:28:56', 6),
(93, 196, 2, 158, '2025-04-16', '2030-04-15', 'Y', 29, '2025-04-16 16:51:01', '2025-04-16 16:51:01', 29),
(94, 197, 1, 486, '2025-04-17', '2030-04-16', 'Y', 29, '2025-04-17 17:46:29', '2025-04-17 17:46:29', 29),
(95, 174, 2, 174, '2025-04-23', '2030-12-22', 'Y', 29, '2025-04-23 12:45:59', '2025-04-23 12:45:59', 29),
(96, 198, 1, 419, '2025-04-23', '2027-04-22', 'Y', 6, '2025-04-23 12:59:59', '2025-04-23 12:59:59', 6),
(97, 199, 2, 169, '2025-04-28', '2027-04-27', 'Y', 6, '2025-04-28 11:15:07', '2025-04-28 11:15:07', 6),
(98, 78, 1, 42, '2025-04-30', '2028-04-29', 'Y', 6, '2025-04-30 12:45:07', '2025-04-30 12:45:07', 6),
(99, 90, 1, 60, '2024-01-01', '2028-05-01', 'Y', 6, '2025-05-02 10:49:36', '2025-05-02 10:49:36', 6),
(100, 200, 1, 487, '2025-05-02', '2030-05-01', 'Y', 29, '2025-05-02 14:53:41', '2025-05-02 14:53:41', 29),
(101, 201, 2, 255, '2025-05-03', '2030-05-02', 'Y', 29, '2025-05-03 09:01:50', '2025-05-03 09:01:50', 29),
(102, 202, 1, 488, '2025-05-05', '2030-05-04', 'Y', 29, '2025-05-05 10:59:25', '2025-05-05 10:59:25', 29),
(103, 203, 2, 338, '2025-05-05', '2030-05-04', 'Y', 29, '2025-05-05 16:41:01', '2025-05-05 16:41:01', 29),
(104, 73, 1, 489, '2025-05-08', '2028-05-07', 'Y', 6, '2025-05-08 12:22:52', '2025-05-08 12:22:52', 6),
(105, 204, 2, 490, '2025-05-10', '2030-05-09', 'Y', 29, '2025-05-10 11:11:12', '2025-05-10 11:11:12', 29),
(106, 206, 1, 212, '2025-05-16', '2030-05-15', 'Y', 29, '2025-05-16 14:33:05', '2025-05-16 14:33:05', 29),
(107, 207, 1, 309, '2025-05-16', '2030-05-15', 'Y', 29, '2025-05-16 16:55:12', '2025-05-16 16:55:12', 29),
(108, 108, 1, 285, '2025-05-21', '2027-05-20', 'Y', 6, '2025-05-21 11:33:54', '2025-05-21 11:33:54', 6),
(109, 90, 1, 57, '2025-05-01', '2027-04-30', 'Y', 6, '2025-05-21 17:13:47', '2025-05-21 17:13:47', 6),
(110, 208, 1, 491, '2025-05-23', '2028-05-22', 'Y', 6, '2025-05-23 12:27:05', '2025-05-23 12:27:05', 6),
(111, 209, 1, 44, '2025-05-23', '2028-05-22', 'Y', 6, '2025-05-23 14:07:28', '2025-05-23 14:07:28', 6),
(112, 210, 1, 345, '2025-05-24', '2030-05-23', 'Y', 29, '2025-05-24 14:41:18', '2025-05-24 14:41:18', 29),
(113, 211, 1, 193, '2025-05-24', '2030-05-23', 'Y', 29, '2025-05-24 14:45:33', '2025-05-24 14:45:33', 29),
(114, 212, 1, 293, '2025-05-23', '2027-05-22', 'Y', 6, '2025-05-26 10:36:12', '2025-05-26 10:36:12', 6),
(115, 94, 1, 220, '2025-05-26', '2027-05-25', 'Y', 6, '2025-05-26 12:31:00', '2025-05-26 12:31:00', 6),
(116, 213, 2, 492, '2023-01-01', '2030-12-31', 'Y', 27, '2025-05-30 15:59:19', '2025-05-30 15:59:19', 27),
(117, 214, 2, 493, '2025-05-31', '2027-05-30', 'Y', 6, '2025-06-02 11:09:34', '2025-06-02 11:09:34', 6),
(118, 40, 2, 26, '2025-06-02', '2027-06-01', 'Y', 6, '2025-06-02 11:45:43', '2025-06-02 11:45:43', 6),
(119, 215, 1, 230, '2025-06-03', '2030-06-02', 'Y', 29, '2025-06-03 16:27:53', '2025-06-03 16:27:53', 29),
(120, 216, 2, 322, '2025-06-02', '2026-06-01', 'Y', 6, '2025-06-04 11:35:08', '2025-06-04 11:35:08', 6),
(121, 217, 2, 268, '2025-01-01', '2030-12-31', 'Y', 27, '2025-06-04 11:42:38', '2025-06-04 11:42:38', 27),
(122, 218, 1, 368, '2025-03-17', '2030-03-16', 'Y', 29, '2025-06-04 12:04:37', '2025-06-04 12:04:37', 29),
(123, 62, 1, 115, '2025-03-17', '2030-03-16', 'Y', 29, '2025-06-04 12:11:43', '2025-06-04 12:11:43', 29),
(124, 219, 1, 165, '2025-06-09', '2030-06-08', 'Y', 29, '2025-06-09 16:08:36', '2025-06-09 16:08:36', 29),
(125, 107, 1, 55, '2025-06-09', '2027-06-08', 'Y', 6, '2025-06-09 16:38:21', '2025-06-09 16:38:21', 6),
(126, 113, 1, 320, '2025-06-10', '2030-06-09', 'Y', 29, '2025-06-10 10:58:12', '2025-06-10 10:58:12', 29),
(127, 220, 1, 494, '2025-06-12', '2027-06-11', 'Y', 6, '2025-06-12 15:57:58', '2025-06-12 15:57:58', 6),
(128, 168, 1, 495, '2025-06-13', '2027-06-12', 'Y', 6, '2025-06-13 11:53:17', '2025-06-13 11:53:17', 6),
(129, 221, 5, 496, '2025-06-13', '2027-06-12', 'Y', 6, '2025-06-13 15:50:55', '2025-06-13 15:50:55', 6),
(130, 113, 2, 320, '2024-06-10', '2030-12-31', 'Y', 27, '2025-06-13 16:44:49', '2025-06-13 16:44:49', 27),
(131, 222, 2, 195, '2025-06-16', '2027-06-15', 'Y', 6, '2025-06-16 15:06:43', '2025-06-16 15:06:43', 6),
(132, 223, 2, 296, '2025-06-17', '2030-06-16', 'Y', 29, '2025-06-17 11:04:14', '2025-06-17 11:04:14', 29),
(133, 224, 2, 226, '2025-06-18', '2027-06-17', 'Y', 6, '2025-06-18 12:36:27', '2025-06-18 12:36:27', 6),
(134, 53, 1, 437, '2025-06-19', '2027-06-18', 'Y', 6, '2025-06-19 10:37:47', '2025-06-19 10:37:47', 6),
(135, 225, 1, 100, '2025-06-21', '2025-06-21', 'Y', 29, '2025-06-21 14:26:53', '2025-06-21 14:26:53', 29),
(136, 168, 5, 497, '2025-06-23', '2027-06-22', 'Y', 6, '2025-06-23 15:23:39', '2025-06-23 15:23:39', 6),
(137, 226, 1, 498, '2025-06-25', '2027-06-24', 'Y', 6, '2025-06-25 11:16:03', '2025-06-25 11:16:03', 6),
(138, 227, 2, 499, '2025-06-25', '2027-06-24', 'Y', 6, '2025-06-25 17:30:00', '2025-06-25 17:30:00', 6),
(139, 228, 1, 141, '2025-06-28', '2030-06-27', 'Y', 29, '2025-06-28 10:10:39', '2025-06-28 10:10:39', 29),
(140, 229, 1, 362, '2025-06-28', '2030-06-27', 'Y', 29, '2025-06-28 10:37:40', '2025-06-28 10:37:40', 29),
(141, 230, 1, 305, '2025-06-28', '2030-06-27', 'Y', 29, '2025-06-28 14:57:48', '2025-06-28 14:57:48', 29),
(142, 231, 2, 500, '2025-06-30', '2027-06-29', 'Y', 6, '2025-06-30 12:09:38', '2025-06-30 12:09:38', 6),
(143, 168, 5, 501, '2025-07-01', '2027-06-30', 'Y', 6, '2025-07-01 10:59:57', '2025-07-01 10:59:57', 6),
(144, 232, 1, 265, '2025-07-01', '2030-06-30', 'Y', 29, '2025-07-01 16:57:17', '2025-07-01 16:57:17', 29),
(145, 168, 5, 502, '2025-07-01', '2027-06-30', 'Y', 6, '2025-07-01 17:38:28', '2025-07-01 17:38:28', 6),
(146, 233, 1, 166, '2025-07-04', '2030-07-03', 'Y', 29, '2025-07-04 11:00:35', '2025-07-04 11:00:35', 29),
(147, 234, 2, 503, '2025-07-05', '2027-07-04', 'Y', 6, '2025-07-05 11:11:49', '2025-07-05 11:11:49', 6),
(148, 235, 1, 432, '2025-07-05', '2027-07-04', 'Y', 6, '2025-07-05 12:15:24', '2025-07-05 12:15:24', 6),
(149, 236, 1, 263, '2025-07-05', '2030-07-04', 'Y', 29, '2025-07-05 15:16:57', '2025-07-05 15:16:57', 29),
(150, 237, 2, 504, '2025-07-08', '2027-07-07', 'Y', 6, '2025-07-08 12:30:58', '2025-07-08 12:30:58', 6),
(151, 238, 1, 184, '2025-07-08', '2030-07-07', 'Y', 29, '2025-07-08 16:43:26', '2025-07-08 16:43:26', 29),
(152, 239, 4, 472, '2025-07-11', '2025-07-11', 'Y', 29, '2025-07-11 15:36:27', '2025-07-11 15:36:27', 29),
(153, 104, 1, 270, '2025-07-11', '2027-07-10', 'Y', 6, '2025-07-11 15:52:35', '2025-07-11 15:52:35', 6),
(154, 240, 1, 43, '2025-07-12', '2027-07-11', 'Y', 6, '2025-07-12 12:03:09', '2025-07-12 12:03:09', 6),
(155, 241, 2, 505, '2025-06-28', '2027-06-27', 'Y', 6, '2025-07-14 12:11:13', '2025-07-14 12:11:13', 6),
(156, 234, 2, 506, '2025-07-14', '2027-07-13', 'Y', 6, '2025-07-14 15:09:00', '2025-07-14 15:09:00', 6),
(157, 242, 1, 507, '2025-07-15', '2030-07-14', 'Y', 29, '2025-07-15 13:58:38', '2025-07-15 13:58:38', 29),
(158, 243, 1, 248, '2025-07-16', '2025-07-16', 'Y', 29, '2025-07-16 16:33:30', '2025-07-16 16:33:30', 29),
(159, 244, 1, 103, '2025-07-17', '2030-07-16', 'Y', 29, '2025-07-17 13:01:35', '2025-07-17 13:01:35', 29),
(160, 168, 5, 508, '2025-07-18', '2030-07-17', 'Y', 29, '2025-07-18 10:53:49', '2025-07-18 10:53:49', 29),
(161, 147, 2, 90, '2025-07-19', '2030-07-18', 'Y', 29, '2025-07-19 10:41:45', '2025-07-19 10:41:45', 29),
(162, 245, 2, 289, '2025-07-19', '2030-07-18', 'Y', 29, '2025-07-19 10:57:48', '2025-07-19 10:57:48', 29),
(163, 59, 1, 410, '2025-07-19', '2030-07-18', 'Y', 29, '2025-07-19 11:24:56', '2025-07-19 11:24:56', 29),
(164, 246, 1, 509, '2025-07-19', '2030-07-18', 'Y', 29, '2025-07-19 12:24:34', '2025-07-19 12:24:34', 29),
(165, 85, 1, 179, '2025-07-19', '2030-07-18', 'Y', 29, '2025-07-19 12:40:53', '2025-07-19 12:40:53', 29),
(166, 247, 1, 510, '2025-07-19', '2030-07-18', 'Y', 29, '2025-07-19 13:03:37', '2025-07-19 13:03:37', 29),
(167, 248, 2, 446, '2025-07-19', '2025-07-18', 'Y', 29, '2025-07-19 14:01:13', '2025-07-19 14:01:13', 29),
(168, 249, 1, 511, '2025-07-19', '2030-07-18', 'Y', 29, '2025-07-19 17:04:37', '2025-07-19 17:04:37', 29),
(169, 250, 1, 512, '2025-07-19', '2030-07-18', 'Y', 29, '2025-07-19 17:15:57', '2025-07-19 17:15:57', 29),
(170, 251, 1, 509, '2025-07-21', '2025-07-20', 'Y', 29, '2025-07-21 13:32:12', '2025-07-21 13:32:12', 29),
(171, 252, 1, 59, '2025-07-21', '2025-07-20', 'Y', 29, '2025-07-21 14:57:39', '2025-07-21 14:57:39', 29),
(172, 253, 1, 513, '2025-07-21', '2030-07-21', 'Y', 29, '2025-07-21 15:57:22', '2025-07-21 15:57:22', 29),
(173, 254, 1, 514, '2025-07-22', '2030-07-21', 'Y', 29, '2025-07-22 09:05:15', '2025-07-22 09:05:15', 29),
(174, 255, 1, 515, '2025-07-22', '2030-07-21', 'Y', 29, '2025-07-22 15:24:01', '2025-07-22 15:24:01', 29),
(175, 256, 1, 293, '2025-07-23', '2030-07-22', 'Y', 29, '2025-07-23 16:30:25', '2025-07-23 16:30:25', 29),
(176, 257, 1, 516, '2025-07-24', '2025-07-23', 'Y', 29, '2025-07-24 09:09:53', '2025-07-24 09:09:53', 29),
(177, 111, 1, 9, '2025-07-24', '2030-07-21', 'Y', 29, '2025-07-24 15:12:00', '2025-07-24 15:12:00', 29),
(178, 258, 1, 302, '2025-07-25', '2025-07-24', 'Y', 29, '2025-07-25 12:24:44', '2025-07-25 12:24:44', 29),
(179, 259, 1, 517, '2025-07-26', '2030-07-25', 'Y', 29, '2025-07-26 17:30:27', '2025-07-26 17:30:27', 29),
(180, 260, 2, 518, '2025-07-28', '2030-07-27', 'Y', 29, '2025-07-28 15:58:57', '2025-07-28 15:58:57', 29),
(181, 261, 2, 519, '2025-07-29', '2030-07-28', 'Y', 29, '2025-07-29 11:33:20', '2025-07-29 11:33:20', 29),
(182, 262, 2, 225, '2025-07-31', '2030-07-30', 'Y', 29, '2025-07-31 08:57:44', '2025-07-31 08:57:44', 29),
(183, 263, 1, 520, '2025-08-02', '2030-08-01', 'Y', 29, '2025-08-02 12:18:23', '2025-08-02 12:18:23', 29),
(184, 264, 1, 163, '2025-08-02', '2030-08-01', 'Y', 29, '2025-08-02 17:30:19', '2025-08-02 17:30:19', 29),
(185, 53, 1, 216, '2025-08-04', '2030-08-03', 'Y', 29, '2025-08-04 10:11:29', '2025-08-04 10:11:29', 29),
(186, 265, 2, 521, '2025-08-04', '2030-08-03', 'Y', 29, '2025-08-04 10:44:22', '2025-08-04 10:44:22', 29),
(187, 266, 1, 94, '2025-08-04', '2030-08-03', 'Y', 29, '2025-08-04 11:42:02', '2025-08-04 11:42:02', 29),
(188, 268, 2, 522, '2025-08-06', '2030-08-05', 'Y', 29, '2025-08-06 11:38:17', '2025-08-06 11:38:17', 29),
(189, 269, 2, 99, '2025-08-06', '2030-08-05', 'Y', 29, '2025-08-06 16:43:16', '2025-08-06 16:43:16', 29),
(190, 270, 1, 395, '2025-08-08', '2030-08-07', 'Y', 29, '2025-08-08 15:29:48', '2025-08-08 15:29:48', 29),
(191, 271, 1, 355, '2025-08-08', '2030-08-07', 'Y', 29, '2025-08-08 15:38:46', '2025-08-08 15:38:46', 29),
(192, 272, 1, 523, '2025-08-11', '2030-08-10', 'Y', 29, '2025-08-11 14:39:27', '2025-08-11 14:39:27', 29),
(193, 273, 2, 473, '2025-08-13', '2030-08-12', 'Y', 29, '2025-08-13 16:55:55', '2025-08-13 16:55:55', 29),
(194, 274, 2, 390, '2025-08-13', '2030-08-12', 'Y', 29, '2025-08-13 17:12:41', '2025-08-13 17:12:41', 29),
(195, 275, 1, 54, '2025-08-16', '2025-08-15', 'Y', 29, '2025-08-16 13:09:30', '2025-08-16 13:09:30', 29),
(196, 276, 1, 230, '2025-08-16', '2030-08-15', 'Y', 29, '2025-08-16 15:47:42', '2025-08-16 15:47:42', 29),
(197, 277, 1, 242, '2025-08-18', '2030-08-17', 'Y', 29, '2025-08-18 11:28:53', '2025-08-18 11:28:53', 29),
(198, 278, 2, 277, '2025-08-19', '2030-08-18', 'Y', 29, '2025-08-19 09:25:24', '2025-08-19 09:25:24', 29),
(199, 208, 4, 524, '2025-08-21', '2027-08-20', 'Y', 6, '2025-08-21 09:54:25', '2025-08-21 09:54:25', 6),
(200, 279, 1, 523, '2025-08-21', '2030-08-20', 'Y', 29, '2025-08-21 11:19:37', '2025-08-21 11:19:37', 29),
(201, 208, 4, 525, '2025-08-21', '2027-08-20', 'Y', 6, '2025-08-21 12:34:23', '2025-08-21 12:34:23', 6),
(202, 280, 2, 61, '2025-08-21', '2030-08-21', 'Y', 29, '2025-08-21 15:26:05', '2025-08-21 15:26:05', 29),
(203, 281, 1, 526, '2025-08-25', '2030-08-24', 'Y', 29, '2025-08-25 15:24:28', '2025-08-25 15:24:28', 29),
(204, 282, 2, 479, '2025-01-01', '2025-08-30', 'Y', 6, '2025-08-26 13:21:47', '2025-08-26 13:21:47', 6),
(205, 141, 1, 394, '2025-08-01', '2027-08-26', 'Y', 6, '2025-08-27 14:43:12', '2025-08-27 14:43:12', 6),
(206, 283, 2, 527, '2025-08-28', '2027-08-27', 'Y', 6, '2025-08-28 10:58:15', '2025-08-28 10:58:15', 6),
(207, 86, 1, 180, '2025-09-01', '2026-10-01', 'Y', 6, '2025-09-02 13:57:12', '2025-09-02 13:57:12', 6),
(208, 208, 1, 528, '2025-09-01', '2027-08-30', 'Y', 6, '2025-09-03 11:34:37', '2025-09-03 11:34:37', 6),
(209, 168, 5, 529, '2025-09-04', '2027-09-03', 'Y', 6, '2025-09-04 13:07:23', '2025-09-04 13:07:23', 6),
(210, 284, 1, 530, '2025-09-04', '2027-09-03', 'Y', 6, '2025-09-04 16:26:48', '2025-09-04 16:26:48', 6),
(211, 115, 2, 531, '2025-01-01', '2050-12-31', 'Y', 27, '2025-09-05 03:32:05', '2025-09-05 03:32:05', 27),
(212, 285, 1, 507, '2025-09-06', '2027-09-05', 'Y', 6, '2025-09-06 12:03:30', '2025-09-06 12:03:30', 6),
(213, 286, 1, 532, '2025-09-08', '2027-09-07', 'Y', 6, '2025-09-08 14:57:01', '2025-09-08 14:57:01', 6),
(214, 94, 1, 361, '2025-09-08', '2027-09-07', 'Y', 6, '2025-09-08 17:03:23', '2025-09-08 17:03:23', 6),
(215, 287, 2, 145, '2025-09-09', '2030-09-08', 'Y', 29, '2025-09-09 12:18:47', '2025-09-09 12:18:47', 29),
(216, 288, 1, 383, '2025-09-09', '2030-09-08', 'Y', 29, '2025-09-09 13:02:20', '2025-09-09 13:02:20', 29),
(217, 289, 1, 211, '2024-01-01', '2025-01-31', 'Y', 29, '2025-09-10 12:12:02', '2025-09-10 12:12:02', 29),
(218, 290, 1, 352, '2024-02-01', '2025-02-01', 'Y', 29, '2025-09-10 12:19:43', '2025-09-10 12:19:43', 29),
(219, 291, 1, 149, '2024-01-08', '2025-01-07', 'Y', 29, '2025-09-10 12:29:24', '2025-09-10 12:29:24', 29),
(220, 292, 1, 196, '2024-07-24', '2025-07-23', 'Y', 29, '2025-09-10 12:42:41', '2025-09-10 12:42:41', 29),
(221, 293, 1, 376, '2024-08-09', '2025-08-07', 'Y', 29, '2025-09-10 12:48:20', '2025-09-10 12:48:20', 29),
(222, 294, 1, 219, '2024-01-11', '2025-01-10', 'Y', 29, '2025-09-10 12:55:23', '2025-09-10 12:55:23', 29),
(223, 295, 1, 233, '2024-01-29', '2025-01-28', 'Y', 29, '2025-09-10 13:41:11', '2025-09-10 13:41:11', 29),
(224, 296, 1, 312, '2024-03-21', '2025-03-20', 'Y', 29, '2025-09-10 13:50:35', '2025-09-10 13:50:35', 29),
(225, 297, 1, 434, '2025-08-25', '2026-08-24', 'Y', 29, '2025-09-10 14:29:44', '2025-09-10 14:29:44', 29),
(226, 298, 1, 311, '2024-04-01', '2025-03-31', 'Y', 29, '2025-09-10 15:00:01', '2025-09-10 15:00:01', 29),
(227, 299, 1, 256, '2023-12-01', '2024-11-30', 'Y', 29, '2025-09-10 15:06:39', '2025-09-10 15:06:39', 29),
(228, 300, 1, 378, '2024-09-10', '2025-09-09', 'Y', 29, '2025-09-10 15:11:49', '2025-09-10 15:11:49', 29),
(229, 301, 1, 363, '2025-09-11', '2030-09-10', 'Y', 29, '2025-09-11 12:01:03', '2025-09-11 12:01:03', 29),
(230, 302, 1, 523, '2025-09-11', '2027-09-10', 'Y', 6, '2025-09-11 12:21:13', '2025-09-11 12:21:13', 6),
(231, 168, 5, 533, '2025-09-11', '2027-09-10', 'N', 6, '2025-09-11 15:50:24', '2025-09-11 15:50:24', 6),
(232, 303, 1, 278, '2025-09-12', '2030-09-11', 'Y', 29, '2025-09-12 10:42:11', '2025-09-12 10:42:11', 29),
(233, 304, 1, 134, '2025-09-11', '2025-09-11', 'Y', 29, '2025-09-12 16:15:32', '2025-09-12 16:15:32', 29),
(234, 305, 2, 128, '2025-09-13', '2030-09-12', 'Y', 29, '2025-09-13 13:56:45', '2025-09-13 13:56:45', 29),
(235, 306, 5, 534, '2025-09-15', '2027-09-14', 'Y', 6, '2025-09-15 14:24:00', '2025-09-15 14:24:00', 6),
(236, 307, 5, 507, '2025-09-12', '2026-09-14', 'Y', 6, '2025-09-15 14:46:12', '2025-09-15 14:46:12', 6),
(237, 308, 1, 262, '2025-09-16', '2030-09-15', 'Y', 29, '2025-09-16 16:14:50', '2025-09-16 16:14:50', 29),
(238, 53, 1, 535, '2025-09-17', '2030-09-16', 'Y', 29, '2025-09-17 10:13:46', '2025-09-17 10:13:46', 29),
(239, 208, 1, 536, '2025-09-18', '2028-09-17', 'Y', 6, '2025-09-18 10:46:40', '2025-09-18 10:46:40', 6),
(240, 208, 1, 537, '2025-09-18', '2028-09-17', 'Y', 6, '2025-09-18 11:45:08', '2025-09-18 11:45:08', 6),
(241, 208, 1, 538, '2025-09-19', '2028-09-18', 'Y', 6, '2025-09-19 12:35:07', '2025-09-19 12:35:07', 6),
(242, 208, 1, 539, '2025-09-19', '2028-09-18', 'Y', 6, '2025-09-19 13:17:20', '2025-09-19 13:17:20', 6),
(243, 208, 1, 540, '2025-09-19', '2028-09-18', 'Y', 6, '2025-09-19 14:01:02', '2025-09-19 14:01:02', 6),
(244, 208, 1, 541, '2025-09-19', '2028-09-18', 'Y', 6, '2025-09-19 15:59:13', '2025-09-19 15:59:13', 6),
(245, 309, 2, 150, '2025-09-20', '2030-09-30', 'Y', 29, '2025-09-20 11:07:59', '2025-11-25 16:49:36', 29),
(246, 310, 1, 269, '2025-09-20', '2030-09-19', 'Y', 29, '2025-09-20 11:15:16', '2025-09-20 11:15:16', 29),
(247, 311, 1, 268, '2025-09-20', '2030-09-19', 'Y', 29, '2025-09-20 16:26:35', '2025-09-20 16:26:35', 29),
(248, 312, 2, 448, '2025-09-01', '2027-10-01', 'Y', 6, '2025-09-22 10:43:12', '2025-09-22 10:43:12', 6),
(249, 313, 2, 542, '2025-09-01', '2027-09-01', 'Y', 6, '2025-09-22 11:34:23', '2025-09-22 11:34:23', 6),
(250, 315, 2, 543, '2025-08-01', '2027-09-30', 'Y', 6, '2025-09-22 12:08:36', '2025-09-22 12:08:36', 6),
(251, 316, 1, 544, '2025-09-23', '2027-09-22', 'Y', 6, '2025-09-23 16:35:09', '2025-09-23 16:35:09', 6),
(252, 208, 1, 545, '2025-09-24', '2028-09-23', 'Y', 6, '2025-09-24 12:16:15', '2025-09-24 12:16:15', 6),
(253, 208, 1, 546, '2025-09-25', '2028-09-24', 'Y', 6, '2025-09-25 11:27:00', '2025-09-25 11:27:00', 6),
(254, 208, 1, 547, '2025-09-25', '2028-09-24', 'Y', 6, '2025-09-25 12:24:47', '2025-09-25 12:24:47', 6),
(255, 317, 1, 36, '2025-09-25', '2030-09-24', 'Y', 29, '2025-09-25 12:50:02', '2025-09-25 12:50:02', 29),
(256, 208, 1, 548, '2025-09-26', '2028-09-25', 'Y', 6, '2025-09-26 14:21:22', '2025-09-26 14:21:22', 6),
(257, 208, 1, 549, '2025-09-26', '2028-09-25', 'Y', 6, '2025-09-26 15:43:15', '2025-09-26 15:43:15', 6),
(258, 208, 1, 550, '2025-09-27', '2028-09-26', 'Y', 6, '2025-09-27 10:29:44', '2025-09-27 10:29:44', 6),
(259, 208, 1, 551, '2025-09-27', '2028-09-26', 'Y', 6, '2025-09-27 10:33:52', '2025-09-27 10:33:52', 6),
(260, 208, 1, 552, '2025-09-27', '2028-09-26', 'Y', 6, '2025-09-27 10:36:44', '2025-09-27 10:36:44', 6),
(261, 208, 1, 553, '2025-09-27', '2028-09-26', 'Y', 6, '2025-09-27 10:39:52', '2025-09-27 10:39:52', 6),
(262, 318, 1, 370, '2025-09-27', '2030-09-26', 'Y', 29, '2025-09-27 10:56:52', '2025-09-27 10:56:52', 29),
(263, 208, 1, 555, '2025-09-27', '2028-09-26', 'Y', 6, '2025-09-27 12:47:53', '2025-09-27 12:47:53', 6),
(264, 208, 1, 556, '2025-09-27', '2028-09-26', 'Y', 6, '2025-09-27 12:52:56', '2025-09-27 12:52:56', 6),
(265, 208, 1, 557, '2025-09-27', '2028-09-26', 'Y', 6, '2025-09-27 12:58:24', '2025-09-27 12:58:24', 6),
(266, 208, 1, 558, '2025-09-27', '2028-09-26', 'Y', 6, '2025-09-27 13:28:45', '2025-09-27 13:28:45', 6),
(267, 208, 1, 559, '2025-09-27', '2028-09-26', 'Y', 6, '2025-09-27 14:37:28', '2025-09-27 14:37:28', 6),
(268, 208, 1, 560, '2025-09-27', '2028-09-26', 'Y', 6, '2025-09-27 14:51:50', '2025-09-27 14:51:50', 6),
(269, 208, 1, 561, '2025-09-27', '2028-09-26', 'Y', 6, '2025-09-27 15:02:08', '2025-09-27 15:02:08', 6),
(270, 208, 1, 562, '2025-09-27', '2028-09-26', 'Y', 6, '2025-09-27 15:07:44', '2025-09-27 15:07:44', 6),
(271, 208, 1, 563, '2025-09-27', '2028-09-26', 'Y', 6, '2025-09-27 15:12:06', '2025-09-27 15:12:06', 6),
(272, 319, 1, 243, '2025-09-29', '2030-09-28', 'Y', 29, '2025-09-29 09:06:29', '2025-09-29 09:06:29', 29),
(273, 208, 1, 564, '2025-09-29', '2028-09-28', 'Y', 6, '2025-09-29 10:59:48', '2025-09-29 10:59:48', 6),
(274, 208, 1, 565, '2025-09-29', '2028-09-28', 'Y', 6, '2025-09-29 11:02:13', '2025-09-29 11:02:13', 6),
(275, 208, 1, 566, '2025-09-29', '2028-09-28', 'Y', 6, '2025-09-29 11:06:04', '2025-09-29 11:06:04', 6),
(276, 208, 1, 567, '2025-09-30', '2028-09-29', 'Y', 6, '2025-09-30 10:25:17', '2025-09-30 10:25:17', 6),
(277, 208, 1, 568, '2025-09-30', '2028-09-29', 'Y', 6, '2025-09-30 10:28:32', '2025-09-30 10:28:32', 6),
(278, 208, 1, 569, '2025-09-30', '2028-09-29', 'Y', 6, '2025-09-30 10:31:36', '2025-09-30 10:31:36', 6),
(279, 208, 1, 570, '2025-09-30', '2028-09-29', 'Y', 6, '2025-09-30 10:33:51', '2025-09-30 10:33:51', 6),
(280, 208, 1, 554, '2025-09-30', '2028-09-29', 'Y', 6, '2025-09-30 10:37:47', '2025-09-30 10:37:47', 6),
(281, 320, 1, 288, '2025-10-01', '2030-09-30', 'Y', 29, '2025-10-01 10:14:27', '2025-10-01 10:14:27', 29),
(282, 321, 1, 156, '2025-10-03', '2030-10-02', 'Y', 29, '2025-10-03 09:17:38', '2025-10-03 09:17:38', 29),
(283, 208, 1, 571, '2025-10-03', '2028-10-02', 'Y', 6, '2025-10-03 09:27:02', '2025-10-03 09:27:02', 6),
(284, 322, 1, 224, '2025-09-27', '2030-09-26', 'Y', 29, '2025-10-03 10:10:36', '2025-10-03 10:10:36', 29),
(285, 323, 1, 280, '2025-10-03', '2030-10-02', 'Y', 29, '2025-10-03 13:07:16', '2025-10-03 13:07:16', 29),
(286, 324, 1, 355, '2025-06-01', '2026-10-05', 'Y', 6, '2025-10-06 11:33:20', '2025-10-06 11:33:20', 6),
(287, 325, 2, 572, '2025-09-01', '2026-09-30', 'Y', 6, '2025-10-06 16:54:10', '2025-10-06 16:54:10', 6),
(288, 326, 1, 169, '2025-10-07', '2026-10-07', 'Y', 6, '2025-10-07 11:25:31', '2025-10-07 11:25:31', 6),
(289, 327, 1, 364, '2025-10-14', '2030-10-13', 'Y', 29, '2025-10-14 10:27:39', '2025-10-14 10:27:39', 29),
(290, 127, 2, 59, '2025-10-01', '2026-10-30', 'Y', 6, '2025-10-16 10:57:33', '2025-10-16 10:57:33', 6),
(291, 328, 2, 493, '2025-10-13', '2026-10-31', 'Y', 6, '2025-10-16 11:08:24', '2025-10-16 11:08:24', 6),
(292, 329, 1, 147, '2025-10-16', '2030-10-15', 'Y', 29, '2025-10-16 11:54:24', '2025-10-16 11:54:24', 29),
(293, 330, 1, 296, '2025-10-17', '2030-10-16', 'Y', 29, '2025-10-17 16:44:40', '2025-10-17 16:44:40', 29),
(294, 331, 1, 395, '2025-10-17', '2030-10-16', 'Y', 29, '2025-10-17 17:00:19', '2025-10-17 17:00:19', 29),
(295, 332, 1, 573, '2025-10-18', '2030-10-17', 'Y', 29, '2025-10-18 13:14:16', '2025-10-18 13:14:16', 29),
(296, 333, 2, 574, '2025-10-18', '2030-10-17', 'Y', 29, '2025-10-18 13:35:41', '2025-10-18 13:35:41', 29),
(297, 334, 1, 307, '2025-10-21', '2030-10-20', 'Y', 29, '2025-10-21 14:10:52', '2025-10-21 14:10:52', 29),
(298, 335, 1, 373, '2025-10-22', '2030-10-21', 'Y', 29, '2025-10-22 13:06:29', '2025-10-22 13:06:29', 29),
(299, 336, 1, 366, '2025-10-22', '2030-10-21', 'Y', 29, '2025-10-22 15:41:53', '2025-10-22 15:41:53', 29),
(300, 337, 1, 271, '2025-10-22', '2025-10-21', 'Y', 29, '2025-10-22 16:45:17', '2025-10-22 16:45:17', 29),
(301, 46, 6, 575, '2025-10-01', '2080-12-31', 'Y', 27, '2025-10-23 12:42:51', '2025-10-23 12:42:51', 27),
(302, 338, 1, 254, '2025-10-24', '2030-10-23', 'Y', 29, '2025-10-24 12:22:56', '2025-10-24 12:22:56', 29),
(303, 339, 1, 576, '2025-10-24', '2030-10-23', 'Y', 29, '2025-10-24 14:55:22', '2025-10-24 14:55:22', 29),
(304, 340, 1, 577, '2025-10-27', '2030-10-26', 'Y', 29, '2025-10-27 12:39:59', '2025-10-27 12:39:59', 29),
(305, 341, 1, 191, '2025-10-28', '2030-10-27', 'Y', 29, '2025-10-28 09:25:12', '2025-10-28 09:25:12', 29),
(306, 342, 2, 578, '2025-10-22', '2026-10-30', 'Y', 6, '2025-10-29 10:17:09', '2025-10-29 10:17:09', 6),
(307, 343, 2, 513, '2025-10-14', '2026-10-30', 'Y', 6, '2025-10-29 10:30:51', '2025-10-29 10:30:51', 6),
(308, 344, 1, 369, '2025-11-01', '2025-10-31', 'Y', 29, '2025-11-01 16:26:56', '2025-11-01 16:26:56', 29),
(309, 345, 5, 579, '2025-11-03', '2027-11-03', 'Y', 6, '2025-11-03 15:38:31', '2025-11-03 15:38:31', 6),
(310, 346, 1, 172, '2025-11-04', '2025-11-03', 'Y', 29, '2025-11-04 11:03:15', '2025-11-04 11:03:15', 29),
(311, 347, 2, 412, '2025-11-04', '2027-11-03', 'Y', 6, '2025-11-04 12:22:41', '2025-11-04 12:22:41', 6),
(312, 348, 1, 580, '2025-11-05', '2026-11-04', 'Y', 6, '2025-11-05 12:28:28', '2025-11-05 12:28:28', 6),
(313, 286, 1, 581, '2025-11-05', '2030-11-04', 'Y', 29, '2025-11-05 17:51:03', '2025-11-05 17:51:03', 29),
(314, 208, 4, 582, '2025-11-06', '2028-11-05', 'Y', 6, '2025-11-06 15:46:29', '2025-11-06 15:46:29', 6),
(315, 349, 1, 102, '2025-11-06', '2030-11-05', 'Y', 29, '2025-11-06 17:30:34', '2025-11-06 17:30:34', 29),
(316, 350, 2, 152, '2025-11-08', '2026-11-09', 'Y', 6, '2025-11-10 10:09:29', '2025-11-10 10:09:29', 6),
(317, 351, 1, 425, '2025-11-10', '2030-11-09', 'Y', 29, '2025-11-10 14:24:15', '2025-11-10 14:24:15', 29),
(318, 208, 4, 583, '2025-11-11', '2028-11-10', 'Y', 6, '2025-11-11 14:11:13', '2025-11-11 14:11:13', 6),
(319, 208, 4, 584, '2025-11-11', '2028-11-10', 'Y', 6, '2025-11-11 16:48:42', '2025-11-11 16:48:42', 6),
(320, 352, 5, 585, '2025-11-12', '2026-11-12', 'Y', 6, '2025-11-12 15:15:04', '2025-11-12 15:15:04', 6),
(321, 353, 1, 415, '2025-11-14', '2030-11-13', 'Y', 29, '2025-11-14 16:35:19', '2025-11-14 16:35:19', 29),
(322, 354, 1, 292, '2025-11-15', '2030-11-14', 'Y', 29, '2025-11-15 16:24:40', '2025-11-15 16:24:40', 29),
(323, 355, 1, 586, '2025-11-01', '0000-00-00', 'Y', 27, '2025-11-15 16:52:58', '2025-11-15 16:52:58', 27),
(324, 336, 1, 365, '2025-11-17', '2030-11-16', 'Y', 29, '2025-11-17 16:03:06', '2025-11-17 16:03:06', 29),
(325, 208, 4, 587, '2025-11-18', '2028-11-17', 'Y', 6, '2025-11-18 12:30:53', '2025-11-18 12:30:53', 6),
(326, 46, 6, 588, '2025-10-01', '0000-00-00', 'Y', 27, '2025-11-19 13:47:01', '2025-11-19 13:47:01', 27),
(327, 291, 1, 297, '2025-11-24', '2030-11-23', 'Y', 29, '2025-11-24 11:57:26', '2025-11-24 11:57:26', 29),
(328, 291, 1, 150, '2025-10-01', '2025-09-30', 'Y', 29, '2025-11-25 16:49:23', '2025-11-25 16:49:23', 29),
(329, 357, 1, 184, '2025-11-27', '2030-11-26', 'Y', 29, '2025-11-27 14:27:06', '2025-11-27 14:27:06', 29),
(330, 358, 1, 283, '2025-11-28', '2030-11-28', 'Y', 29, '2025-11-28 16:19:50', '2025-11-28 16:19:50', 29),
(331, 359, 1, 257, '2025-12-03', '2030-12-02', 'Y', 29, '2025-12-03 10:24:06', '2025-12-03 10:24:06', 29),
(332, 360, 2, 173, '2025-12-04', '2030-12-04', 'Y', 29, '2025-12-04 15:21:32', '2025-12-04 15:21:32', 29),
(333, 83, 4, 589, '2025-09-01', '2026-08-31', 'Y', 27, '2025-12-17 09:54:56', '2025-12-17 09:54:56', 27),
(334, 208, 4, 590, '2025-12-17', '2028-12-16', 'Y', 6, '2025-12-17 11:49:24', '2025-12-17 11:49:24', 6),
(335, 361, 1, 177, '2025-12-17', '2030-12-17', 'Y', 29, '2025-12-17 12:14:13', '2025-12-17 12:14:13', 29),
(336, 362, 1, 333, '2025-12-20', '2030-12-19', 'Y', 29, '2025-12-20 12:17:23', '2025-12-20 12:17:23', 29),
(337, 329, 1, 301, '2025-12-22', '2030-12-21', 'Y', 29, '2025-12-22 11:25:10', '2025-12-22 11:25:10', 29),
(338, 363, 1, 181, '2025-12-31', '2030-12-30', 'Y', 29, '2025-12-31 10:13:18', '2025-12-31 10:13:18', 29),
(339, 364, 1, 434, '2026-01-02', '2031-01-01', 'Y', 29, '2026-01-02 12:42:39', '2026-01-02 12:42:39', 29),
(340, 139, 2, 389, '2025-12-22', '2026-12-21', 'Y', 6, '2026-01-07 10:52:38', '2026-01-07 10:52:38', 6);

-- --------------------------------------------------------

--
-- Table structure for table `erp_fm_documents`
--

CREATE TABLE `erp_fm_documents` (
  `id` int(11) NOT NULL,
  `document_type` enum('TICKET','TECHNICIAN') NOT NULL,
  `type_id` int(11) NOT NULL,
  `document_name` varchar(255) NOT NULL,
  `file_name` varchar(255) NOT NULL,
  `created_by` int(11) NOT NULL,
  `created_date_time` datetime NOT NULL
) ENGINE=MyISAM DEFAULT CHARSET=latin1 COLLATE=latin1_swedish_ci;

--
-- Dumping data for table `erp_fm_documents`
--

INSERT INTO `erp_fm_documents` (`id`, `document_type`, `type_id`, `document_name`, `file_name`, `created_by`, `created_date_time`) VALUES
(1, 'TICKET', 33, '111', '2023-08-02_1993519485_locationmap (2).png', 1, '2023-10-26 11:38:18'),
(2, 'TICKET', 33, 'nn', '2023-08-02_1993519485_locationmap (2).png', 1, '2023-10-26 11:54:08'),
(3, 'TICKET', 68, '', 'aaa.png', 1, '2023-10-26 18:47:53');

-- --------------------------------------------------------

--
-- Table structure for table `erp_fm_machinery`
--

CREATE TABLE `erp_fm_machinery` (
  `id` int(11) NOT NULL,
  `machine_name` varchar(255) NOT NULL,
  `machine_id` varchar(255) NOT NULL,
  `make` varchar(255) NOT NULL,
  `model_no` varchar(255) NOT NULL,
  `year_of_manufacture` year(4) NOT NULL,
  `serial_no` varchar(255) NOT NULL,
  `location` varchar(255) NOT NULL,
  `item_type` enum('M','S') NOT NULL DEFAULT 'M',
  `main_item_id` int(11) NOT NULL,
  `capacity` varchar(255) NOT NULL,
  `preferred_vendor` varchar(255) NOT NULL,
  `period_type` int(11) NOT NULL,
  `start_date` datetime NOT NULL,
  `end_date` datetime NOT NULL,
  `is_active` enum('Y','N') NOT NULL,
  `type` enum('T','MS') NOT NULL DEFAULT 'MS' COMMENT 'T-ticket,MS=Maintenance Schedule',
  `created_by` int(11) NOT NULL,
  `created_date_time` datetime NOT NULL,
  `updated_by` int(11) NOT NULL,
  `updated_date_time` datetime NOT NULL
) ENGINE=MyISAM DEFAULT CHARSET=latin1 COLLATE=latin1_swedish_ci;

-- --------------------------------------------------------

--
-- Table structure for table `erp_fm_machine_maintenance_schedules`
--

CREATE TABLE `erp_fm_machine_maintenance_schedules` (
  `id` int(11) NOT NULL,
  `machinery_id` int(11) NOT NULL,
  `planned_date` date NOT NULL,
  `actual_date` date NOT NULL,
  `maintanance_value` decimal(15,2) NOT NULL,
  `added_by` varchar(255) NOT NULL,
  `remarks` text NOT NULL,
  `period_type` int(11) NOT NULL,
  `status` enum('Y','N') NOT NULL DEFAULT 'Y',
  `created_by` int(11) NOT NULL,
  `created_date_time` datetime NOT NULL,
  `push_to_ticket` enum('N','Y') NOT NULL,
  `ticket_id` int(11) NOT NULL
) ENGINE=MyISAM DEFAULT CHARSET=latin1 COLLATE=latin1_swedish_ci;

-- --------------------------------------------------------

--
-- Table structure for table `erp_fm_master_issue_type`
--

CREATE TABLE `erp_fm_master_issue_type` (
  `id` int(11) NOT NULL,
  `issue_type` varchar(255) NOT NULL,
  `color` varchar(255) NOT NULL,
  `sort_order` int(11) NOT NULL,
  `is_active` enum('Y','N') NOT NULL DEFAULT 'Y',
  `is_maintenance_schedule` enum('Y','N') NOT NULL DEFAULT 'N',
  `created_by` int(11) NOT NULL,
  `created_date_time` datetime NOT NULL,
  `updated_by` int(11) NOT NULL,
  `updated_date_time` datetime NOT NULL
) ENGINE=MyISAM DEFAULT CHARSET=latin1 COLLATE=latin1_swedish_ci;

--
-- Dumping data for table `erp_fm_master_issue_type`
--

INSERT INTO `erp_fm_master_issue_type` (`id`, `issue_type`, `color`, `sort_order`, `is_active`, `is_maintenance_schedule`, `created_by`, `created_date_time`, `updated_by`, `updated_date_time`) VALUES
(1, 'Electrical', '#84f58c', 0, 'Y', 'N', 2, '2021-11-09 15:02:08', 0, '0000-00-00 00:00:00'),
(2, 'Plumbing', '#ed8666', -2, 'Y', 'N', 2, '2021-11-09 15:03:03', 1, '2023-09-01 15:04:53'),
(3, 'Painting', '#8AC8F2', 0, 'Y', 'N', 2, '2021-11-09 17:54:43', 0, '0000-00-00 00:00:00'),
(4, 'Maintenance Schedule', '#4182e2', 5, 'Y', 'Y', 0, '0000-00-00 00:00:00', 1, '2023-09-01 15:06:13'),
(18, 'Maintenance Inspection', '#000000', 8, 'Y', 'N', 6, '2023-10-25 11:22:36', 0, '0000-00-00 00:00:00'),
(17, 'AC', '#000000', 2, 'Y', 'N', 6, '2023-10-24 09:42:18', 27, '2025-10-02 13:59:32'),
(16, 'General Maintenance', '#000000', 6, 'Y', 'N', 6, '2023-10-07 12:12:11', 0, '0000-00-00 00:00:00'),
(19, 'Moveout', '#000000', 9, 'Y', 'N', 6, '2023-10-30 18:36:21', 0, '0000-00-00 00:00:00'),
(20, 'Chillers Room Indoor and Outdoor', '#000000', 10, 'Y', 'N', 6, '2025-09-18 10:48:28', 0, '0000-00-00 00:00:00'),
(21, 'Freezers Room Indoor and Outdoor', '#000000', 11, 'Y', 'N', 6, '2025-09-18 10:49:27', 0, '0000-00-00 00:00:00'),
(22, 'Chillers Room Indoor', '#000000', 12, 'Y', 'N', 6, '2025-09-18 11:07:31', 0, '0000-00-00 00:00:00'),
(23, 'Chillers Room  Outdoor', '#000000', 13, 'Y', 'N', 6, '2025-09-18 11:07:52', 27, '2025-10-02 13:59:24'),
(24, 'Freezers Room Indoor', '#000000', 14, 'Y', 'N', 6, '2025-09-18 11:09:00', 0, '0000-00-00 00:00:00'),
(25, 'Freezers Room Outdoor', '#000000', 16, 'Y', 'N', 6, '2025-09-18 11:12:25', 0, '0000-00-00 00:00:00'),
(26, 'Condencing unit', '#000000', 17, 'Y', 'N', 6, '2025-09-18 11:15:10', 0, '0000-00-00 00:00:00'),
(27, 'Door', '#000000', 18, 'Y', 'N', 6, '2025-09-27 12:33:55', 0, '0000-00-00 00:00:00'),
(28, 'MEP Maintenance Common Area', '#000000', 20, 'Y', 'N', 27, '2025-10-02 13:59:44', 0, '0000-00-00 00:00:00'),
(29, 'HSK Maintenance Common Area', '#000000', 21, 'Y', 'N', 27, '2025-10-02 14:00:04', 0, '0000-00-00 00:00:00'),
(30, 'Monoblock Unit - Chiller', '#000000', 25, 'Y', 'N', 6, '2025-11-18 12:35:58', 6, '2025-11-18 12:36:48'),
(31, 'Monoblock Unit - Freezer', '#000000', 26, 'Y', 'N', 6, '2025-11-18 12:37:26', 0, '0000-00-00 00:00:00');

-- --------------------------------------------------------

--
-- Table structure for table `erp_fm_master_period_type`
--

CREATE TABLE `erp_fm_master_period_type` (
  `id` int(11) NOT NULL,
  `period_type` varchar(255) NOT NULL,
  `sort_order` int(11) NOT NULL,
  `is_active` enum('Y','N') NOT NULL DEFAULT 'Y',
  `created_by` int(11) NOT NULL,
  `created_date_time` datetime NOT NULL,
  `updated_by` int(11) NOT NULL,
  `updated_date_time` datetime NOT NULL
) ENGINE=MyISAM DEFAULT CHARSET=latin1 COLLATE=latin1_swedish_ci;

--
-- Dumping data for table `erp_fm_master_period_type`
--

INSERT INTO `erp_fm_master_period_type` (`id`, `period_type`, `sort_order`, `is_active`, `created_by`, `created_date_time`, `updated_by`, `updated_date_time`) VALUES
(6, 'WARRANTY', 0, 'Y', 2, '2021-11-25 07:54:24', 0, '0000-00-00 00:00:00'),
(5, 'GENERAL', 8, 'N', 2, '2021-11-24 10:53:25', 1, '2023-09-04 09:13:57'),
(7, 'CONTRACT', 0, 'Y', 2, '2021-11-25 08:28:18', 0, '0000-00-00 00:00:00'),
(8, 'NORMAL', 1, 'Y', 2, '2022-01-10 15:59:00', 1, '2023-07-31 15:16:01'),
(10, 'TEST', 2, 'N', 1, '2023-09-01 08:10:40', 1, '2023-09-01 15:49:26'),
(11, 'GENERALL', 6, 'Y', 1, '2023-09-04 09:13:50', 0, '0000-00-00 00:00:00');

-- --------------------------------------------------------

--
-- Table structure for table `erp_fm_master_technician_type`
--

CREATE TABLE `erp_fm_master_technician_type` (
  `id` int(11) NOT NULL,
  `technician_type` varchar(255) NOT NULL,
  `is_active` enum('Y','N') NOT NULL DEFAULT 'Y',
  `created_by` int(11) NOT NULL,
  `created_date_time` datetime NOT NULL
) ENGINE=MyISAM DEFAULT CHARSET=latin1 COLLATE=latin1_swedish_ci;

--
-- Dumping data for table `erp_fm_master_technician_type`
--

INSERT INTO `erp_fm_master_technician_type` (`id`, `technician_type`, `is_active`, `created_by`, `created_date_time`) VALUES
(1, 'Plumbing', 'Y', 2, '2021-11-12 17:00:40'),
(2, 'Painting', 'Y', 2, '2021-11-12 17:01:06'),
(3, 'Mechanic', 'Y', 2, '2022-01-10 13:22:43'),
(4, 'Quality Checker', 'N', 1, '2022-01-10 15:39:27');

-- --------------------------------------------------------

--
-- Table structure for table `erp_fm_mas_area`
--

CREATE TABLE `erp_fm_mas_area` (
  `id` int(11) NOT NULL,
  `name` varchar(124) NOT NULL,
  `sort_order` int(11) NOT NULL,
  `isActive` enum('Y','N') NOT NULL,
  `created_by` int(11) NOT NULL,
  `updated_by` int(11) NOT NULL,
  `created_date_time` datetime NOT NULL,
  `updated_date_time` datetime NOT NULL
) ENGINE=InnoDB DEFAULT CHARSET=latin1 COLLATE=latin1_swedish_ci;

--
-- Dumping data for table `erp_fm_mas_area`
--

INSERT INTO `erp_fm_mas_area` (`id`, `name`, `sort_order`, `isActive`, `created_by`, `updated_by`, `created_date_time`, `updated_date_time`) VALUES
(1, 'HALL', 1, 'Y', 0, 1, '2023-10-25 13:50:01', '2023-10-27 10:32:21'),
(2, 'KITCHEN', 9, 'Y', 0, 1, '2023-10-25 13:50:11', '2023-10-28 12:56:33'),
(3, 'BALCONY', 2, 'Y', 1, 1, '2023-10-25 05:08:29', '2023-10-28 12:55:22'),
(4, 'GUEST / BEDROOM TOILET 1', 4, 'Y', 1, 1, '2023-10-25 05:10:10', '2023-10-28 12:55:36'),
(5, 'BED ROOM 1', 3, 'Y', 1, 1, '2023-10-26 05:29:22', '2023-10-28 12:55:31'),
(6, 'BED ROOM 2', 5, 'Y', 1, 1, '2023-10-26 05:29:37', '2023-10-28 12:55:43'),
(7, 'BED ROOM 3', 7, 'Y', 1, 1, '2023-10-26 05:31:03', '2023-10-28 12:55:55'),
(8, 'GUEST / BEDROOM TOILET 2', 6, 'Y', 1, 1, '2023-10-26 05:31:15', '2023-10-28 12:55:47'),
(9, 'GUEST / BEDROOM TOILET 3', 8, 'Y', 1, 1, '2023-10-26 05:31:19', '2023-10-28 12:56:00'),
(10, 'LAUNDRY', 10, 'Y', 1, 1, '2023-10-26 05:31:47', '2023-10-28 12:56:43'),
(11, 'MAID ROOM', 11, 'Y', 1, 1, '2023-10-26 05:31:58', '2023-10-28 12:56:50'),
(12, 'MAID ROOM TOILET', 12, 'Y', 1, 1, '2023-10-26 05:32:10', '2023-10-28 12:56:55'),
(13, 'PAINTING', 13, 'Y', 1, 1, '2023-10-26 05:32:23', '2023-10-28 12:56:58'),
(14, 'ASSETS', 14, 'Y', 1, 1, '2023-10-26 05:32:32', '2023-10-28 12:57:05');

-- --------------------------------------------------------

--
-- Table structure for table `erp_fm_mas_building`
--

CREATE TABLE `erp_fm_mas_building` (
  `id` int(11) NOT NULL,
  `building_name` varchar(100) NOT NULL,
  `isActive` enum('Y','N') NOT NULL DEFAULT 'Y',
  `is_outside_building` enum('N','Y') NOT NULL DEFAULT 'N',
  `sort_order` int(11) NOT NULL,
  `created_by` int(11) NOT NULL,
  `created_date_time` datetime NOT NULL,
  `updated_by` int(11) NOT NULL,
  `updated_date_time` date NOT NULL
) ENGINE=InnoDB DEFAULT CHARSET=latin1 COLLATE=latin1_swedish_ci;

--
-- Dumping data for table `erp_fm_mas_building`
--

INSERT INTO `erp_fm_mas_building` (`id`, `building_name`, `isActive`, `is_outside_building`, `sort_order`, `created_by`, `created_date_time`, `updated_by`, `updated_date_time`) VALUES
(1, 'OUTSIDE', 'Y', 'Y', 1, 1, '2023-09-05 09:40:08', 1, '2023-09-05'),
(2, 'Tesla Tower', 'Y', 'N', 2, 1, '2023-09-05 09:40:18', 1, '2023-10-11'),
(3, 'JVC', 'Y', 'N', 1, 1, '2023-09-05 12:24:20', 0, '0000-00-00'),
(4, 'Skyline', 'Y', 'N', 0, 1, '2023-09-14 12:38:31', 0, '0000-00-00'),
(5, 'Build34', 'N', 'N', 0, 1, '2023-09-14 01:26:56', 0, '0000-00-00'),
(6, 'OTHER', 'N', 'N', 1, 1, '2023-09-15 08:40:45', 0, '0000-00-00'),
(7, 'National Bonds Residence, JVC', 'Y', 'N', 1, 2, '2023-09-15 03:09:00', 0, '0000-00-00'),
(8, 'Sulafa Tower Dubai Marina', 'Y', 'N', 2, 2, '2023-09-15 03:09:20', 6, '2024-10-16'),
(9, 'Skycourts Tower, Dubai Land', 'Y', 'N', 3, 2, '2023-09-15 03:09:48', 0, '0000-00-00'),
(10, 'Plaza Residence', 'Y', 'N', 4, 2, '2023-09-15 03:11:09', 0, '0000-00-00'),
(11, 'Sulafa Tower', 'Y', 'N', 0, 6, '2023-10-07 11:42:37', 0, '0000-00-00'),
(12, 'Liwan Mazaya', 'Y', 'N', 2, 6, '2023-10-07 12:05:23', 0, '0000-00-00'),
(13, 'Binghatti Stars', 'Y', 'N', 101, 6, '2023-10-11 09:49:37', 0, '0000-00-00'),
(14, 'Chaimaa Avenue 1', 'Y', 'N', 0, 6, '2023-10-12 10:12:03', 0, '0000-00-00'),
(15, 'Bay Square B09', 'Y', 'N', 0, 6, '2023-10-13 10:49:41', 27, '2024-03-30'),
(16, 'Loft East, Downtown', 'Y', 'N', 1, 6, '2023-10-16 09:13:47', 0, '0000-00-00'),
(17, 'Kings College Hospital - Al Quoz', 'Y', 'N', 0, 6, '2023-10-17 01:35:24', 0, '0000-00-00'),
(18, 'Liwan Mazaya 11', 'Y', 'N', 0, 6, '2023-10-18 11:52:22', 0, '0000-00-00'),
(19, 'Barsha Villa', 'Y', 'N', 1, 6, '2023-10-24 09:38:22', 0, '0000-00-00'),
(20, 'Madison Residency, Barsha Heights', 'Y', 'N', 0, 6, '2023-10-25 11:23:13', 6, '2024-01-31'),
(21, 'The Grand', 'Y', 'N', 0, 6, '2023-10-30 06:33:59', 0, '0000-00-00'),
(22, 'Sky Courts Tower F', 'Y', 'N', 11001, 6, '2023-11-01 12:33:13', 0, '0000-00-00'),
(23, 'Bay Square B08', 'Y', 'N', 20, 29, '2023-11-13 05:09:57', 24, '2024-02-15'),
(24, 'Townsquare – Jenna-2', 'Y', 'N', 0, 2, '2023-11-14 12:26:45', 0, '0000-00-00'),
(25, 'Shamal Residence 2', 'Y', 'N', 22, 2, '2023-11-15 04:21:49', 0, '0000-00-00'),
(26, '123', 'Y', 'N', 2, 2, '2023-11-16 03:18:40', 0, '0000-00-00'),
(27, 'Skycourts Tower-E,Dubai land', 'Y', 'N', 24, 2, '2023-11-16 03:26:17', 0, '0000-00-00'),
(28, 'Skycourts Tower-F,Dubai land', 'Y', 'N', 25, 2, '2023-11-16 03:37:09', 0, '0000-00-00'),
(29, 'Skycourts Tower-C,Dubai land', 'Y', 'N', 26, 2, '2023-11-16 04:06:22', 0, '0000-00-00'),
(30, 'Townsquare Una - B', 'Y', 'N', 27, 2, '2023-11-16 04:10:28', 0, '0000-00-00'),
(31, 'Queue Point, Mazaya 6,', 'Y', 'N', 27, 2, '2023-11-16 04:26:56', 0, '0000-00-00'),
(32, 'Afnan 5, Midtown,', 'Y', 'N', 29, 2, '2023-11-16 04:32:32', 0, '0000-00-00'),
(33, 'Mazaya 7,', 'Y', 'N', 32, 2, '2023-11-16 05:17:27', 0, '0000-00-00'),
(34, 'Chaimaa Premier, JVC', 'Y', 'N', 36, 2, '2023-11-16 05:37:56', 0, '0000-00-00'),
(35, 'Binghatti Stars ,DSO', 'Y', 'N', 32, 2, '2023-11-16 05:42:20', 0, '0000-00-00'),
(36, 'Liwan Mazaya 23,', 'Y', 'N', 37, 2, '2023-11-16 05:47:18', 0, '0000-00-00'),
(37, 'Skycourts Tower-AP,Dubai land', 'Y', 'N', 34, 2, '2023-11-16 05:53:52', 0, '0000-00-00'),
(38, 'Townsquare Sama,Townhouse', 'Y', 'N', 36, 2, '2023-11-16 05:59:10', 0, '0000-00-00'),
(39, 'Al Andalus Tower B', 'Y', 'N', 0, 6, '2023-11-21 01:15:40', 6, '2023-12-09'),
(40, 'Skycourts Tower B', 'Y', 'N', 0, 6, '2023-11-22 12:18:34', 0, '0000-00-00'),
(41, 'Bay Square Bldg 08', 'N', 'N', 38, 27, '2023-11-22 12:19:19', 0, '0000-00-00'),
(42, 'Bay Square Bldg 09', 'N', 'N', 39, 27, '2023-11-22 12:19:31', 0, '0000-00-00'),
(43, 'ANEESH BUILDING 1', 'Y', 'N', 0, 29, '2023-11-23 12:34:36', 0, '0000-00-00'),
(44, 'Skycourts Tower AP', 'Y', 'N', 0, 6, '2023-11-24 09:42:31', 0, '0000-00-00'),
(45, 'Square Tower, JVC', 'Y', 'N', 1, 2, '2023-11-24 01:26:23', 0, '0000-00-00'),
(46, 'Liwan Mazaya 6', 'Y', 'N', 29, 2, '2023-11-24 05:58:20', 6, '2023-11-29'),
(47, 'Binghatti Gate,JVC', 'Y', 'N', 39, 2, '2023-11-24 06:04:04', 0, '0000-00-00'),
(48, 'Lakeside Tower C', 'Y', 'N', 0, 6, '2023-11-27 10:14:02', 6, '2023-11-29'),
(49, 'Damac Hills 2, Akoya Albiziya', 'Y', 'N', 0, 6, '2023-11-27 10:40:12', 0, '0000-00-00'),
(50, 'Prime Residence 2, International City', 'Y', 'N', 0, 6, '2023-11-27 03:33:39', 6, '2023-11-27'),
(51, 'Plaza Residence-B,JVC', 'Y', 'N', 0, 6, '2023-12-03 01:15:18', 0, '0000-00-00'),
(52, 'Dania 2, Production City', 'Y', 'N', 0, 2, '2023-12-07 12:41:18', 0, '0000-00-00'),
(53, 'Skycourts Tower E', 'Y', 'N', 0, 2, '2023-12-07 12:59:30', 0, '0000-00-00'),
(54, 'Damac Hills 2, Akoya- Albiziya', 'Y', 'N', 0, 2, '2023-12-07 01:16:01', 0, '0000-00-00'),
(55, 'The Address Residence Fountain Views - Tower 2 - Downtown', 'Y', 'N', 0, 6, '2023-12-08 05:15:52', 6, '2024-09-18'),
(56, 'Skycourts Tower BP', 'Y', 'N', 0, 6, '2023-12-11 11:33:49', 0, '0000-00-00'),
(57, 'SHEIKHA HESSA VILLA LISALLY', 'Y', 'N', 1, 29, '2023-12-12 12:12:22', 0, '0000-00-00'),
(58, 'B09', 'N', 'N', 0, 6, '2023-12-16 11:04:10', 0, '0000-00-00'),
(59, 'Queue Point - R019 (Shams) Liwan', 'Y', 'N', 0, 6, '2023-12-19 09:25:50', 0, '0000-00-00'),
(60, 'Damac- Akoya Oxygen- Albizia', 'Y', 'N', 0, 6, '2023-12-19 11:55:54', 0, '0000-00-00'),
(61, 'Villanova Amaranta 2', 'Y', 'N', 0, 6, '2023-12-21 12:42:30', 0, '0000-00-00'),
(62, 'Creek Rise-1', 'Y', 'N', 0, 6, '2024-01-04 06:35:16', 0, '0000-00-00'),
(63, 'Skycourts Tower D', 'Y', 'N', 0, 6, '2024-01-08 05:37:53', 0, '0000-00-00'),
(64, 'Damac hills 2 Amazonia', 'Y', 'N', 0, 6, '2024-01-16 11:55:18', 0, '0000-00-00'),
(65, 'Damac Hills Amargo Akoya Oxygen', 'Y', 'N', 0, 6, '2024-01-17 05:34:04', 0, '0000-00-00'),
(66, 'Town square Zahra Breez-1A', 'Y', 'N', 0, 6, '2024-01-22 10:27:04', 0, '0000-00-00'),
(67, 'Queue Point - R017 Mazaya 7', 'Y', 'N', 0, 6, '2024-01-22 03:46:14', 0, '0000-00-00'),
(68, 'Queue Point - R009 Mazaya 6', 'Y', 'N', 0, 6, '2024-01-31 03:24:51', 0, '0000-00-00'),
(69, 'The Hills Vida - Downtown - The Hills - Emirates Hills', 'Y', 'N', 0, 6, '2024-02-02 04:00:26', 0, '0000-00-00'),
(70, 'The Hills Vida - Downtown-TH - EH The Hills-B2', 'Y', 'N', 0, 6, '2024-02-08 01:54:05', 0, '0000-00-00'),
(71, 'The Address Residence Sky View - Downtown', 'Y', 'N', 0, 6, '2024-02-20 03:01:33', 0, '0000-00-00'),
(72, 'Casa Flores, Motor City', 'Y', 'N', 0, 6, '2024-02-21 11:11:57', 0, '0000-00-00'),
(73, 'Ajmal Sarah', 'Y', 'N', 0, 6, '2024-03-05 12:30:41', 0, '0000-00-00'),
(74, 'Skycourts Tower A', 'Y', 'N', 0, 6, '2024-03-15 11:54:33', 0, '0000-00-00'),
(75, 'Town Square Hayat- TH-V', 'Y', 'N', 0, 6, '2024-04-03 12:18:26', 0, '0000-00-00'),
(76, 'Townsquare Zahra breeze -3A1', 'Y', 'N', 0, 6, '2024-04-16 12:58:02', 0, '0000-00-00'),
(77, 'Townsquare Sama Residence', 'Y', 'N', 0, 6, '2024-04-29 04:55:19', 0, '0000-00-00'),
(78, 'Green Community - Casa Familia- TH', 'Y', 'N', 0, 6, '2024-05-17 02:23:15', 0, '0000-00-00'),
(79, 'Bay Square 09.', 'N', 'N', 0, 27, '2024-05-28 03:28:37', 0, '0000-00-00'),
(80, 'Arcadia Building', 'Y', 'N', 0, 29, '2024-07-24 03:08:29', 0, '0000-00-00'),
(81, 'Chaimaa Avenue 2', 'Y', 'N', 0, 6, '2024-08-08 11:52:12', 0, '0000-00-00'),
(82, 'Dubai Hills, Al Quoz', 'Y', 'N', 0, 27, '2024-08-15 12:30:06', 0, '0000-00-00'),
(83, 'Springs 10', 'Y', 'N', 0, 6, '2024-08-15 10:42:58', 6, '2024-08-15'),
(84, 'Noor Town House', 'Y', 'N', 0, 6, '2024-08-21 02:30:46', 0, '0000-00-00'),
(85, 'Villa 154', 'Y', 'N', 0, 29, '2024-08-21 05:23:50', 29, '2024-08-22'),
(86, '154', 'Y', 'N', 0, 29, '2024-08-22 02:01:34', 0, '0000-00-00'),
(87, 'Collective 2 - Tower A', 'Y', 'N', 0, 27, '2024-12-04 02:56:29', 6, '2024-12-05'),
(88, 'Damac hills 2 Pacifica', 'Y', 'N', 0, 6, '2024-12-05 11:28:53', 0, '0000-00-00'),
(89, 'Index Tower', 'Y', 'N', 0, 27, '2024-12-07 01:39:45', 0, '0000-00-00'),
(90, 'Index Tower DIFC', 'Y', 'N', 0, 6, '2024-12-11 10:14:57', 0, '0000-00-00'),
(91, 'Al badia', 'Y', 'N', 0, 6, '2024-12-14 10:43:31', 0, '0000-00-00'),
(92, 'AL GHOZLAN 1', 'Y', 'N', 0, 6, '2025-02-11 09:30:55', 0, '0000-00-00'),
(93, 'Catch residences by IGO', 'Y', 'N', 0, 27, '2025-03-12 12:44:57', 0, '0000-00-00'),
(94, 'Bonnington Tower, JLT, Cluster J', 'Y', 'N', 0, 6, '2025-04-03 03:41:25', 0, '0000-00-00'),
(95, 'Azizi Riviera 13', 'Y', 'N', 0, 6, '2025-04-10 11:18:01', 0, '0000-00-00'),
(96, 'MADA Residences', 'Y', 'N', 0, 6, '2025-04-15 03:32:37', 6, '2025-04-15'),
(97, 'Zen Global DMCC', 'Y', 'N', 1, 29, '2025-05-02 02:51:06', 0, '0000-00-00'),
(98, 'The Greens & Views, Al Dhafrah 1', 'Y', 'N', 0, 6, '2025-05-08 12:16:44', 0, '0000-00-00'),
(99, 'Commissary Centre, Sharjah', 'Y', 'N', 0, 6, '2025-05-23 12:21:05', 0, '0000-00-00'),
(100, 'SkyCourt- Tower B - Dubai land', 'Y', 'N', 0, 6, '2025-06-12 03:52:48', 0, '0000-00-00'),
(101, 'Palace Residence, Dubai creek Harbour', 'Y', 'N', 0, 6, '2025-06-13 11:50:38', 0, '0000-00-00'),
(102, 'Rukan 3', 'Y', 'N', 0, 6, '2025-06-13 03:23:03', 0, '0000-00-00'),
(103, 'Emaar south - Urbana 111', 'Y', 'N', 0, 6, '2025-06-23 03:22:19', 0, '0000-00-00'),
(104, 'Dubai hills estate, Park heights 2, Tower 2', 'Y', 'N', 0, 6, '2025-06-25 11:14:32', 0, '0000-00-00'),
(105, 'Marinascape oceanic', 'Y', 'N', 0, 6, '2025-07-01 10:58:37', 0, '0000-00-00'),
(106, 'EB Marina Vista T1', 'Y', 'N', 0, 6, '2025-07-01 05:37:14', 0, '0000-00-00'),
(107, 'Shemara Tower', 'Y', 'N', 0, 29, '2025-07-18 10:50:10', 0, '0000-00-00'),
(108, 'Arjan Villa', 'Y', 'N', 0, 29, '2025-07-19 12:22:21', 0, '0000-00-00'),
(109, 'Nad Al Shiba Villa', 'Y', 'N', 0, 29, '2025-07-19 01:01:29', 0, '0000-00-00'),
(110, 'Damac, Dubai Downtown', 'Y', 'N', 0, 29, '2025-07-24 09:08:33', 0, '0000-00-00'),
(111, 'Al Warqa villa 34', 'Y', 'N', 0, 29, '2025-08-11 02:37:53', 0, '0000-00-00'),
(112, 'Krispy Kreme', 'Y', 'N', 0, 6, '2025-08-21 09:50:33', 0, '0000-00-00'),
(113, 'ENOC Station - 1041 - Umm suqeim - Al Quoz Industrial Area 4 - Dubai', 'Y', 'N', 0, 6, '2025-08-21 12:31:10', 0, '0000-00-00'),
(114, 'ENOC | 1079 |  - KFC -Al Barsha South', 'Y', 'N', 0, 6, '2025-09-03 11:29:58', 0, '0000-00-00'),
(115, 'Downtown views 2 Tower 3', 'Y', 'N', 0, 6, '2025-09-04 01:05:51', 0, '0000-00-00'),
(116, 'Bay Square, Building 07', 'Y', 'N', 0, 6, '2025-09-08 02:37:50', 0, '0000-00-00'),
(117, 'The Cove Building 2, Ras Al Khor - Dubai Creek Harbour', 'Y', 'N', 0, 6, '2025-09-11 03:48:56', 0, '0000-00-00'),
(118, 'KFC Korfakkan', 'Y', 'N', 0, 6, '2025-09-18 10:44:18', 0, '0000-00-00'),
(119, 'KFC Khalba', 'Y', 'N', 0, 6, '2025-09-18 11:40:16', 0, '0000-00-00'),
(120, 'KFC Sheik Zayed road 2', 'Y', 'N', 0, 6, '2025-09-19 12:31:04', 0, '0000-00-00'),
(121, 'KFC - Karama', 'Y', 'N', 0, 6, '2025-09-19 01:15:35', 0, '0000-00-00'),
(122, 'Pizza hut Karama', 'Y', 'N', 0, 6, '2025-09-19 01:58:11', 0, '0000-00-00'),
(123, 'KFC Diyafa', 'Y', 'N', 0, 6, '2025-09-19 03:56:28', 0, '0000-00-00'),
(124, 'KFC Dibba Sharjah', 'Y', 'N', 0, 6, '2025-09-24 12:13:44', 0, '0000-00-00'),
(125, 'KFC Wasit - Sharjah', 'Y', 'N', 0, 6, '2025-09-25 11:24:32', 0, '0000-00-00'),
(126, 'KFC Halwan', 'Y', 'N', 0, 6, '2025-09-25 12:20:59', 0, '0000-00-00'),
(127, 'KFC AL HAMRIAH', 'Y', 'N', 0, 6, '2025-09-26 02:20:15', 0, '0000-00-00'),
(128, 'Hardees Grand Lube - Qusais', 'Y', 'N', 0, 6, '2025-09-26 03:39:55', 0, '0000-00-00'),
(129, 'Hardees Mercato', 'Y', 'N', 0, 6, '2025-09-27 10:27:40', 0, '0000-00-00'),
(130, 'KFC ADNOC AL Quoz', 'Y', 'N', 0, 6, '2025-09-27 10:31:41', 0, '0000-00-00'),
(131, 'Hardees Motorcity', 'Y', 'N', 0, 6, '2025-09-27 10:35:27', 0, '0000-00-00'),
(132, 'KFC Rashidiya Metro', 'Y', 'N', 0, 6, '2025-09-27 10:38:34', 0, '0000-00-00'),
(133, 'KFC AL QUSAIS (ENOC)', 'Y', 'N', 0, 6, '2025-09-27 10:41:29', 0, '0000-00-00'),
(134, 'KFC Uptown Mirdiff', 'Y', 'N', 0, 6, '2025-09-27 12:44:45', 0, '0000-00-00'),
(135, 'KFC OASIS Mall', 'Y', 'N', 0, 6, '2025-09-27 12:50:55', 0, '0000-00-00'),
(136, 'KFC Motor City', 'Y', 'N', 0, 6, '2025-09-27 12:56:42', 0, '0000-00-00'),
(137, 'PIZZA HUT SILICON OASIS', 'Y', 'N', 0, 6, '2025-09-27 01:22:11', 0, '0000-00-00'),
(138, 'PIZZA HUT OASIS MALL', 'Y', 'N', 0, 6, '2025-09-27 02:34:30', 0, '0000-00-00'),
(139, 'Pizza Hut Enoc Oud Metha', 'Y', 'N', 0, 6, '2025-09-27 02:48:25', 0, '0000-00-00'),
(140, 'KFC ENOC/EPCO 6001 Al Twar (Qusais)', 'Y', 'N', 0, 6, '2025-09-27 02:57:32', 0, '0000-00-00'),
(141, 'Hardees Khawaneej', 'Y', 'N', 0, 6, '2025-09-27 03:05:32', 0, '0000-00-00'),
(142, 'KFC Khawaneej', 'Y', 'N', 0, 6, '2025-09-27 03:09:57', 0, '0000-00-00'),
(143, 'KFC KORNISH SHJ', 'Y', 'N', 0, 6, '2025-09-29 10:29:29', 6, '2025-09-30'),
(144, 'KFC AL-BUHAIRA', 'Y', 'N', 0, 6, '2025-09-29 11:01:04', 0, '0000-00-00'),
(145, 'HARDEE\'S DUBAI-SHARJAH', 'Y', 'N', 0, 6, '2025-09-29 11:04:45', 0, '0000-00-00'),
(146, 'KFC ENOC BAY PASS', 'Y', 'N', 0, 6, '2025-09-30 10:23:56', 0, '0000-00-00'),
(147, 'KFC International City', 'Y', 'N', 0, 6, '2025-09-30 10:27:14', 0, '0000-00-00'),
(148, 'PIZZA HUT Business Bay Avenues', 'Y', 'N', 0, 6, '2025-09-30 10:30:07', 0, '0000-00-00'),
(149, 'Pizza Hut Khaleej Center (New)', 'Y', 'N', 0, 6, '2025-09-30 10:32:49', 0, '0000-00-00'),
(150, 'KFC Industrial Area', 'Y', 'N', 0, 6, '2025-10-03 09:23:32', 0, '0000-00-00'),
(151, 'National Bond Jewel Building', 'Y', 'N', 0, 29, '2025-10-18 01:11:03', 0, '0000-00-00'),
(152, 'South Tower 1, Dubai Creek Harbour', 'Y', 'N', 0, 6, '2025-11-03 03:36:01', 0, '0000-00-00'),
(153, 'Hardees Enoc Al Barsha', 'Y', 'N', 0, 6, '2025-11-06 03:42:53', 0, '0000-00-00'),
(154, 'Pizza Hut Uptown Mirdiff', 'Y', 'N', 0, 6, '2025-11-11 02:08:22', 0, '0000-00-00'),
(155, 'KFC Al Rashidiya', 'Y', 'N', 0, 6, '2025-11-11 04:46:29', 0, '0000-00-00'),
(156, 'Westburry tower', 'Y', 'N', 0, 6, '2025-11-12 03:12:07', 0, '0000-00-00'),
(157, 'KFC Al Khail Gate', 'Y', 'N', 0, 6, '2025-11-18 12:29:22', 0, '0000-00-00'),
(158, 'Pizza hut Umm Suqeim', 'Y', 'N', 0, 6, '2025-12-17 11:02:54', 0, '0000-00-00');

-- --------------------------------------------------------

--
-- Table structure for table `erp_fm_mas_frequency`
--

CREATE TABLE `erp_fm_mas_frequency` (
  `id` int(11) NOT NULL,
  `name` varchar(30) NOT NULL,
  `days` int(11) NOT NULL,
  `sort_order` int(11) NOT NULL,
  `isActive` enum('Y','N') NOT NULL
) ENGINE=InnoDB DEFAULT CHARSET=latin1 COLLATE=latin1_swedish_ci;

--
-- Dumping data for table `erp_fm_mas_frequency`
--

INSERT INTO `erp_fm_mas_frequency` (`id`, `name`, `days`, `sort_order`, `isActive`) VALUES
(1, 'Yearly', 365, 5, 'Y'),
(2, 'Half yearly', 180, 4, 'Y'),
(3, 'Quarterly', 90, 3, 'Y'),
(4, 'Monthly', 30, 2, 'Y'),
(5, 'Weekly', 7, 1, 'Y');

-- --------------------------------------------------------

--
-- Table structure for table `erp_fm_mas_snag`
--

CREATE TABLE `erp_fm_mas_snag` (
  `id` int(11) NOT NULL,
  `name` varchar(256) NOT NULL,
  `area_id` int(11) NOT NULL,
  `type_id` int(11) NOT NULL,
  `service_id` int(11) NOT NULL,
  `isActive` enum('Y','N') NOT NULL,
  `created_by` int(11) NOT NULL,
  `updated_by` int(11) NOT NULL,
  `created_date_time` datetime NOT NULL,
  `updated_date_time` datetime NOT NULL
) ENGINE=InnoDB DEFAULT CHARSET=latin1 COLLATE=latin1_swedish_ci;

--
-- Dumping data for table `erp_fm_mas_snag`
--

INSERT INTO `erp_fm_mas_snag` (`id`, `name`, `area_id`, `type_id`, `service_id`, `isActive`, `created_by`, `updated_by`, `created_date_time`, `updated_date_time`) VALUES
(1, 'Bell - Switch / Assy', 1, 0, 1004, 'Y', 1, 1, '0000-00-00 00:00:00', '0000-00-00 00:00:00'),
(2, 'Door - Handle / Cylinder / System/ Lens', 1, 0, 1004, 'Y', 1, 1, '0000-00-00 00:00:00', '0000-00-00 00:00:00'),
(3, 'Door - Frame / Door / Number Plate / Stopper', 1, 0, 1004, 'Y', 1, 1, '0000-00-00 00:00:00', '0000-00-00 00:00:00'),
(4, 'Floor Tile / Ceiling Tile / Gypsum', 1, 0, 1004, 'Y', 1, 1, '0000-00-00 00:00:00', '0000-00-00 00:00:00'),
(5, 'Sockets 13A / 20A /Single / Double', 1, 0, 1004, 'Y', 1, 1, '0000-00-00 00:00:00', '0000-00-00 00:00:00'),
(6, 'Switch Single / Double /3 Gang / DP', 1, 0, 1004, 'Y', 1, 1, '0000-00-00 00:00:00', '0000-00-00 00:00:00'),
(7, 'Wall Lights / Ceiling Light / Fan', 1, 0, 1004, 'Y', 1, 1, '0000-00-00 00:00:00', '0000-00-00 00:00:00'),
(8, 'Net work Connections / DB', 1, 0, 1004, 'Y', 1, 1, '0000-00-00 00:00:00', '0000-00-00 00:00:00'),
(9, 'Bulb 27 / Cfl / E14 ', 1, 0, 1004, 'Y', 1, 1, '0000-00-00 00:00:00', '0000-00-00 00:00:00'),
(10, 'Surface Light / Chandlier / Down Light', 1, 0, 1004, 'Y', 1, 1, '0000-00-00 00:00:00', '0000-00-00 00:00:00'),
(11, 'Window - Sliding Door lock / Glass / Frame', 1, 0, 1004, 'Y', 1, 1, '0000-00-00 00:00:00', '0000-00-00 00:00:00'),
(12, 'Sliding Door fly screen', 1, 0, 1004, 'Y', 1, 1, '0000-00-00 00:00:00', '0000-00-00 00:00:00'),
(13, 'Smoke detector / Etisalat Box / Intercom', 1, 0, 1004, 'Y', 1, 1, '0000-00-00 00:00:00', '0000-00-00 00:00:00'),
(14, 'Grouting / Silicon', 1, 0, 1004, 'Y', 1, 1, '0000-00-00 00:00:00', '0000-00-00 00:00:00'),
(15, 'AC/ Duct Grill/ Internet / Cable Socket', 1, 0, 1004, 'Y', 1, 1, '0000-00-00 00:00:00', '0000-00-00 00:00:00'),
(16, 'Floor Tile / Ceiling Tils', 3, 0, 1004, 'Y', 1, 1, '0000-00-00 00:00:00', '0000-00-00 00:00:00'),
(17, 'Surface Light / Down Light / Wall light', 3, 0, 1004, 'Y', 1, 1, '0000-00-00 00:00:00', '0000-00-00 00:00:00'),
(18, 'Hand Rail / Glass ', 3, 0, 1004, 'Y', 1, 1, '0000-00-00 00:00:00', '0000-00-00 00:00:00'),
(19, 'Floor Trap / Drain Cover', 3, 0, 1004, 'Y', 1, 1, '0000-00-00 00:00:00', '0000-00-00 00:00:00'),
(20, 'Silicon / Grouting', 3, 0, 1004, 'Y', 1, 1, '0000-00-00 00:00:00', '0000-00-00 00:00:00'),
(21, 'Door - Handle / Cylinder / System', 2, 0, 1004, 'Y', 1, 1, '0000-00-00 00:00:00', '0000-00-00 00:00:00'),
(22, 'Door - Frame / Door / Stopper', 2, 0, 1004, 'Y', 1, 1, '0000-00-00 00:00:00', '0000-00-00 00:00:00'),
(23, 'Wall Tile / Floor Tile ', 2, 0, 1004, 'Y', 1, 1, '0000-00-00 00:00:00', '0000-00-00 00:00:00'),
(24, 'Ceiling tile / Ceilig Rod / Gypsum ', 2, 0, 1004, 'Y', 1, 1, '0000-00-00 00:00:00', '0000-00-00 00:00:00'),
(25, 'Sink Single/ Double', 2, 0, 1004, 'Y', 1, 1, '0000-00-00 00:00:00', '0000-00-00 00:00:00'),
(26, 'Sink Mixer / Stopper / Angle Valve', 2, 0, 1004, 'Y', 1, 1, '0000-00-00 00:00:00', '0000-00-00 00:00:00'),
(27, 'Bottle Trap Single/ Double', 2, 0, 1004, 'Y', 1, 1, '0000-00-00 00:00:00', '0000-00-00 00:00:00'),
(28, 'Sockets 13A / 20A /Single / Double', 2, 0, 1004, 'Y', 1, 1, '0000-00-00 00:00:00', '0000-00-00 00:00:00'),
(29, 'Switch Single / Double /3 Gang / DP', 2, 0, 1004, 'Y', 1, 1, '0000-00-00 00:00:00', '0000-00-00 00:00:00'),
(30, 'Surface / Spot / 60x60 lights', 2, 0, 1004, 'Y', 1, 1, '0000-00-00 00:00:00', '0000-00-00 00:00:00'),
(31, 'Cabinet Full / Door / Handle / Hinges', 2, 0, 1004, 'Y', 1, 1, '0000-00-00 00:00:00', '0000-00-00 00:00:00'),
(32, 'Marble Top / Smoke Detector', 2, 0, 1004, 'Y', 1, 1, '0000-00-00 00:00:00', '0000-00-00 00:00:00'),
(33, 'Window - Sliding Door lock / Glass / Frame', 2, 0, 1004, 'Y', 1, 1, '0000-00-00 00:00:00', '0000-00-00 00:00:00'),
(34, 'Window Fly Screen', 2, 0, 1004, 'Y', 1, 1, '0000-00-00 00:00:00', '0000-00-00 00:00:00'),
(35, 'Exhaust / Fire Extinguisher / Blanket', 2, 0, 1004, 'Y', 1, 1, '0000-00-00 00:00:00', '0000-00-00 00:00:00'),
(36, 'Silicon / Grouting', 2, 0, 1004, 'Y', 1, 1, '0000-00-00 00:00:00', '0000-00-00 00:00:00'),
(37, 'Door - Handle / Cylinder / System', 5, 0, 1004, 'Y', 1, 1, '0000-00-00 00:00:00', '0000-00-00 00:00:00'),
(38, 'Door - Frame / Door / Stopper', 5, 0, 1004, 'Y', 1, 1, '0000-00-00 00:00:00', '0000-00-00 00:00:00'),
(39, 'Wall Tile / Floor Tile ', 5, 0, 1004, 'Y', 1, 1, '0000-00-00 00:00:00', '0000-00-00 00:00:00'),
(40, 'Ceiling tile / Ceilig Rod / Gypsum ', 5, 0, 1004, 'Y', 1, 1, '0000-00-00 00:00:00', '0000-00-00 00:00:00'),
(41, 'Sockets / Switch', 5, 0, 1004, 'Y', 1, 1, '0000-00-00 00:00:00', '0000-00-00 00:00:00'),
(42, 'Wall Lights / Ceiling Light / Fan', 5, 0, 1004, 'Y', 1, 1, '0000-00-00 00:00:00', '0000-00-00 00:00:00'),
(43, 'Window - Sliding Door lock / Glass / Frame', 5, 0, 1004, 'Y', 1, 1, '0000-00-00 00:00:00', '0000-00-00 00:00:00'),
(44, 'Sliding Door fly screen', 5, 0, 1004, 'Y', 1, 1, '0000-00-00 00:00:00', '0000-00-00 00:00:00'),
(45, 'AC/ Duct Grill / Smoke Detector', 5, 0, 1004, 'Y', 1, 1, '0000-00-00 00:00:00', '0000-00-00 00:00:00'),
(46, 'Wardrobe handle / Door / Hinges / Drawer', 5, 0, 1004, 'Y', 1, 1, '0000-00-00 00:00:00', '0000-00-00 00:00:00'),
(47, 'Bulb 27 / Cfl / E14 ', 5, 0, 1004, 'Y', 1, 1, '0000-00-00 00:00:00', '0000-00-00 00:00:00'),
(48, 'Surface Light / Chandlier / Down Light', 5, 0, 1004, 'Y', 1, 1, '0000-00-00 00:00:00', '0000-00-00 00:00:00'),
(49, 'Grouting / Silicon', 5, 0, 1004, 'Y', 1, 1, '0000-00-00 00:00:00', '0000-00-00 00:00:00'),
(50, 'Internet / Cable Socket', 5, 0, 1004, 'Y', 1, 1, '0000-00-00 00:00:00', '0000-00-00 00:00:00'),
(51, 'Other Repair Work', 5, 0, 1004, 'Y', 1, 1, '0000-00-00 00:00:00', '0000-00-00 00:00:00'),
(52, 'Door - Handle / Cylinder / System', 4, 0, 1004, 'Y', 1, 1, '0000-00-00 00:00:00', '0000-00-00 00:00:00'),
(53, 'Door - Frame / Door / Stopper', 4, 0, 1004, 'Y', 1, 1, '0000-00-00 00:00:00', '0000-00-00 00:00:00'),
(54, 'Wall Tile / Floor Tile / Floor Trap', 4, 0, 1004, 'Y', 1, 1, '0000-00-00 00:00:00', '0000-00-00 00:00:00'),
(55, 'Ceiling tile / Ceilig Rod / Gypsum', 4, 0, 1004, 'Y', 1, 1, '0000-00-00 00:00:00', '0000-00-00 00:00:00'),
(56, 'Surface / Spot / 60x60 lights', 4, 0, 1004, 'Y', 1, 1, '0000-00-00 00:00:00', '0000-00-00 00:00:00'),
(57, 'Bath tub / Shower Tray', 4, 0, 1004, 'Y', 1, 1, '0000-00-00 00:00:00', '0000-00-00 00:00:00'),
(58, 'WC flush / Seat Cover / Tank / WC Full', 4, 0, 1004, 'Y', 1, 1, '0000-00-00 00:00:00', '0000-00-00 00:00:00'),
(59, 'WB Mixer / Pop up / Pedastal / WB Full', 4, 0, 1004, 'Y', 1, 1, '0000-00-00 00:00:00', '0000-00-00 00:00:00'),
(60, 'Bottle Trap / SS Pipe / Angle Valve', 4, 0, 1004, 'Y', 1, 1, '0000-00-00 00:00:00', '0000-00-00 00:00:00'),
(61, 'Shataff / Soap Tray / Towel Rod', 4, 0, 1004, 'Y', 1, 1, '0000-00-00 00:00:00', '0000-00-00 00:00:00'),
(62, 'Shower Head / Pipe / Handle / Hook', 4, 0, 1004, 'Y', 1, 1, '0000-00-00 00:00:00', '0000-00-00 00:00:00'),
(63, 'Shower Mixer / Shower Glass', 4, 0, 1004, 'Y', 1, 1, '0000-00-00 00:00:00', '0000-00-00 00:00:00'),
(64, 'Mirror / Mirror tube / Clip', 4, 0, 1004, 'Y', 1, 1, '0000-00-00 00:00:00', '0000-00-00 00:00:00'),
(65, 'Smoke Detector / Exhaust', 4, 0, 1004, 'Y', 1, 1, '0000-00-00 00:00:00', '0000-00-00 00:00:00'),
(66, 'Water Heater / Bidet / Mixer', 4, 0, 1004, 'Y', 1, 1, '0000-00-00 00:00:00', '0000-00-00 00:00:00'),
(67, 'Silicon / Grouting', 4, 0, 1004, 'Y', 1, 1, '0000-00-00 00:00:00', '0000-00-00 00:00:00'),
(68, 'Marble / Granite', 4, 0, 1004, 'Y', 1, 1, '0000-00-00 00:00:00', '0000-00-00 00:00:00'),
(69, 'Other repair Work', 4, 0, 1004, 'Y', 1, 1, '0000-00-00 00:00:00', '0000-00-00 00:00:00'),
(70, 'Door - Handle / Cylinder / System', 6, 0, 1004, 'Y', 1, 1, '0000-00-00 00:00:00', '0000-00-00 00:00:00'),
(71, 'Door - Frame / Door / Stopper', 6, 0, 1004, 'Y', 1, 1, '0000-00-00 00:00:00', '0000-00-00 00:00:00'),
(72, 'Wall Tile / Floor Tile ', 6, 0, 1004, 'Y', 1, 1, '0000-00-00 00:00:00', '0000-00-00 00:00:00'),
(73, 'Ceiling tile / Ceilig Rod / Gypsum ', 6, 0, 1004, 'Y', 1, 1, '0000-00-00 00:00:00', '0000-00-00 00:00:00'),
(74, 'Sockets / Switch', 6, 0, 1004, 'Y', 1, 1, '0000-00-00 00:00:00', '0000-00-00 00:00:00'),
(75, 'Wall Lights / Ceiling Light / Fan', 6, 0, 1004, 'Y', 1, 1, '0000-00-00 00:00:00', '0000-00-00 00:00:00'),
(76, 'Window - Sliding Door lock / Glass / Frame', 6, 0, 1004, 'Y', 1, 1, '0000-00-00 00:00:00', '0000-00-00 00:00:00'),
(77, 'Sliding Door fly screen', 6, 0, 1004, 'Y', 1, 1, '0000-00-00 00:00:00', '0000-00-00 00:00:00'),
(78, 'AC/ Duct Grill / Smoke Detector', 6, 0, 1004, 'Y', 1, 1, '0000-00-00 00:00:00', '0000-00-00 00:00:00'),
(79, 'Wardrobe handle / Door / Hinges / Drawer', 6, 0, 1004, 'Y', 1, 1, '0000-00-00 00:00:00', '0000-00-00 00:00:00'),
(80, 'Bulb 27 / Cfl / E14 ', 6, 0, 1004, 'Y', 1, 1, '0000-00-00 00:00:00', '0000-00-00 00:00:00'),
(81, 'Surface Light / Chandlier / Down Light', 6, 0, 1004, 'Y', 1, 1, '0000-00-00 00:00:00', '0000-00-00 00:00:00'),
(82, 'Grouting / Silicon', 6, 0, 1004, 'Y', 1, 1, '0000-00-00 00:00:00', '0000-00-00 00:00:00'),
(83, 'Internet / Cable Socket', 6, 0, 1004, 'Y', 1, 1, '0000-00-00 00:00:00', '0000-00-00 00:00:00'),
(84, 'Other Repair Work', 6, 0, 1004, 'Y', 1, 1, '0000-00-00 00:00:00', '0000-00-00 00:00:00'),
(85, 'Door - Handle / Cylinder / System', 8, 0, 1004, 'Y', 1, 1, '0000-00-00 00:00:00', '0000-00-00 00:00:00'),
(86, 'Door - Frame / Door / Stopper', 8, 0, 1004, 'Y', 1, 1, '0000-00-00 00:00:00', '0000-00-00 00:00:00'),
(87, 'Wall Tile / Floor Tile / Floor Trap', 8, 0, 1004, 'Y', 1, 1, '0000-00-00 00:00:00', '0000-00-00 00:00:00'),
(88, 'Ceiling tile / Ceilig Rod / Gypsum', 8, 0, 1004, 'Y', 1, 1, '0000-00-00 00:00:00', '0000-00-00 00:00:00'),
(89, 'Surface / Spot / 60x60 lights', 8, 0, 1004, 'Y', 1, 1, '0000-00-00 00:00:00', '0000-00-00 00:00:00'),
(90, 'Bath tub / Shower Tray', 8, 0, 1004, 'Y', 1, 1, '0000-00-00 00:00:00', '0000-00-00 00:00:00'),
(91, 'WC flush / Seat Cover / Tank / WC Full', 8, 0, 1004, 'Y', 1, 1, '0000-00-00 00:00:00', '0000-00-00 00:00:00'),
(92, 'WB Mixer / Pop up / Pedastal / WB Full', 8, 0, 1004, 'Y', 1, 1, '0000-00-00 00:00:00', '0000-00-00 00:00:00'),
(93, 'Bottle Trap / SS Pipe / Angle Valve', 8, 0, 1004, 'Y', 1, 1, '0000-00-00 00:00:00', '0000-00-00 00:00:00'),
(94, 'Shataff / Soap Tray / Towel Rod', 8, 0, 1004, 'Y', 1, 1, '0000-00-00 00:00:00', '0000-00-00 00:00:00'),
(95, 'Shower Head / Pipe / Handle / Hook', 8, 0, 1004, 'Y', 1, 1, '0000-00-00 00:00:00', '0000-00-00 00:00:00'),
(96, 'Shower Mixer / Shower Glass', 8, 0, 1004, 'Y', 1, 1, '0000-00-00 00:00:00', '0000-00-00 00:00:00'),
(97, 'Mirror / Mirror tube / Clip', 8, 0, 1004, 'Y', 1, 1, '0000-00-00 00:00:00', '0000-00-00 00:00:00'),
(98, 'Smoke Detector / Exhaust', 8, 0, 1004, 'Y', 1, 1, '0000-00-00 00:00:00', '0000-00-00 00:00:00'),
(99, 'Water Heater / Bidet / Mixer', 8, 0, 1004, 'Y', 1, 1, '0000-00-00 00:00:00', '0000-00-00 00:00:00'),
(100, 'Silicon / Grouting', 8, 0, 1004, 'Y', 1, 1, '0000-00-00 00:00:00', '0000-00-00 00:00:00'),
(101, 'Marble / Granite', 8, 0, 1004, 'Y', 1, 1, '0000-00-00 00:00:00', '0000-00-00 00:00:00'),
(102, 'Other repair Work', 8, 0, 1004, 'Y', 1, 1, '0000-00-00 00:00:00', '0000-00-00 00:00:00'),
(103, 'Door - Handle / Cylinder / System', 7, 0, 1004, 'Y', 1, 1, '0000-00-00 00:00:00', '0000-00-00 00:00:00'),
(104, 'Door - Frame / Door / Stopper', 7, 0, 1004, 'Y', 1, 1, '0000-00-00 00:00:00', '0000-00-00 00:00:00'),
(105, 'Wall Tile / Floor Tile ', 7, 0, 1004, 'Y', 1, 1, '0000-00-00 00:00:00', '0000-00-00 00:00:00'),
(106, 'Ceiling tile / Ceilig Rod / Gypsum ', 7, 0, 1004, 'Y', 1, 1, '0000-00-00 00:00:00', '0000-00-00 00:00:00'),
(107, 'Sockets / Switch', 7, 0, 1004, 'Y', 1, 1, '0000-00-00 00:00:00', '0000-00-00 00:00:00'),
(108, 'Wall Lights / Ceiling Light / Fan', 7, 0, 1004, 'Y', 1, 1, '0000-00-00 00:00:00', '0000-00-00 00:00:00'),
(109, 'Window - Sliding Door lock / Glass / Frame', 7, 0, 1004, 'Y', 1, 1, '0000-00-00 00:00:00', '0000-00-00 00:00:00'),
(110, 'Sliding Door fly screen', 7, 0, 1004, 'Y', 1, 1, '0000-00-00 00:00:00', '0000-00-00 00:00:00'),
(111, 'AC/ Duct Grill / Smoke Detector', 7, 0, 1004, 'Y', 1, 1, '0000-00-00 00:00:00', '0000-00-00 00:00:00'),
(112, 'Wardrobe handle / Door / Hinges / Drawer', 7, 0, 1004, 'Y', 1, 1, '0000-00-00 00:00:00', '0000-00-00 00:00:00'),
(113, 'Bulb 27 / Cfl / E14 ', 7, 0, 1004, 'Y', 1, 1, '0000-00-00 00:00:00', '0000-00-00 00:00:00'),
(114, 'Surface Light / Chandlier / Down Light', 7, 0, 1004, 'Y', 1, 1, '0000-00-00 00:00:00', '0000-00-00 00:00:00'),
(115, 'Grouting / Silicon', 7, 0, 1004, 'Y', 1, 1, '0000-00-00 00:00:00', '0000-00-00 00:00:00'),
(116, 'Internet / Cable Socket', 7, 0, 1004, 'Y', 1, 1, '0000-00-00 00:00:00', '0000-00-00 00:00:00'),
(117, 'Other Repair Work', 7, 0, 1004, 'Y', 1, 1, '0000-00-00 00:00:00', '0000-00-00 00:00:00'),
(118, 'Door - Handle / Cylinder / System', 9, 0, 1004, 'Y', 1, 1, '0000-00-00 00:00:00', '0000-00-00 00:00:00'),
(119, 'Door - Frame / Door / Stopper', 9, 0, 1004, 'Y', 1, 1, '0000-00-00 00:00:00', '0000-00-00 00:00:00'),
(120, 'Wall Tile / Floor Tile / Floor Trap', 9, 0, 1004, 'Y', 1, 1, '0000-00-00 00:00:00', '0000-00-00 00:00:00'),
(121, 'Ceiling tile / Ceiling Rod / Gypsum', 9, 0, 1004, 'Y', 1, 24, '0000-00-00 00:00:00', '2023-11-21 11:23:22'),
(122, 'Surface / Spot / 60x60 lights', 9, 0, 1004, 'Y', 1, 1, '0000-00-00 00:00:00', '0000-00-00 00:00:00'),
(123, 'Bath tub / Shower Tray', 9, 0, 1004, 'Y', 1, 1, '0000-00-00 00:00:00', '0000-00-00 00:00:00'),
(124, 'WC flush / Seat Cover / Tank / WC Full', 9, 0, 1004, 'Y', 1, 1, '0000-00-00 00:00:00', '0000-00-00 00:00:00'),
(125, 'WB Mixer / Pop up / Pedastal / WB Full', 9, 0, 1004, 'Y', 1, 1, '0000-00-00 00:00:00', '0000-00-00 00:00:00'),
(126, 'Bottle Trap / SS Pipe / Angle Valve', 9, 0, 1004, 'Y', 1, 1, '0000-00-00 00:00:00', '0000-00-00 00:00:00'),
(127, 'Shataff / Soap Tray / Towel Rod', 9, 0, 1004, 'Y', 1, 1, '0000-00-00 00:00:00', '0000-00-00 00:00:00'),
(128, 'Shower Head / Pipe / Handle / Hook', 9, 0, 1004, 'Y', 1, 1, '0000-00-00 00:00:00', '0000-00-00 00:00:00'),
(129, 'Shower Mixer / Shower Glass', 9, 0, 1004, 'Y', 1, 1, '0000-00-00 00:00:00', '0000-00-00 00:00:00'),
(130, 'Mirror / Mirror tube / Clip', 9, 0, 1004, 'Y', 1, 1, '0000-00-00 00:00:00', '0000-00-00 00:00:00'),
(131, 'Smoke Detector / Exhaust', 9, 0, 1004, 'Y', 1, 1, '0000-00-00 00:00:00', '0000-00-00 00:00:00'),
(132, 'Water Heater / Bidet / Mixer', 9, 0, 1004, 'Y', 1, 1, '0000-00-00 00:00:00', '0000-00-00 00:00:00'),
(133, 'Silicon / Grouting', 9, 0, 1004, 'Y', 1, 1, '0000-00-00 00:00:00', '0000-00-00 00:00:00'),
(134, 'Marble / Granite', 9, 0, 1004, 'Y', 1, 1, '0000-00-00 00:00:00', '0000-00-00 00:00:00'),
(135, 'Other repair Work', 9, 0, 1004, 'Y', 1, 1, '0000-00-00 00:00:00', '0000-00-00 00:00:00'),
(136, 'Door - Handle / Cylinder / System', 10, 0, 1004, 'Y', 1, 1, '0000-00-00 00:00:00', '0000-00-00 00:00:00'),
(137, 'Door - Frame', 10, 0, 1004, 'Y', 1, 1, '0000-00-00 00:00:00', '0000-00-00 00:00:00'),
(138, 'Floor Tile / Ceiling Tile / Gypsum', 10, 0, 1004, 'Y', 1, 1, '0000-00-00 00:00:00', '0000-00-00 00:00:00'),
(139, 'Angle Valve / Floor Trap', 10, 0, 1004, 'Y', 1, 1, '0000-00-00 00:00:00', '0000-00-00 00:00:00'),
(140, 'Door - Handle / Cylinder / System', 11, 0, 1004, 'Y', 1, 1, '0000-00-00 00:00:00', '0000-00-00 00:00:00'),
(141, 'Floor Tile', 11, 0, 1004, 'Y', 1, 1, '0000-00-00 00:00:00', '0000-00-00 00:00:00'),
(142, 'Window - Sliding Door lock / Glass / Frame', 11, 0, 1004, 'Y', 1, 1, '0000-00-00 00:00:00', '0000-00-00 00:00:00'),
(143, 'Sliding Door fly screen', 11, 0, 1004, 'Y', 1, 1, '0000-00-00 00:00:00', '0000-00-00 00:00:00'),
(144, 'Door - Handle / Cylinder / System', 12, 0, 1004, 'Y', 1, 1, '0000-00-00 00:00:00', '0000-00-00 00:00:00'),
(145, 'Door - Frame / Door / Stopper', 12, 0, 1004, 'Y', 1, 1, '0000-00-00 00:00:00', '0000-00-00 00:00:00'),
(146, 'Wall Tile / Floor Tile / Floor Trap', 12, 0, 1004, 'Y', 1, 1, '0000-00-00 00:00:00', '0000-00-00 00:00:00'),
(147, 'Ceiling tile / Ceilig Rod / Gypsum', 12, 0, 1004, 'Y', 1, 1, '0000-00-00 00:00:00', '0000-00-00 00:00:00'),
(148, 'Surface / Spot / 60x60 lights', 12, 0, 1004, 'Y', 1, 1, '0000-00-00 00:00:00', '0000-00-00 00:00:00'),
(149, 'Bath tub / Shower Tray', 12, 0, 1004, 'Y', 1, 1, '0000-00-00 00:00:00', '0000-00-00 00:00:00'),
(150, 'WC flush / Seat Cover / Tank / WC Full', 12, 0, 1004, 'Y', 1, 1, '0000-00-00 00:00:00', '0000-00-00 00:00:00'),
(151, 'WB Mixer / Pop up / Pedastal / WB Full', 12, 0, 1004, 'Y', 1, 1, '0000-00-00 00:00:00', '0000-00-00 00:00:00'),
(152, 'Bottle Trap / SS Pipe / Angle Valve', 12, 0, 1004, 'Y', 1, 1, '0000-00-00 00:00:00', '0000-00-00 00:00:00'),
(153, 'Shataff / Soap Tray / Towel Rod', 12, 0, 1004, 'Y', 1, 1, '0000-00-00 00:00:00', '0000-00-00 00:00:00'),
(154, 'Shower Head / Pipe / Handle / Hook', 12, 0, 1004, 'Y', 1, 1, '0000-00-00 00:00:00', '0000-00-00 00:00:00'),
(155, 'Shower Mixer / Shower Glass', 12, 0, 1004, 'Y', 1, 1, '0000-00-00 00:00:00', '0000-00-00 00:00:00'),
(156, 'Mirror / Mirror tube / Clip', 12, 0, 1004, 'Y', 1, 1, '0000-00-00 00:00:00', '0000-00-00 00:00:00'),
(157, 'Smoke Detector / Exhaust', 12, 0, 1004, 'Y', 1, 1, '0000-00-00 00:00:00', '0000-00-00 00:00:00'),
(158, 'Water Heater / Bidet / Mixer', 12, 0, 1004, 'Y', 1, 1, '0000-00-00 00:00:00', '0000-00-00 00:00:00'),
(159, 'Silicon / Grouting', 12, 0, 1004, 'Y', 1, 1, '0000-00-00 00:00:00', '0000-00-00 00:00:00'),
(160, 'Marble / Granite', 12, 0, 1004, 'Y', 1, 1, '0000-00-00 00:00:00', '0000-00-00 00:00:00'),
(161, 'wall / Celing', 13, 0, 1004, 'Y', 1, 1, '0000-00-00 00:00:00', '0000-00-00 00:00:00'),
(162, 'kitchen cabinet', 13, 0, 1004, 'Y', 1, 1, '0000-00-00 00:00:00', '0000-00-00 00:00:00'),
(163, 'Balcony', 13, 0, 1004, 'Y', 1, 1, '0000-00-00 00:00:00', '0000-00-00 00:00:00'),
(164, 'Doors', 13, 0, 1004, 'Y', 1, 1, '0000-00-00 00:00:00', '0000-00-00 00:00:00'),
(165, 'Wardrobes', 13, 0, 1004, 'Y', 1, 1, '0000-00-00 00:00:00', '0000-00-00 00:00:00'),
(166, 'Paint peel off', 13, 0, 1004, 'Y', 1, 1, '0000-00-00 00:00:00', '0000-00-00 00:00:00'),
(167, 'TV', 14, 0, 1004, 'Y', 1, 1, '0000-00-00 00:00:00', '0000-00-00 00:00:00'),
(168, 'CLEANING', 14, 0, 1004, 'Y', 1, 1, '0000-00-00 00:00:00', '0000-00-00 00:00:00'),
(169, 'DISHWASHER', 14, 0, 1004, 'Y', 1, 1, '0000-00-00 00:00:00', '0000-00-00 00:00:00'),
(170, 'FRIDGE', 14, 0, 1004, 'Y', 1, 1, '0000-00-00 00:00:00', '0000-00-00 00:00:00'),
(171, 'OVEN', 14, 0, 1004, 'Y', 1, 1, '0000-00-00 00:00:00', '0000-00-00 00:00:00'),
(172, 'HOT PLATE/COOKING RANGE', 14, 0, 1004, 'Y', 1, 1, '0000-00-00 00:00:00', '0000-00-00 00:00:00'),
(173, 'Car Parking Barrier Remote Control', 14, 0, 1004, 'Y', 1, 1, '0000-00-00 00:00:00', '0000-00-00 00:00:00'),
(174, 'Car Parking Access Card', 14, 0, 1004, 'Y', 1, 1, '0000-00-00 00:00:00', '0000-00-00 00:00:00'),
(175, 'Building Access Card ', 14, 0, 1004, 'Y', 1, 1, '0000-00-00 00:00:00', '0000-00-00 00:00:00');

-- --------------------------------------------------------

--
